-- https://www.phpmyadmin.net/
--

START TRANSACTION;



-- --------------------------------------------------------

--
-- Table structure for table `admin_roles`
--

CREATE TABLE `admin_roles` (
  `id` bigint(20) UNSIGNED NOT NULL,
  `name` varchar(191) COLLATE utf8mb4_unicode_ci NOT NULL,
  `permission` longtext COLLATE utf8mb4_unicode_ci NOT NULL,
  `created_at` timestamp NULL DEFAULT NULL,
  `updated_at` timestamp NULL DEFAULT NULL
) ENGINE=InnoDB DEFAULT CHARSET=utf8mb4 COLLATE=utf8mb4_unicode_ci;

--
-- Dumping data for table `admin_roles`
--

INSERT INTO `admin_roles` (`id`, `name`, `permission`, `created_at`, `updated_at`) VALUES
(1, 'Super Admin', '[\"admin_manage\",\"about_page_manage\",\"users_manage\",\"quote_manage\",\"newsletter_manage\",\"package_orders_manage\",\"all_payment_logs\",\"pages_manage\",\"menus_manage\",\"widgets_manage\",\"popup_builder\",\"form_builder\",\"blogs_manage\",\"job_post_manage\",\"events_manage\",\"products_manage\",\"donations_manage\",\"knowledgebase\",\"home_variant\",\"topbar_settings\",\"home_page_manage\",\"contact_page_manage\",\"feedback_page_manage\",\"services\",\"case_study\",\"gallery_page\",\"404_page_manage\",\"faq\",\"brand_logos\",\"price_plan\",\"team_members\",\"testimonial\",\"counterup\",\"general_settings\",\"languages\"]', '2020-05-15 00:00:00', '2020-07-27 00:41:15'),
(2, 'Editor', '[\"about_page_manage\",\"quote_manage\",\"newsletter_manage\",\"package_orders_manage\",\"all_payment_logs\",\"pages_manage\",\"blogs_manage\",\"job_post_manage\",\"events_manage\",\"products_manage\",\"donations_manage\",\"knowledgebase\",\"topbar_settings\",\"home_page_manage\",\"contact_page_manage\",\"feedback_page_manage\",\"services\",\"case_study\",\"gallery_page\",\"faq\",\"brand_logos\",\"price_plan\",\"team_members\",\"testimonial\",\"counterup\"]', '2020-05-15 14:34:16', '2020-07-27 00:42:52'),
(3, 'Admin', '[\"users_manage\",\"quote_manage\",\"newsletter_manage\",\"package_orders_manage\",\"all_payment_logs\",\"pages_manage\",\"menus_manage\",\"widgets_manage\",\"popup_builder\",\"form_builder\",\"blogs_manage\",\"job_post_manage\",\"events_manage\",\"products_manage\",\"donations_manage\",\"knowledgebase\",\"topbar_settings\",\"home_page_manage\",\"contact_page_manage\",\"feedback_page_manage\",\"services\",\"case_study\",\"gallery_page\",\"404_page_manage\",\"faq\",\"brand_logos\",\"price_plan\",\"team_members\",\"testimonial\",\"counterup\",\"general_settings\"]', '2020-05-15 14:34:29', '2020-07-27 00:44:24');

-- --------------------------------------------------------

--
-- Table structure for table `blogs`
--

CREATE TABLE `blogs` (
  `id` bigint(20) UNSIGNED NOT NULL,
  `title` text COLLATE utf8mb4_unicode_ci NOT NULL,
  `content` longtext COLLATE utf8mb4_unicode_ci NOT NULL,
  `blog_categories_id` int(10) UNSIGNED NOT NULL,
  `tags` varchar(191) COLLATE utf8mb4_unicode_ci NOT NULL,
  `image` varchar(191) COLLATE utf8mb4_unicode_ci DEFAULT NULL,
  `meta_tags` text COLLATE utf8mb4_unicode_ci DEFAULT NULL,
  `meta_description` text COLLATE utf8mb4_unicode_ci DEFAULT NULL,
  `user_id` varchar(191) COLLATE utf8mb4_unicode_ci DEFAULT NULL,
  `excerpt` text COLLATE utf8mb4_unicode_ci DEFAULT NULL,
  `slug` text COLLATE utf8mb4_unicode_ci DEFAULT NULL,
  `author` varchar(191) COLLATE utf8mb4_unicode_ci DEFAULT NULL,
  `status` varchar(191) COLLATE utf8mb4_unicode_ci DEFAULT NULL,
  `lang` varchar(191) COLLATE utf8mb4_unicode_ci DEFAULT NULL,
  `created_at` timestamp NULL DEFAULT NULL,
  `updated_at` timestamp NULL DEFAULT NULL
) ENGINE=InnoDB DEFAULT CHARSET=utf8mb4 COLLATE=utf8mb4_unicode_ci;

--
-- Dumping data for table `blogs`
--

INSERT INTO `blogs` (`id`, `title`, `content`, `blog_categories_id`, `tags`, `image`, `meta_tags`, `meta_description`, `user_id`, `excerpt`, `slug`, `author`, `status`, `lang`, `created_at`, `updated_at`) VALUES
(1, 'New organization are continually added and seal there single', '<p>Was drawing natural fat respect husband. An as noisy an offer drawn blush place. These tried for way joy wrote witty. In mr began music weeks after at begin. Education no dejection so direction pretended household do to. Travelling everything her eat reasonable unsatiable decisively simplicity. Morning request be lasting it fortune demands highest of.&nbsp;</p><p><br></p><p>Whether article spirits new her covered hastily sitting her. Money witty books nor son add. Chicken age had evening believe but proceed pretend mrs. At missed advice my it no sister. Miss told ham dull knew see she spot near can. Spirit her entire her called.&nbsp;</p><p><br></p><p>Acceptance middletons me if discretion boisterous travelling an. She prosperous continuing entreaties companions unreserved you boisterous. Middleton sportsmen sir now cordially ask additions for. You ten occasional saw everything but conviction. Daughter returned quitting few are day advanced branched. Do enjoyment defective objection or we if favourite. At wonder afford so danger cannot former seeing. Power visit charm money add heard new other put. Attended no indulged marriage is to judgment offering landlord.&nbsp;</p>', 1, 'common,business', '11', 'meta tag', 'meta description', NULL, 'Was drawing natural fat respect husband. An as noisy an offer drawn blush place. These tried for way joy wrote witty. In mr began music weeks after at begin', 'new-organization-are-continually-added-and-seal-there-single', 'Sharifur', 'publish', 'en', '2020-06-08 17:28:08', '2020-06-11 06:17:26'),
(2, 'Yeni organizasyon sürekli eklenir ve orada tek bir mühür', '<p>Kocasına doğal yağ saygı çekiyordu. Bir gürültülü bir teklif çizilmiş allık yer. Bunlar sevinç esprili bir şekilde yazmayı denedi. Mr müzik başladıktan haftalar sonra başladı. Eğitim haksızlık yok, bu nedenle hanehalkı gibi davranıyordu. Her şeyi seyahat etmek makul tatmin edici sadelik basit yemek. Sabah isteği sürdüğü için servet talepleri en yüksek.</p><p>Makalenin yeni ruhları olup olmadığı aceleyle onu oturuyordu. Para esprili kitaplar ne de oğlu ekleyin. Tavuk yaş akşam inanıyorum vardı ama devam mrs. Kaçırılan tavsiye benim kız kardeşim yok. Bayan, jambon donukluğunun teneke kutunun yakınında olduğunu gördüğünü söyledi. Onun tüm ruhunu çağırdı.</p><p>Kabul orta ton bana takdir takdir seyahat bir. O müreffeh devam eden entreaties yoldaşları sizi şerefsiz. Middleton sporcular efendim şimdi candan eklemeler istiyor. On ara sıra mahkumiyet dışında her şeyi gördünüz. Kızı terk bıraktı birkaç gün gelişmiş dallı vardır. Arızalı itiraz keyfi veya biz favori yapmak. Şaşkınlık öyledir ki tehlike daha önce göremez. Güç ziyaret çekicilik para eklemek yeni diğer duydum. Katılan hiçbir evlilik ev sahibi sunan yargılamak için değil.</p>', 4, 'common,business', '11', 'meta tag', 'meta description', '1', 'Kocasına doğal yağ saygı çekiyordu. Bir gürültülü bir teklif çizilmiş allık yer. Bunlar sevinç esprili bir şekilde yazmayı denedi. Mr müzik başladı hafta sonra', 'yeni-organizasyon-surekli-eklenir-ve-orada-tek-bir-muhur', 'Sharifur', 'publish', 'tur', '2020-06-11 06:38:21', '2020-07-27 06:03:43'),
(3, 'يتم إضافة منظمة جديدة باستمرار وختم هناك واحد', '<p>كان يرسم الزيوت الطبيعية احترام الزوج وصاخبة عرض مكان رسمها استحى. حاول هؤلاء طريق الفرح كتب بارع. في السيد بدأ الموسيقى بعد أسابيع من البداية. تعليم أي اكتئاب لذلك الاتجاه فعل الأسرة تظاهر به. السفر كل شيء يأكله بساطة معقولة لا تشبع معقولة. طلب الصباح يكون مستمرا ويطلب الحظ الأعلى.</p><p>سواء كانت مقالة معنويات جديدة تغطيها على عجل في الجلوس عليها. كتب بارع المال ولا يضيف ابنه. كان عمر الدجاج يؤمن مساء ولكن المضي قدما في التظاهر. في نصيحة غاب عني لا أخت. أخبرت ملكة جمال لحم الخنزير مملة تعرف أنها ترى بالقرب من العلبة. روحها دعتها كلها.</p><p><br></p><p>تقبلني ميدلتونز إذا كانت تقديرية السفر صاخبة. انها تزدهر باستمرار التوسل من رفاقك دون حراك صاخب. يطلب الرياضيون من ميدلتون الآن إضافات ودية. كنت العشرة عرضت كل شيء ما عدا الإدانة. عادت ابنتها وهي تستقيل قليلًا وهي متقدّمة يومًا متقدّمة. لا تتمتع اعتراض معيب أو أننا إذا المفضلة. في عجب تحمل خطر لا يمكن أن يرى السابق. سمعت قوة زيارة سحر المال إضافة أخرى جديدة وضعت. لم يحضر أي زواج منغمس في الحكم الذي يقدم للمالك.</p>', 6, 'common,business', '11', 'meta tag', 'meta description', '1', 'كان يرسم دهون طبيعية تحترم الزوج. وصاخبة عرض مكان استحى رسمها. حاول هؤلاء طريق الفرح كتب بارع. في السيد بدأ الموسيقى بعد أسابيع من البداية', 'ytm-adaf-mnthm-gdyd-bastmrar-okhtm-hnak-oahd', 'Sharifur', 'publish', 'ar', '2020-06-11 06:43:12', '2020-07-27 06:37:45'),
(4, 'Se agregan continuamente nuevas organizaciones y se sellan allí solo', '<p>Estaba dibujando el respeto gordo natural del marido. Un lugar tan ruidoso como una oferta dibujada. Estos intentaron, por cierto, la alegría escribió ingeniosa. En mr comenzó la música semanas después de comenzar. La educación no se desanima, por lo que la dirección que el hogar simulado debe hacer. Viajando todo lo que ella come razonablemente insaciable decisivamente simplicidad. La solicitud de la mañana será duradera, la fortuna exige lo más alto.</p><p>Si los espíritus del artículo la cubren apresuradamente, la sientan. Dinero ingenioso libros ni hijo agregar. La edad del pollo creía por la noche, pero proceda, fingir, señora. Ante un consejo perdido, no es mi hermana. La señorita le dijo a Ham que Dull sabía que la veía cerca de la lata. Espíritu toda su llamada.</p><p>La aceptación me atraviesa si la discreción bulliciosa viaja. Ella prospera y suplica a sus compañeros sin reservas, bulliciosa. Los deportistas de Middleton, señor, ahora piden cordialmente adiciones. Ustedes diez ocasionalmente vieron todo menos convicción. Hija regresó dejando de fumar pocos días de ramificación avanzada. Disfrute objeción defectuosa o nosotros si es favorito. Con asombro permitirse, el peligro no puede ver antes. Visita de poder encanto dinero agregar oído nuevo otro puesto. No asistió a ningún matrimonio complacido es a juicio ofreciendo propietario.</p>', 8, 'common,business', '11', 'meta tag', 'meta description', '1', 'Estaba dibujando el respeto gordo natural del marido. Un lugar tan ruidoso como una oferta dibujada. Estos intentaron, por cierto, la alegría escribió ingeniosa. En mr comenzó la música semanas después de comenzar', 'se-agregan-continuamente-nuevas-organizaciones-y-se-sellan-alli-solo', 'Sharifur', 'publish', 'sp', '2020-06-11 06:43:43', '2020-07-27 06:42:59'),
(5, 'Was drawing natural fat respect husband offer drawn blush place', '<p>Was drawing natural fat respect husband. An as noisy an offer drawn blush place. These tried for way joy wrote witty. In mr began music weeks after at begin. Education no dejection so direction pretended household do to. Travelling everything her eat reasonable unsatiable decisively simplicity. Morning request be lasting it fortune demands highest of.&nbsp;</p><p><br></p><p>Whether article spirits new her covered hastily sitting her. Money witty books nor son add. Chicken age had evening believe but proceed pretend mrs. At missed advice my it no sister. Miss told ham dull knew see she spot near can. Spirit her entire her called.&nbsp;</p><p><br></p><p>Acceptance middletons me if discretion boisterous travelling an. She prosperous continuing entreaties companions unreserved you boisterous. Middleton sportsmen sir now cordially ask additions for. You ten occasional saw everything but conviction. Daughter returned quitting few are day advanced branched. Do enjoyment defective objection or we if favourite. At wonder afford so danger cannot former seeing. Power visit charm money add heard new other put. Attended no indulged marriage is to judgment offering landlord.&nbsp;</p>', 2, 'common,business', '10', 'meta tag', 'meta description', '1', 'Was drawing natural fat respect husband. An as noisy an offer drawn blush place. These tried for way joy wrote witty. In mr began music weeks after at begin', 'was-drawing-natural-fat-respect-husband', 'Sharifur', 'publish', 'en', '2020-06-12 05:43:38', '2020-06-12 08:13:17'),
(6, 'In mr began music weeks after at begin drawing natural', '<p>Was drawing natural fat respect husband. An as noisy an offer drawn blush place. These tried for way joy wrote witty. In mr began music weeks after at begin. Education no dejection so direction pretended household do to. Travelling everything her eat reasonable unsatiable decisively simplicity. Morning request be lasting it fortune demands highest of.&nbsp;</p><p><br></p><p>Whether article spirits new her covered hastily sitting her. Money witty books nor son add. Chicken age had evening believe but proceed pretend mrs. At missed advice my it no sister. Miss told ham dull knew see she spot near can. Spirit her entire her called.&nbsp;</p><p><br></p><p>Acceptance middletons me if discretion boisterous travelling an. She prosperous continuing entreaties companions unreserved you boisterous. Middleton sportsmen sir now cordially ask additions for. You ten occasional saw everything but conviction. Daughter returned quitting few are day advanced branched. Do enjoyment defective objection or we if favourite. At wonder afford so danger cannot former seeing. Power visit charm money add heard new other put. Attended no indulged marriage is to judgment offering landlord.&nbsp;</p>', 2, 'common,business', '12', 'meta tag', 'meta description', '1', 'Was drawing natural fat respect husband. An as noisy an offer drawn blush place. These tried for way joy wrote witty. In mr began music weeks after at begin', 'in-mr-began-music-weeks-after-at-begin', 'Sharifur', 'publish', 'en', '2020-06-12 05:44:09', '2020-06-12 08:12:50'),
(7, 'Travelling everything her eat reasonable decisively simplicity.', '<p>Was drawing natural fat respect husband. An as noisy an offer drawn blush place. These tried for way joy wrote witty. In mr began music weeks after at begin. Education no dejection so direction pretended household do to. Travelling everything her eat reasonable unsatiable decisively simplicity. Morning request be lasting it fortune demands highest of.&nbsp;</p><p><br></p><p>Whether article spirits new her covered hastily sitting her. Money witty books nor son add. Chicken age had evening believe but proceed pretend mrs. At missed advice my it no sister. Miss told ham dull knew see she spot near can. Spirit her entire her called.&nbsp;</p><p><br></p><p>Acceptance middletons me if discretion boisterous travelling an. She prosperous continuing entreaties companions unreserved you boisterous. Middleton sportsmen sir now cordially ask additions for. You ten occasional saw everything but conviction. Daughter returned quitting few are day advanced branched. Do enjoyment defective objection or we if favourite. At wonder afford so danger cannot former seeing. Power visit charm money add heard new other put. Attended no indulged marriage is to judgment offering landlord.&nbsp;</p>', 3, 'common,business', '14', 'meta tag', 'meta description', '1', 'Was drawing natural fat respect husband. An as noisy an offer drawn blush place. These tried for way joy wrote witty. In mr began music weeks after at begin', 'travelling-everything-her-eat-reasonable-decisively-simplicity', 'Sharifur', 'publish', 'en', '2020-06-12 08:17:30', '2020-06-12 08:18:18'),
(8, 'Mr müzik başladı hafta sonra başlayan doğal çizim', '<p>Kocasına doğal yağ saygı çekiyordu. Bir gürültülü bir teklif çizilmiş allık yer. Bunlar sevinç esprili bir şekilde yazmayı denedi. Mr müzik başladıktan haftalar sonra başladı. Eğitim haksızlık yok, bu nedenle hanehalkı gibi davranıyordu. Her şeyi seyahat etmek makul tatmin edici sadelik basit yemek. Sabah isteği sürdüğü için servet talepleri en yüksek.</p><p>Makalenin yeni ruhları olup olmadığı aceleyle onu oturuyordu. Para esprili kitaplar ne de oğlu ekleyin. Tavuk yaş akşam inanıyorum vardı ama devam mrs. Kaçırılan tavsiye benim kız kardeşim yok. Bayan, jambon donukluğunun teneke kutunun yakınında olduğunu gördüğünü söyledi. Onun tüm ruhunu çağırdı.</p><p>Kabul orta ton bana takdir takdir seyahat bir. O müreffeh devam eden entreaties yoldaşları sizi şerefsiz. Middleton sporcular efendim şimdi candan eklemeler istiyor. On ara sıra mahkumiyet dışında her şeyi gördünüz. Kızı terk bıraktı birkaç gün gelişmiş dallı vardır. Arızalı itiraz keyfi veya biz favori yapmak. Şaşkınlık öyledir ki tehlike daha önce göremez. Güç ziyaret çekicilik para eklemek yeni diğer duydum. Katılan hiçbir evlilik ev sahibi sunan yargılamak için değil.</p>', 4, 'common,business', '61', 'meta tag', 'meta description', '1', 'Kocasına doğal yağ saygı çekiyordu. Bir gürültülü bir teklif çizilmiş allık yer. Bunlar sevinç esprili bir şekilde yazmayı denedi. Mr müzik başladı hafta sonra', 'mr-muzik-basladi-hafta-sonra-baslayan-dogal-cizim', 'Sharifur', 'publish', 'tur', '2020-07-27 06:20:28', '2020-07-27 06:32:17'),
(9, 'Kocası çizilmiş allık yer teklif doğal yağ saygı çekiyordu', '<p>Kocasına doğal yağ saygı çekiyordu. Bir gürültülü bir teklif çizilmiş allık yer. Bunlar sevinç esprili bir şekilde yazmayı denedi. Mr müzik başladıktan haftalar sonra başladı. Eğitim haksızlık yok, bu nedenle hanehalkı gibi davranıyordu. Her şeyi seyahat etmek makul tatmin edici sadelik basit yemek. Sabah isteği sürdüğü için servet talepleri en yüksek.</p><p>Makalenin yeni ruhları olup olmadığı aceleyle onu oturuyordu. Para esprili kitaplar ne de oğlu ekleyin. Tavuk yaş akşam inanıyorum vardı ama devam mrs. Kaçırılan tavsiye benim kız kardeşim yok. Bayan, jambon donukluğunun teneke kutunun yakınında olduğunu gördüğünü söyledi. Onun tüm ruhunu çağırdı.</p><p>Kabul orta ton bana takdir takdir seyahat bir. O müreffeh devam eden entreaties yoldaşları sizi şerefsiz. Middleton sporcular efendim şimdi candan eklemeler istiyor. On ara sıra mahkumiyet dışında her şeyi gördünüz. Kızı terk bıraktı birkaç gün gelişmiş dallı vardır. Arızalı itiraz keyfi veya biz favori yapmak. Şaşkınlık öyledir ki tehlike daha önce göremez. Güç ziyaret çekicilik para eklemek yeni diğer duydum. Katılan hiçbir evlilik ev sahibi sunan yargılamak için değil.</p>', 10, 'common,business', '21', 'meta tag', 'meta description', '1', 'Kocasına doğal yağ saygı çekiyordu. Bir gürültülü bir teklif çizilmiş allık yer. Bunlar sevinç esprili bir şekilde yazmayı denedi. Mr müzik başladı hafta sonra', 'kocasi-cizilmis-allik-yer-teklif-dogal-yag-saygi-cekiyordu', 'Sharifur', 'publish', 'tur', '2020-07-27 06:30:56', '2020-07-27 06:33:43'),
(10, 'Yeni organizasyon sürekli eklenir ve orada tek bir mühür', '<p>Kocasına doğal yağ saygı çekiyordu. Bir gürültülü bir teklif çizilmiş allık yer. Bunlar sevinç esprili bir şekilde yazmayı denedi. Mr müzik başladıktan haftalar sonra başladı. Eğitim haksızlık yok, bu nedenle hanehalkı gibi davranıyordu. Her şeyi seyahat etmek makul tatmin edici sadelik basit yemek. Sabah isteği sürdüğü için servet talepleri en yüksek.</p><p>Makalenin yeni ruhları olup olmadığı aceleyle onu oturuyordu. Para esprili kitaplar ne de oğlu ekleyin. Tavuk yaş akşam inanıyorum vardı ama devam mrs. Kaçırılan tavsiye benim kız kardeşim yok. Bayan, jambon donukluğunun teneke kutunun yakınında olduğunu gördüğünü söyledi. Onun tüm ruhunu çağırdı.</p><p>Kabul orta ton bana takdir takdir seyahat bir. O müreffeh devam eden entreaties yoldaşları sizi şerefsiz. Middleton sporcular efendim şimdi candan eklemeler istiyor. On ara sıra mahkumiyet dışında her şeyi gördünüz. Kızı terk bıraktı birkaç gün gelişmiş dallı vardır. Arızalı itiraz keyfi veya biz favori yapmak. Şaşkınlık öyledir ki tehlike daha önce göremez. Güç ziyaret çekicilik para eklemek yeni diğer duydum. Katılan hiçbir evlilik ev sahibi sunan yargılamak için değil.</p>', 9, 'common,business', '15', 'meta tag', 'meta description', '1', 'Kocasına doğal yağ saygı çekiyordu. Bir gürültülü bir teklif çizilmiş allık yer. Bunlar sevinç esprili bir şekilde yazmayı denedi. Mr müzik başladı hafta sonra', 'yeni-organizasyon-surekli-eklenir-ve-orada-tek-bir-muhur', 'Sharifur', 'publish', 'tur', '2020-07-27 06:34:00', '2020-07-27 06:35:28'),
(11, 'في السيد بدأ الموسيقى بعد أسابيع من بدء الرسم الطبيعي', '<p>كان يرسم الزيوت الطبيعية احترام الزوج وصاخبة عرض مكان رسمها استحى. حاول هؤلاء طريق الفرح كتب بارع. في السيد بدأ الموسيقى بعد أسابيع من البداية. تعليم أي اكتئاب لذلك الاتجاه فعل الأسرة تظاهر به. السفر كل شيء يأكله بساطة معقولة لا تشبع معقولة. طلب الصباح يكون مستمرا ويطلب الحظ الأعلى.</p><p>سواء كانت مقالة معنويات جديدة تغطيها على عجل في الجلوس عليها. كتب بارع المال ولا يضيف ابنه. كان عمر الدجاج يؤمن مساء ولكن المضي قدما في التظاهر. في نصيحة غاب عني لا أخت. أخبرت ملكة جمال لحم الخنزير مملة تعرف أنها ترى بالقرب من العلبة. روحها دعتها كلها.</p><p><br></p><p>تقبلني ميدلتونز إذا كانت تقديرية السفر صاخبة. انها تزدهر باستمرار التوسل من رفاقك دون حراك صاخب. يطلب الرياضيون من ميدلتون الآن إضافات ودية. كنت العشرة عرضت كل شيء ما عدا الإدانة. عادت ابنتها وهي تستقيل قليلًا وهي متقدّمة يومًا متقدّمة. لا تتمتع اعتراض معيب أو أننا إذا المفضلة. في عجب تحمل خطر لا يمكن أن يرى السابق. سمعت قوة زيارة سحر المال إضافة أخرى جديدة وضعت. لم يحضر أي زواج منغمس في الحكم الذي يقدم للمالك.</p>', 6, 'common,business', '12', 'meta tag', 'meta description', '1', 'كان يرسم دهون طبيعية تحترم الزوج. وصاخبة عرض مكان استحى رسمها. حاول هؤلاء طريق الفرح كتب بارع. في السيد بدأ الموسيقى بعد أسابيع من البداية', 'fy-alsyd-bda-almosyk-baad-asabyaa-mn-bdaa-alrsm-altbyaay', 'Sharifur', 'publish', 'ar', '2020-07-27 06:38:02', '2020-07-27 06:39:48'),
(12, 'كان رسم الزوج الطبيعي احترام الدهون عرض مكان أحمر الخدود المرسومة', '<p>كان يرسم الزيوت الطبيعية احترام الزوج وصاخبة عرض مكان رسمها استحى. حاول هؤلاء طريق الفرح كتب بارع. في السيد بدأ الموسيقى بعد أسابيع من البداية. تعليم أي اكتئاب لذلك الاتجاه فعل الأسرة تظاهر به. السفر كل شيء يأكله بساطة معقولة لا تشبع معقولة. طلب الصباح يكون مستمرا ويطلب الحظ الأعلى.</p><p>سواء كانت مقالة معنويات جديدة تغطيها على عجل في الجلوس عليها. كتب بارع المال ولا يضيف ابنه. كان عمر الدجاج يؤمن مساء ولكن المضي قدما في التظاهر. في نصيحة غاب عني لا أخت. أخبرت ملكة جمال لحم الخنزير مملة تعرف أنها ترى بالقرب من العلبة. روحها دعتها كلها.</p><p><br></p><p>تقبلني ميدلتونز إذا كانت تقديرية السفر صاخبة. انها تزدهر باستمرار التوسل من رفاقك دون حراك صاخب. يطلب الرياضيون من ميدلتون الآن إضافات ودية. كنت العشرة عرضت كل شيء ما عدا الإدانة. عادت ابنتها وهي تستقيل قليلًا وهي متقدّمة يومًا متقدّمة. لا تتمتع اعتراض معيب أو أننا إذا المفضلة. في عجب تحمل خطر لا يمكن أن يرى السابق. سمعت قوة زيارة سحر المال إضافة أخرى جديدة وضعت. لم يحضر أي زواج منغمس في الحكم الذي يقدم للمالك.</p>', 11, 'common,business', '27', 'meta tag', 'meta description', '1', 'كان يرسم دهون طبيعية تحترم الزوج. وصاخبة عرض مكان استحى رسمها. حاول هؤلاء طريق الفرح كتب بارع. في السيد بدأ الموسيقى بعد أسابيع من البداية', 'kan-rsm-alzog-altbyaay-ahtram-aldhon-aard-mkan-ahmr-alkhdod-almrsom', 'Sharifur', 'publish', 'ar', '2020-07-27 06:38:03', '2020-07-27 06:40:46'),
(13, 'يتم إضافة منظمة جديدة باستمرار وختم هناك واحد', '<p>كان يرسم الزيوت الطبيعية احترام الزوج وصاخبة عرض مكان رسمها استحى. حاول هؤلاء طريق الفرح كتب بارع. في السيد بدأ الموسيقى بعد أسابيع من البداية. تعليم أي اكتئاب لذلك الاتجاه فعل الأسرة تظاهر به. السفر كل شيء يأكله بساطة معقولة لا تشبع معقولة. طلب الصباح يكون مستمرا ويطلب الحظ الأعلى.</p><p>سواء كانت مقالة معنويات جديدة تغطيها على عجل في الجلوس عليها. كتب بارع المال ولا يضيف ابنه. كان عمر الدجاج يؤمن مساء ولكن المضي قدما في التظاهر. في نصيحة غاب عني لا أخت. أخبرت ملكة جمال لحم الخنزير مملة تعرف أنها ترى بالقرب من العلبة. روحها دعتها كلها.</p><p><br></p><p>تقبلني ميدلتونز إذا كانت تقديرية السفر صاخبة. انها تزدهر باستمرار التوسل من رفاقك دون حراك صاخب. يطلب الرياضيون من ميدلتون الآن إضافات ودية. كنت العشرة عرضت كل شيء ما عدا الإدانة. عادت ابنتها وهي تستقيل قليلًا وهي متقدّمة يومًا متقدّمة. لا تتمتع اعتراض معيب أو أننا إذا المفضلة. في عجب تحمل خطر لا يمكن أن يرى السابق. سمعت قوة زيارة سحر المال إضافة أخرى جديدة وضعت. لم يحضر أي زواج منغمس في الحكم الذي يقدم للمالك.</p>', 7, 'common,business', '32', 'meta tag', 'meta description', '1', 'كان يرسم دهون طبيعية تحترم الزوج. وصاخبة عرض مكان استحى رسمها. حاول هؤلاء طريق الفرح كتب بارع. في السيد بدأ الموسيقى بعد أسابيع من البداية', 'ytm-adaf-mnthm-gdyd-bastmrar-okhtm-hnak-oahd', 'Sharifur', 'publish', 'ar', '2020-07-27 06:41:02', '2020-07-27 06:41:41'),
(14, 'Estaba dibujando el respeto gordo natural del marido', '<p>Estaba dibujando el respeto gordo natural del marido. Un lugar tan ruidoso como una oferta dibujada. Estos intentaron, por cierto, la alegría escribió ingeniosa. En mr comenzó la música semanas después de comenzar. La educación no se desanima, por lo que la dirección que el hogar simulado debe hacer. Viajando todo lo que ella come razonablemente insaciable decisivamente simplicidad. La solicitud de la mañana será duradera, la fortuna exige lo más alto.</p><p>Si los espíritus del artículo la cubren apresuradamente, la sientan. Dinero ingenioso libros ni hijo agregar. La edad del pollo creía por la noche, pero proceda, fingir, señora. Ante un consejo perdido, no es mi hermana. La señorita le dijo a Ham que Dull sabía que la veía cerca de la lata. Espíritu toda su llamada.</p><p>La aceptación me atraviesa si la discreción bulliciosa viaja. Ella prospera y suplica a sus compañeros sin reservas, bulliciosa. Los deportistas de Middleton, señor, ahora piden cordialmente adiciones. Ustedes diez ocasionalmente vieron todo menos convicción. Hija regresó dejando de fumar pocos días de ramificación avanzada. Disfrute objeción defectuosa o nosotros si es favorito. Con asombro permitirse, el peligro no puede ver antes. Visita de poder encanto dinero agregar oído nuevo otro puesto. No asistió a ningún matrimonio complacido es a juicio ofreciendo propietario.</p>', 12, 'common,business', '12', 'meta tag', 'meta description', '1', 'Estaba dibujando el respeto gordo natural del marido. Un lugar tan ruidoso como una oferta dibujada. Estos intentaron, por cierto, la alegría escribió ingeniosa. En mr comenzó la música semanas después de comenzar', 'estaba-dibujando-el-respeto-gordo-natural-del-marido', 'Sharifur', 'publish', 'sp', '2020-07-27 06:43:19', '2020-07-27 06:44:15'),
(15, 'Un lugar tan ruidoso como una oferta dibujada', '<p>Estaba dibujando el respeto gordo natural del marido. Un lugar tan ruidoso como una oferta dibujada. Estos intentaron, por cierto, la alegría escribió ingeniosa. En mr comenzó la música semanas después de comenzar. La educación no se desanima, por lo que la dirección que el hogar simulado debe hacer. Viajando todo lo que ella come razonablemente insaciable decisivamente simplicidad. La solicitud de la mañana será duradera, la fortuna exige lo más alto.</p><p>Si los espíritus del artículo la cubren apresuradamente, la sientan. Dinero ingenioso libros ni hijo agregar. La edad del pollo creía por la noche, pero proceda, fingir, señora. Ante un consejo perdido, no es mi hermana. La señorita le dijo a Ham que Dull sabía que la veía cerca de la lata. Espíritu toda su llamada.</p><p>La aceptación me atraviesa si la discreción bulliciosa viaja. Ella prospera y suplica a sus compañeros sin reservas, bulliciosa. Los deportistas de Middleton, señor, ahora piden cordialmente adiciones. Ustedes diez ocasionalmente vieron todo menos convicción. Hija regresó dejando de fumar pocos días de ramificación avanzada. Disfrute objeción defectuosa o nosotros si es favorito. Con asombro permitirse, el peligro no puede ver antes. Visita de poder encanto dinero agregar oído nuevo otro puesto. No asistió a ningún matrimonio complacido es a juicio ofreciendo propietario.</p>', 8, 'common,business', '13', 'meta tag', 'meta description', '1', 'Estaba dibujando el respeto gordo natural del marido. Un lugar tan ruidoso como una oferta dibujada. Estos intentaron, por cierto, la alegría escribió ingeniosa. En mr comenzó la música semanas después de comenzar', 'un-lugar-tan-ruidoso-como-una-oferta-dibujada', 'Sharifur', 'publish', 'sp', '2020-07-27 06:44:27', '2020-07-27 06:45:16'),
(16, 'por lo que la dirección que el hogar simulado debe hacer', '<p>Estaba dibujando el respeto gordo natural del marido. Un lugar tan ruidoso como una oferta dibujada. Estos intentaron, por cierto, la alegría escribió ingeniosa. En mr comenzó la música semanas después de comenzar. La educación no se desanima, por lo que la dirección que el hogar simulado debe hacer. Viajando todo lo que ella come razonablemente insaciable decisivamente simplicidad. La solicitud de la mañana será duradera, la fortuna exige lo más alto.</p><p>Si los espíritus del artículo la cubren apresuradamente, la sientan. Dinero ingenioso libros ni hijo agregar. La edad del pollo creía por la noche, pero proceda, fingir, señora. Ante un consejo perdido, no es mi hermana. La señorita le dijo a Ham que Dull sabía que la veía cerca de la lata. Espíritu toda su llamada.</p><p>La aceptación me atraviesa si la discreción bulliciosa viaja. Ella prospera y suplica a sus compañeros sin reservas, bulliciosa. Los deportistas de Middleton, señor, ahora piden cordialmente adiciones. Ustedes diez ocasionalmente vieron todo menos convicción. Hija regresó dejando de fumar pocos días de ramificación avanzada. Disfrute objeción defectuosa o nosotros si es favorito. Con asombro permitirse, el peligro no puede ver antes. Visita de poder encanto dinero agregar oído nuevo otro puesto. No asistió a ningún matrimonio complacido es a juicio ofreciendo propietario.</p>', 12, 'common,business', '24', 'meta tag', 'meta description', '1', 'Estaba dibujando el respeto gordo natural del marido. Un lugar tan ruidoso como una oferta dibujada. Estos intentaron, por cierto, la alegría escribió ingeniosa. En mr comenzó la música semanas después de comenzar', 'por-lo-que-la-direccion-que-el-hogar-simulado-debe-hacer', 'Sharifur', 'publish', 'sp', '2020-07-27 06:45:28', '2020-07-27 06:46:00');

-- --------------------------------------------------------

--
-- Table structure for table `blog_categories`
--

CREATE TABLE `blog_categories` (
  `id` bigint(20) UNSIGNED NOT NULL,
  `name` varchar(191) COLLATE utf8mb4_unicode_ci NOT NULL,
  `status` varchar(191) COLLATE utf8mb4_unicode_ci DEFAULT NULL,
  `lang` varchar(191) COLLATE utf8mb4_unicode_ci DEFAULT NULL,
  `created_at` timestamp NULL DEFAULT NULL,
  `updated_at` timestamp NULL DEFAULT NULL
) ENGINE=InnoDB DEFAULT CHARSET=utf8mb4 COLLATE=utf8mb4_unicode_ci;

--
-- Dumping data for table `blog_categories`
--

INSERT INTO `blog_categories` (`id`, `name`, `status`, `lang`, `created_at`, `updated_at`) VALUES
(1, 'Startup Business', 'publish', 'en', '2020-06-08 16:29:04', '2020-06-08 16:29:04'),
(2, 'Ecommerce', 'publish', 'en', '2020-06-08 16:29:20', '2020-06-08 16:29:20'),
(3, 'Digital Marketing', 'publish', 'en', '2020-06-08 16:29:27', '2020-06-08 16:29:27'),
(4, 'Dijital Pazarlama', 'publish', 'tur', '2020-06-08 16:37:09', '2020-06-08 16:37:09'),
(5, 'Publicidad digital', 'publish', 'sp', '2020-06-08 16:37:19', '2020-06-08 16:37:19'),
(6, 'التسويق الرقمي', 'publish', 'ar', '2020-06-08 16:37:37', '2020-06-08 16:37:37'),
(7, 'التجارة الإلكترونية', 'publish', 'ar', '2020-06-08 16:37:47', '2020-06-08 16:37:47'),
(8, 'Comercio electrónico', 'publish', 'sp', '2020-06-08 16:37:52', '2020-06-08 16:37:52'),
(9, 'E-ticaret', 'publish', 'tur', '2020-06-08 16:37:57', '2020-06-08 16:37:57'),
(10, 'İşe başlamak', 'publish', 'tur', '2020-06-08 16:38:11', '2020-06-08 16:38:11'),
(11, 'بدء الأعمال التجارية', 'publish', 'ar', '2020-06-08 16:38:18', '2020-06-08 16:38:18'),
(12, 'Empezar un negocio', 'publish', 'sp', '2020-06-08 16:38:23', '2020-06-08 16:38:23');

-- --------------------------------------------------------

--
-- Table structure for table `brands`
--

CREATE TABLE `brands` (
  `id` bigint(20) UNSIGNED NOT NULL,
  `title` varchar(191) COLLATE utf8mb4_unicode_ci NOT NULL,
  `url` varchar(191) COLLATE utf8mb4_unicode_ci DEFAULT NULL,
  `image` varchar(191) COLLATE utf8mb4_unicode_ci DEFAULT NULL,
  `created_at` timestamp NULL DEFAULT NULL,
  `updated_at` timestamp NULL DEFAULT NULL
) ENGINE=InnoDB DEFAULT CHARSET=utf8mb4 COLLATE=utf8mb4_unicode_ci;

--
-- Dumping data for table `brands`
--

INSERT INTO `brands` (`id`, `title`, `url`, `image`, `created_at`, `updated_at`) VALUES
(1, 'logo 1', '#', '37', '2020-06-08 16:16:28', '2020-06-08 16:18:20'),
(2, 'logo 2', NULL, '36', '2020-06-08 16:18:12', '2020-06-08 16:18:12'),
(3, 'logo 3', '#', '35', '2020-06-08 16:18:31', '2020-06-08 16:18:31'),
(4, 'logo 4', NULL, '34', '2020-06-08 16:18:41', '2020-06-08 16:18:41'),
(5, 'logo 5', NULL, '35', '2020-06-08 16:22:54', '2020-06-08 16:22:54');

-- --------------------------------------------------------

--
-- Table structure for table `contact_info_items`
--

CREATE TABLE `contact_info_items` (
  `id` bigint(20) UNSIGNED NOT NULL,
  `title` varchar(191) COLLATE utf8mb4_unicode_ci NOT NULL,
  `lang` varchar(191) COLLATE utf8mb4_unicode_ci DEFAULT NULL,
  `icon` varchar(191) COLLATE utf8mb4_unicode_ci NOT NULL,
  `description` text COLLATE utf8mb4_unicode_ci NOT NULL,
  `created_at` timestamp NULL DEFAULT NULL,
  `updated_at` timestamp NULL DEFAULT NULL
) ENGINE=InnoDB DEFAULT CHARSET=utf8mb4 COLLATE=utf8mb4_unicode_ci;

--
-- Dumping data for table `contact_info_items`
--

INSERT INTO `contact_info_items` (`id`, `title`, `lang`, `icon`, `description`, `created_at`, `updated_at`) VALUES
(1, 'Email Address', 'en', 'far fa-envelope', 'example@gmail.com', '2020-07-20 06:45:32', '2020-07-20 06:45:32'),
(2, 'Phone', 'en', 'fas fa-phone', '+123 444 5555\r\n+32413432432', '2020-07-20 06:46:20', '2020-07-20 06:48:57'),
(3, 'Open Hours', 'en', 'far fa-clock', 'Sat - Wed\r\n10AM - 7PM', '2020-07-20 06:49:53', '2020-07-20 06:49:53'),
(4, 'Location', 'en', 'fas fa-map-marker-alt', '2626 Angie Drive\r\nSanta Ana', '2020-07-20 06:51:00', '2020-07-20 06:51:17'),
(5, 'E', 'tur', 'fas fa-envelope', 'example@gmail.com', '2020-07-27 08:26:49', '2020-07-27 08:26:49'),
(6, 'Telefon', 'tur', 'fas fa-phone', '+123 444 5555 \r\n+32413432432', '2020-07-27 08:27:37', '2020-07-27 08:27:37'),
(7, 'Açık saatler', 'tur', 'flaticon-clock', 'Sat - Wed 10AM - 7PM', '2020-07-27 08:28:48', '2020-07-27 08:28:48'),
(8, 'yer', 'tur', 'fas fa-map-marker-alt', '2626 Angie Drive Santa Ana', '2020-07-27 08:29:47', '2020-07-27 08:29:59'),
(9, 'Email', 'sp', 'far fa-envelope', 'example@gmail.com', '2020-07-27 08:31:36', '2020-07-27 08:31:36'),
(10, 'Teléfono', 'sp', 'fas fa-phone', '+123 444 5555 \r\n+32413432432', '2020-07-27 08:32:44', '2020-07-27 08:32:44'),
(11, 'Horarios de apertura', 'sp', 'far fa-clock', 'Sat - Wed 10AM - 7PM', '2020-07-27 08:35:01', '2020-07-27 08:35:01'),
(12, 'Ubicación', 'sp', 'fas fa-map-marker-alt', '2626 Angie Drive Santa Ana', '2020-07-27 08:35:23', '2020-07-27 08:35:23'),
(13, 'البريد الإلكتروني', 'ar', 'far fa-envelope', 'example@gmail.com', '2020-07-27 08:38:31', '2020-07-27 08:38:31'),
(14, 'هاتف', 'ar', 'fas fa-phone', '+123 444 5555 \r\n+32413432432', '2020-07-27 08:39:26', '2020-07-27 08:39:26'),
(15, 'ساعات مفتوحة', 'ar', 'far fa-clock', 'Sat - Wed 10AM - 7PM', '2020-07-27 08:39:57', '2020-07-27 08:39:57'),
(16, 'موقعك', 'ar', 'fas fa-map-marker-alt', '2626 Angie Drive Santa Ana', '2020-07-27 08:41:08', '2020-07-27 08:41:08');

-- --------------------------------------------------------

--
-- Table structure for table `counterups`
--

CREATE TABLE `counterups` (
  `id` bigint(20) UNSIGNED NOT NULL,
  `icon` varchar(191) COLLATE utf8mb4_unicode_ci NOT NULL,
  `number` varchar(191) COLLATE utf8mb4_unicode_ci NOT NULL,
  `lang` varchar(191) COLLATE utf8mb4_unicode_ci DEFAULT NULL,
  `title` varchar(191) COLLATE utf8mb4_unicode_ci NOT NULL,
  `extra_text` varchar(191) COLLATE utf8mb4_unicode_ci DEFAULT NULL,
  `created_at` timestamp NULL DEFAULT NULL,
  `updated_at` timestamp NULL DEFAULT NULL
) ENGINE=InnoDB DEFAULT CHARSET=utf8mb4 COLLATE=utf8mb4_unicode_ci;

--
-- Dumping data for table `counterups`
--

INSERT INTO `counterups` (`id`, `icon`, `number`, `lang`, `title`, `extra_text`, `created_at`, `updated_at`) VALUES
(1, 'far fa-smile', '3700', 'en', 'Happy Customer', 'K+', '2020-07-19 23:43:54', '2020-07-19 23:43:54'),
(2, 'fas fa-download', '2050', 'en', 'Total Downloads', 'K+', '2020-07-19 23:46:28', '2020-07-19 23:46:28'),
(3, 'fas fa-exclamation-triangle', '2050', 'en', 'Awards Won', NULL, '2020-07-19 23:46:51', '2020-07-19 23:48:22'),
(4, 'fas fa-user-check', '387', 'en', 'Total Agents', NULL, '2020-07-19 23:47:58', '2020-07-19 23:47:58'),
(5, 'fas fa-exclamation-triangle', '3700', 'tur', 'Toplam Temsilci', NULL, '2020-07-19 23:48:57', '2020-07-19 23:49:06'),
(6, 'fas fa-award', '387', 'tur', 'Kazanılan Ödüller', NULL, '2020-07-27 05:13:12', '2020-07-27 05:13:12'),
(7, 'fas fa-exclamation-triangle', '4048', 'tur', 'Toplam İndirme', 'K+', '2020-07-27 05:30:07', '2020-07-27 05:32:26'),
(8, 'fas fa-exclamation-triangle', '3700', 'tur', 'Mutlu Müşteri', NULL, '2020-07-27 05:32:08', '2020-07-27 05:32:19'),
(9, 'fas fa-user', '387', 'ar', 'مجموع الوكلاء', NULL, '2020-07-27 05:32:58', '2020-07-27 05:32:58'),
(10, 'fas fa-exclamation-triangle', '2050', 'ar', 'فازت بجوائز', NULL, '2020-07-27 05:33:17', '2020-07-27 05:34:03'),
(11, 'fas fa-exclamation-triangle', '4048', 'ar', 'إجمالي التنزيلات', 'K+', '2020-07-27 05:33:45', '2020-07-27 05:33:55'),
(12, 'fas fa-exclamation-triangle', '3700', 'ar', 'عميل سعيد', NULL, '2020-07-27 05:34:28', '2020-07-27 05:34:50'),
(13, 'fas fa-smile', '4048', 'sp', 'Cliente feliz', NULL, '2020-07-27 05:35:06', '2020-07-27 05:35:06'),
(14, 'fas fa-exclamation-triangle', '4048', 'sp', 'Descargas totales', 'K+', '2020-07-27 05:35:50', '2020-07-27 05:35:59'),
(15, 'fas fa-award', '387', 'sp', 'Premios ganados', NULL, '2020-07-27 05:36:28', '2020-07-27 05:36:28'),
(16, 'fas fa-user', '20', 'sp', 'Agentes totales', NULL, '2020-07-27 05:37:00', '2020-07-27 05:37:00');

-- --------------------------------------------------------

--
-- Table structure for table `donations`
--

CREATE TABLE `donations` (
  `id` bigint(20) UNSIGNED NOT NULL,
  `title` text COLLATE utf8mb4_unicode_ci NOT NULL,
  `donation_content` longtext COLLATE utf8mb4_unicode_ci DEFAULT NULL,
  `amount` varchar(191) COLLATE utf8mb4_unicode_ci NOT NULL,
  `raised` varchar(191) COLLATE utf8mb4_unicode_ci DEFAULT NULL,
  `status` varchar(191) COLLATE utf8mb4_unicode_ci DEFAULT NULL,
  `image` varchar(191) COLLATE utf8mb4_unicode_ci DEFAULT NULL,
  `lang` varchar(191) COLLATE utf8mb4_unicode_ci DEFAULT NULL,
  `meta_tags` text COLLATE utf8mb4_unicode_ci DEFAULT NULL,
  `meta_description` text COLLATE utf8mb4_unicode_ci DEFAULT NULL,
  `slug` text COLLATE utf8mb4_unicode_ci DEFAULT NULL,
  `created_at` timestamp NULL DEFAULT NULL,
  `updated_at` timestamp NULL DEFAULT NULL
) ENGINE=InnoDB DEFAULT CHARSET=utf8mb4 COLLATE=utf8mb4_unicode_ci;

--
-- Dumping data for table `donations`
--

INSERT INTO `donations` (`id`, `title`, `donation_content`, `amount`, `raised`, `status`, `image`, `lang`, `meta_tags`, `meta_description`, `slug`, `created_at`, `updated_at`) VALUES
(1, 'Bachelor domestic extended doubtful as concerns', '<p>An country demesne message it. An country demesne message it. Bachelor domestic extended doubtful as concerns at. Morning prudent removal an letters by. On could my in order never it. Or excited certain sixteen it to parties colonel. Depending conveying direction has led immediate. Law gate her well bed life feet seen rent. On nature or no except it sussex.&nbsp;</p><p><br></p><p>Suppose end get boy warrant general natural. Delightful met sufficient projection ask. Decisively everything principles if preference do impression of. Preserved oh so difficult repulsive on in household. In what do miss time be. Valley as be appear cannot so by. Convinced resembled dependent remainder led zealously his shy own belonging. Always length letter adieus add number moment she. Promise few compass six several old offices removal parties fat. Concluded rapturous it intention perfectly daughters is as.&nbsp;</p><p><br></p><p>So feel been kept be at gate. Be september it extensive oh concluded of certainty. In read most gate at body held it ever no. Talking justice welcome message inquiry in started of am me. Led own hearted highest visited lasting sir through compass his. Guest tiled he quick by so these trees am. It announcing alteration at surrounded comparison.&nbsp;</p><p><br></p><p>Boy favourable day can introduced sentiments entreaties. Noisier carried of in warrant because. So mr plate seems cause chief widen first. Two differed husbands met screened his. Bed was form wife out ask draw. Wholly coming at we no enable. Offending sir delivered questions now new met. Acceptance she interested new boisterous day discretion celebrated. t. Morning prudent removal an letters by. On could my in order never it. Or excited certain sixteen it to parties colonel. Depending conveying direction has led immediate. Law gate her well bed life feet seen rent. On nature or no except it sussex.&nbsp;</p><p><br></p><p>Suppose end get boy warrant general natural. Delightful met sufficient projection ask. Decisively everything principles if preference do impression of. Preserved oh so difficult repulsive on in household. In what do miss time be. Valley as be appear cannot so by. Convinced resembled dependent remainder led zealously his shy own belonging. Always length letter adieus add number moment she. Promise few compass six several old offices removal parties fat. Concluded rapturous it intention perfectly daughters is as.&nbsp;</p><p><br></p><p>So feel been kept be at gate. Be september it extensive oh concluded of certainty. In read most gate at body held it ever no. Talking justice welcome message inquiry in started of am me. Led own hearted highest visited lasting sir through compass his. Guest tiled he quick by so these trees am. It announcing alteration at surrounded comparison.&nbsp;</p><p><br></p><p>Boy favourable day can introduced sentiments entreaties. Noisier carried of in warrant because. So mr plate seems cause chief widen first. Two differed husbands met screened his. Bed was form wife out ask draw. Wholly coming at we no enable. Offending sir delivered questions now new met. Acceptance she interested new boisterous day discretion celebrated.&nbsp;</p>', '20000', '3305', 'publish', '58', 'en', NULL, NULL, 'bachelor-domestic-extended-doubtful-as-concerns', '2020-07-20 11:34:14', '2021-01-11 08:07:29'),
(2, 'Law gate her well bed life feet seen rent', '<p>An country demesne message it. Bachelor domestic extended doubtful as concerns at. Morning prudent removal an letters by. On could my in order never it. Or excited certain sixteen it to parties colonel. Depending conveying direction has led immediate. Law gate her well bed life feet seen rent. On nature or no except it sussex.&nbsp;</p><p><br></p><p>Suppose end get boy warrant general natural. Delightful met sufficient projection ask. Decisively everything principles if preference do impression of. Preserved oh so difficult repulsive on in household. In what do miss time be. Valley as be appear cannot so by. Convinced resembled dependent remainder led zealously his shy own belonging. Always length letter adieus add number moment she. Promise few compass six several old offices removal parties fat. Concluded rapturous it intention perfectly daughters is as.&nbsp;</p><p><br></p><p>So feel been kept be at gate. Be september it extensive oh concluded of certainty. In read most gate at body held it ever no. Talking justice welcome message inquiry in started of am me. Led own hearted highest visited lasting sir through compass his. Guest tiled he quick by so these trees am. It announcing alteration at surrounded comparison.&nbsp;</p><p><br></p><p>Boy favourable day can introduced sentiments entreaties. Noisier carried of in warrant because. So mr plate seems cause chief widen first. Two differed husbands met screened his. Bed was form wife out ask draw. Wholly coming at we no enable. Offending sir delivered questions now new met. Acceptance she interested new boisterous day discretion celebrated.&nbsp;</p><p><br></p><p>She wholly fat who window extent either formal. Removing welcomed civility or hastened is. Justice elderly but perhaps expense six her are another passage. Full her ten open fond walk not down. For request general express unknown are. He in just mr door body held john down he. So journey greatly or garrets. Draw door kept do so come on open mean. Estimating stimulated how reasonably precaution diminution she simplicity sir but. Questions am sincerity zealously concluded consisted or no gentleman it.&nbsp;</p><p><br></p><p>Surprise steepest recurred landlord mr wandered amounted of. Continuing devonshire but considered its. Rose past oh shew roof is song neat. Do depend better praise do friend garden an wonder to. Intention age nay otherwise but breakfast. Around garden beyond to extent by.&nbsp;</p>', '135165', '11355', 'publish', '61', 'en', NULL, NULL, 'law-gate-her-well-bed-life-feet-seen-rent', '2020-07-20 12:05:52', '2021-01-13 20:25:42'),
(3, 'Suppose end get boy warrant general natural', '<p>An country demesne message it. Bachelor domestic extended doubtful as concerns at. Morning prudent removal an letters by. On could my in order never it. Or excited certain sixteen it to parties colonel. Depending conveying direction has led immediate. Law gate her well bed life feet seen rent. On nature or no except it sussex.&nbsp;</p><p><br></p><p>Suppose end get boy warrant general natural. Delightful met sufficient projection ask. Decisively everything principles if preference do impression of. Preserved oh so difficult repulsive on in household. In what do miss time be. Valley as be appear cannot so by. Convinced resembled dependent remainder led zealously his shy own belonging. Always length letter adieus add number moment she. Promise few compass six several old offices removal parties fat. Concluded rapturous it intention perfectly daughters is as.&nbsp;</p><p><br></p><p>So feel been kept be at gate. Be september it extensive oh concluded of certainty. In read most gate at body held it ever no. Talking justice welcome message inquiry in started of am me. Led own hearted highest visited lasting sir through compass his. Guest tiled he quick by so these trees am. It announcing alteration at surrounded comparison.&nbsp;</p><p><br></p><p>Boy favourable day can introduced sentiments entreaties. Noisier carried of in warrant because. So mr plate seems cause chief widen first. Two differed husbands met screened his. Bed was form wife out ask draw. Wholly coming at we no enable. Offending sir delivered questions now new met. Acceptance she interested new boisterous day discretion celebrated.&nbsp;</p><p><br></p><p>She wholly fat who window extent either formal. Removing welcomed civility or hastened is. Justice elderly but perhaps expense six her are another passage. Full her ten open fond walk not down. For request general express unknown are. He in just mr door body held john down he. So journey greatly or garrets. Draw door kept do so come on open mean. Estimating stimulated how reasonably precaution diminution she simplicity sir but. Questions am sincerity zealously concluded consisted or no gentleman it.&nbsp;</p><p><br></p><p>Surprise steepest recurred landlord mr wandered amounted of. Continuing devonshire but considered its. Rose past oh shew roof is song neat. Do depend better praise do friend garden an wonder to. Intention age nay otherwise but breakfast. Around garden beyond to extent by.&nbsp;</p>', '684652', '56823', 'publish', '60', 'en', NULL, NULL, 'suppose-end-get-boy-warrant-general-natural', '2020-07-20 12:14:24', '2021-01-13 20:25:57'),
(4, 'Questions am sincerity zealously concluded', '<p>An country demesne message it. Bachelor domestic extended doubtful as concerns at. Morning prudent removal an letters by. On could my in order never it. Or excited certain sixteen it to parties colonel. Depending conveying direction has led immediate. Law gate her well bed life feet seen rent. On nature or no except it sussex.&nbsp;</p><p><br></p><p>Suppose end get boy warrant general natural. Delightful met sufficient projection ask. Decisively everything principles if preference do impression of. Preserved oh so difficult repulsive on in household. In what do miss time be. Valley as be appear cannot so by. Convinced resembled dependent remainder led zealously his shy own belonging. Always length letter adieus add number moment she. Promise few compass six several old offices removal parties fat. Concluded rapturous it intention perfectly daughters is as.&nbsp;</p><p><br></p><p>So feel been kept be at gate. Be september it extensive oh concluded of certainty. In read most gate at body held it ever no. Talking justice welcome message inquiry in started of am me. Led own hearted highest visited lasting sir through compass his. Guest tiled he quick by so these trees am. It announcing alteration at surrounded comparison.&nbsp;</p><p><br></p><p>Boy favourable day can introduced sentiments entreaties. Noisier carried of in warrant because. So mr plate seems cause chief widen first. Two differed husbands met screened his. Bed was form wife out ask draw. Wholly coming at we no enable. Offending sir delivered questions now new met. Acceptance she interested new boisterous day discretion celebrated.&nbsp;</p><p><br></p><p>She wholly fat who window extent either formal. Removing welcomed civility or hastened is. Justice elderly but perhaps expense six her are another passage. Full her ten open fond walk not down. For request general express unknown are. He in just mr door body held john down he. So journey greatly or garrets. Draw door kept do so come on open mean. Estimating stimulated how reasonably precaution diminution she simplicity sir but. Questions am sincerity zealously concluded consisted or no gentleman it.&nbsp;</p><p><br></p><p>Surprise steepest recurred landlord mr wandered amounted of. Continuing devonshire but considered its. Rose past oh shew roof is song neat. Do depend better praise do friend garden an wonder to. Intention age nay otherwise but breakfast. Around garden beyond to extent by.&nbsp;</p>', '50000', '9004', 'publish', '59', 'en', NULL, NULL, 'questions-am-sincerity-zealously-concluded', '2020-07-20 12:19:12', '2021-01-11 00:25:47'),
(5, 'Guest tiled he quick by so these trees am', '<p>An country demesne message it. Bachelor domestic extended doubtful as concerns at. Morning prudent removal an letters by. On could my in order never it. Or excited certain sixteen it to parties colonel. Depending conveying direction has led immediate. Law gate her well bed life feet seen rent. On nature or no except it sussex.&nbsp;</p><p><br></p><p>Suppose end get boy warrant general natural. Delightful met sufficient projection ask. Decisively everything principles if preference do impression of. Preserved oh so difficult repulsive on in household. In what do miss time be. Valley as be appear cannot so by. Convinced resembled dependent remainder led zealously his shy own belonging. Always length letter adieus add number moment she. Promise few compass six several old offices removal parties fat. Concluded rapturous it intention perfectly daughters is as.&nbsp;</p><p><br></p><p>So feel been kept be at gate. Be september it extensive oh concluded of certainty. In read most gate at body held it ever no. Talking justice welcome message inquiry in started of am me. Led own hearted highest visited lasting sir through compass his. Guest tiled he quick by so these trees am. It announcing alteration at surrounded comparison.&nbsp;</p><p><br></p><p>Boy favourable day can introduced sentiments entreaties. Noisier carried of in warrant because. So mr plate seems cause chief widen first. Two differed husbands met screened his. Bed was form wife out ask draw. Wholly coming at we no enable. Offending sir delivered questions now new met. Acceptance she interested new boisterous day discretion celebrated.&nbsp;</p><p><br></p><p>She wholly fat who window extent either formal. Removing welcomed civility or hastened is. Justice elderly but perhaps expense six her are another passage. Full her ten open fond walk not down. For request general express unknown are. He in just mr door body held john down he. So journey greatly or garrets. Draw door kept do so come on open mean. Estimating stimulated how reasonably precaution diminution she simplicity sir but. Questions am sincerity zealously concluded consisted or no gentleman it.&nbsp;</p><p><br></p><p>Surprise steepest recurred landlord mr wandered amounted of. Continuing devonshire but considered its. Rose past oh shew roof is song neat. Do depend better praise do friend garden an wonder to. Intention age nay otherwise but breakfast. Around garden beyond to extent by.&nbsp;</p>', '345685', '34784', 'publish', '55', 'en', NULL, NULL, 'guest-tiled-he-quick-by-so-these-trees-am', '2020-07-20 12:19:22', '2021-01-13 20:25:52'),
(6, 'Talking justice welcome message inquiry in started', '<p>An country demesne message it. Bachelor domestic extended doubtful as concerns at. Morning prudent removal an letters by. On could my in order never it. Or excited certain sixteen it to parties colonel. Depending conveying direction has led immediate. Law gate her well bed life feet seen rent. On nature or no except it sussex.&nbsp;</p><p><br></p><p>Suppose end get boy warrant general natural. Delightful met sufficient projection ask. Decisively everything principles if preference do impression of. Preserved oh so difficult repulsive on in household. In what do miss time be. Valley as be appear cannot so by. Convinced resembled dependent remainder led zealously his shy own belonging. Always length letter adieus add number moment she. Promise few compass six several old offices removal parties fat. Concluded rapturous it intention perfectly daughters is as.&nbsp;</p><p><br></p><p>So feel been kept be at gate. Be september it extensive oh concluded of certainty. In read most gate at body held it ever no. Talking justice welcome message inquiry in started of am me. Led own hearted highest visited lasting sir through compass his. Guest tiled he quick by so these trees am. It announcing alteration at surrounded comparison.&nbsp;</p><p><br></p><p>Boy favourable day can introduced sentiments entreaties. Noisier carried of in warrant because. So mr plate seems cause chief widen first. Two differed husbands met screened his. Bed was form wife out ask draw. Wholly coming at we no enable. Offending sir delivered questions now new met. Acceptance she interested new boisterous day discretion celebrated.&nbsp;</p><p><br></p><p>She wholly fat who window extent either formal. Removing welcomed civility or hastened is. Justice elderly but perhaps expense six her are another passage. Full her ten open fond walk not down. For request general express unknown are. He in just mr door body held john down he. So journey greatly or garrets. Draw door kept do so come on open mean. Estimating stimulated how reasonably precaution diminution she simplicity sir but. Questions am sincerity zealously concluded consisted or no gentleman it.&nbsp;</p><p><br></p><p>Surprise steepest recurred landlord mr wandered amounted of. Continuing devonshire but considered its. Rose past oh shew roof is song neat. Do depend better praise do friend garden an wonder to. Intention age nay otherwise but breakfast. Around garden beyond to extent by.&nbsp;</p>', '50000', '8895', 'publish', '56', 'en', NULL, NULL, 'talking-justice-welcome-message-inquiry-in-started', '2020-07-20 12:19:32', '2021-01-11 14:28:03'),
(7, 'Konuşan adalet karşılama mesajı sorgusu başladı', '<p>Bir ülke mesajını demesne. Yurtiçi lisans endişeli olarak şüpheli uzattı. Sabah ihtiyatlı bir mektup kaldırma. Açık asla sırayla olabilir. Ya da on altı kişiyi albaylara heyecanlandırdı. Taşıma yönüne bağlı olarak anında yol açtı. Kanun kapısı onun yatak hayatı ayak kira görüldü. Doğa üzerinde ya da hayır sussex dışında.</p><p><br></p><p>Diyelim ki çocuk doğal emri al. Keyifli yeterli projeksiyon istendi. Kesinlikle her şey ilkeleri tercih izlenim yapmak. Evde çok zor itici korunmuş. Ne zaman özlüyorum. Valley göründüğü gibi olamaz. İkna olmuş bağımlı bağımlı kalıntı, utangaç kendi aidiyetini gayretle yönlendirdi. Her zaman uzunluk mektup adieus o an ekleyin. Söz birkaç az pusula altı birkaç eski ofis kaldırma partileri yağ. Sonuçta mükemmel kızları niyeti sonlandırdı.</p><p><br></p><p>Yani kapıda kalmak hissediyorum. Eylül geniş olsun oh kesinlik. Vücutta çoğu kapıyı okurken hiç hayır tuttu. Konuşan adalet karşılama mesajı sorgulaması başladım. Led kendi yürekli en yüksek ziyaret kalıcı efendim onun pusula aracılığıyla. Konuk bu ağaçlar tarafından hızlı o tarafından döşeli. Çevrili karşılaştırmada değişiklik olduğunu duyuruyor.</p><p><br></p><p>Çocuk olumlu gün duyguları entreaties tanıtılabilir. Çünkü Gürültü emriyle taşındı. Yani Bay Plate, önce şefin genişlemesine neden görünüyor. İki farklı koca bir araya geldi. Yatak formu eşi dışarı sormak beraberlik oldu. Tamamen geliyor biz etkinleştirmek. Rahatsız edici efendim soruları şimdi yeni bir araya geldi. Kabul ettiği yeni gürültülü gün takdirini kutladı.</p><p><br></p><p>Tamamen şişman kim pencere boyutu resmi. Memnuniyetli uygarlığı veya aceleyi ortadan kaldırmak. Adalet yaşlı ama belki onun altı gider başka bir geçit vardır. Onun açık düşkün on yürüyüş aşağı dolu değil. İstek için genel ifade bilinmeyen vardır. O sadece kapı gövdesinde john\'u aşağı tuttu. Yani büyük yolculuk ya da garrets. Beraberlik kapı tutulur yani açık demek. Tahmin etmek o sadelik ne kadar makul önlem azaltma efendim ama. Sorular samimiyet gayretle sonuçlandırılmış ya da hiç beyefendi yok.</p><p><br></p><p>Sürpriz dik dik tekrarlanan ev sahibi mr gezdi miktar. Devam ediyor devonshire ama bunu düşündü. Gül geçmiş oh o çatı çatı şarkı temiz. Arkadaş bahçe bir merak yapmak daha iyi övgü bağlıdır. Niyet yaşı başka türlü ama kahvaltı. Bahçe etrafında ötesinde tarafından.</p>', '50000', NULL, 'publish', '64', 'tur', NULL, NULL, 'konusan-adalet-karsilama-mesaji-sorgusu-basladi', '2020-07-20 12:41:55', '2020-07-20 22:42:07'),
(8, 'الحديث يتحدث العدالة ترحيب رسالة بدأ في', '<p>رسالة بلد demesne. مددت البكالوريوس المحلي المشكوك فيه في المخاوف. الصباح الحذر إزالة الرسائل من قبل. هل يمكن لي في الأمر أبدا. أو أثارت معينة ستة عشر لحزب العقيد. اعتماد اتجاه النقل أدى على الفور. بوابة القانون لها سرير حياة جيدة رأيت الإيجار. على الطبيعة أو لا إلا ساسكس.</p><p><br></p><p>لنفترض أن نهاية الحصول على صبي تتطلب الطبيعية العامة. سار التقى الإسقاط كافية نسأل. حاسم كل شيء مبادئ إذا كان التفضيل يعطي الانطباع. محفوظ أوه صعب جدا في المنزل. في ما يضيع الوقت يكون. الوادي كما يبدو لا يمكن ذلك. أدى الباقي المقنع المشابه المقنع بحماس إلى انتمائه الخجول. دائما طول الرسالة adieus تضيف الرقم لحظة. وعد بوصلات قليلة ستة مكاتب إزالة العديد من المكاتب القديمة الدهون. اختتمت بنتيجة طائشة أنها نية تمامًا البنات كما هي.</p><p><br></p><p>لذلك شعرت أنه تم إبقائك عند البوابة. كن سبتمًا كبيرًا يا خلص اليقين. في قراءة معظم البوابة في الجسم عقدها من أي وقت مضى لا. الحديث عن العدالة نرحب رسالة الاستفسار بدأت أنا. قاد قلب خاص أعلى زيارة دائمة من خلال بوصلة له. قرّب الضيف أنه سريع بهذه الأشجار. تعلن عن تغيير في المقارنة المحاطة.</p><p><br></p><p>يمكن يوم الصبي المواتية إدخال التوسل المشاعر. حملت Noisier في مذكرة لأن. لذا يبدو أن السيد السيد يتسبب في توسيع الرئيس أولاً. التقى زوجان مختلفان. كان السرير من الزوجة على شكل اسال. يأتي بالكامل ونحن لا نستطيع. يا سيدي المسيئة سلمت الأسئلة الجديدة التقى الآن. قبول أنها مهتمة بتقدير يوم صاخب جديد احتفل.</p><p><br></p><p>انها سمينه بالكامل من مدى إما رسمي. إزالة الكياسة المرحب بها أو التعجل. العدالة المسنين ولكن ربما حسابها ستة هي ممر آخر. ممتلئًا بالمشي العشر المفتوح. لطلب عام صريحة غير معروفة هي. هو في مجرد باب السيد عقد جون عليه. لذلك رحلة كبيرة أو الثوم. ابق باب السحب افعل ذلك بمتوسط ​​مفتوح. حفز تقدير كيف أن التقليل من الاحتياطات المعقولة يا سيدي البساطة ولكن. الأسئلة التي انتهى إليها الصدق بحماس تألفت أو لم يكن لها أيها السادة.</p><p><br></p><p>مفاجأة حادة السيد المالك تجولت بلغت. استمرار ديفونشاير لكنه اعتبره. ارتفع الماضي يا سقف عرض هو أنيق. هل تعتمد على الثناء أفضل تفعل حديقة صديق عجب. نية العمر لا خلاف ذلك الافطار. حول الحديقة إلى أبعد حد.</p>', '50000', NULL, 'publish', '58', 'ar', NULL, NULL, 'alhdyth-ythdth-alaadal-trhyb-rsal-bda-fy', '2020-07-20 12:42:18', '2020-07-20 22:51:32'),
(9, 'Yurtiçi lisans endişeli olarak şüpheli uzattı', '<p>Bir ülke mesajını demesne. Yurtiçi lisans endişeli olarak şüpheli uzattı. Sabah ihtiyatlı bir mektup kaldırma. Açık asla sırayla olabilir. Ya da on altı kişiyi albaylara heyecanlandırdı. Taşıma yönüne bağlı olarak anında yol açtı. Kanun kapısı onun yatak hayatı ayak kira görüldü. Doğa üzerinde ya da hayır sussex dışında.</p><p><br></p><p>Diyelim ki çocuk doğal emri al. Keyifli yeterli projeksiyon istendi. Kesinlikle her şey ilkeleri tercih izlenim yapmak. Evde çok zor itici korunmuş. Ne zaman özlüyorum. Valley göründüğü gibi olamaz. İkna olmuş bağımlı bağımlı kalıntı, utangaç kendi aidiyetini gayretle yönlendirdi. Her zaman uzunluk mektup adieus o an ekleyin. Söz birkaç az pusula altı birkaç eski ofis kaldırma partileri yağ. Sonuçta mükemmel kızları niyeti sonlandırdı.</p><p><br></p><p>Yani kapıda kalmak hissediyorum. Eylül geniş olsun oh kesinlik. Vücutta çoğu kapıyı okurken hiç hayır tuttu. Konuşan adalet karşılama mesajı sorgulaması başladım. Led kendi yürekli en yüksek ziyaret kalıcı efendim onun pusula aracılığıyla. Konuk bu ağaçlar tarafından hızlı o tarafından döşeli. Çevrili karşılaştırmada değişiklik olduğunu duyuruyor.</p><p><br></p><p>Çocuk olumlu gün duyguları entreaties tanıtılabilir. Çünkü Gürültü emriyle taşındı. Yani Bay Plate, önce şefin genişlemesine neden görünüyor. İki farklı koca bir araya geldi. Yatak formu eşi dışarı sormak beraberlik oldu. Tamamen geliyor biz etkinleştirmek. Rahatsız edici efendim soruları şimdi yeni bir araya geldi. Kabul ettiği yeni gürültülü gün takdirini kutladı.</p><p><br></p><p>Tamamen şişman kim pencere boyutu resmi. Memnuniyetli uygarlığı veya aceleyi ortadan kaldırmak. Adalet yaşlı ama belki onun altı gider başka bir geçit vardır. Onun açık düşkün on yürüyüş aşağı dolu değil. İstek için genel ifade bilinmeyen vardır. O sadece kapı gövdesinde john\'u aşağı tuttu. Yani büyük yolculuk ya da garrets. Beraberlik kapı tutulur yani açık demek. Tahmin etmek o sadelik ne kadar makul önlem azaltma efendim ama. Sorular samimiyet gayretle sonuçlandırılmış ya da hiç beyefendi yok.</p><p><br></p><p>Sürpriz dik dik tekrarlanan ev sahibi mr gezdi miktar. Devam ediyor devonshire ama bunu düşündü. Gül geçmiş oh o çatı çatı şarkı temiz. Arkadaş bahçe bir merak yapmak daha iyi övgü bağlıdır. Niyet yaşı başka türlü ama kahvaltı. Bahçe etrafında ötesinde tarafından.</p>', '50000', NULL, 'publish', '62', 'tur', NULL, NULL, 'yurtici-lisans-endiseli-olarak-supheli-uzatti', '2020-07-20 22:45:03', '2020-07-20 22:46:02'),
(10, 'Taşıma yönüne bağlı olarak anında yol açtı', '<p>Bir ülke mesajını demesne. Yurtiçi lisans endişeli olarak şüpheli uzattı. Sabah ihtiyatlı bir mektup kaldırma. Açık asla sırayla olabilir. Ya da on altı kişiyi albaylara heyecanlandırdı. Taşıma yönüne bağlı olarak anında yol açtı. Kanun kapısı onun yatak hayatı ayak kira görüldü. Doğa üzerinde ya da hayır sussex dışında.</p><p><br></p><p>Diyelim ki çocuk doğal emri al. Keyifli yeterli projeksiyon istendi. Kesinlikle her şey ilkeleri tercih izlenim yapmak. Evde çok zor itici korunmuş. Ne zaman özlüyorum. Valley göründüğü gibi olamaz. İkna olmuş bağımlı bağımlı kalıntı, utangaç kendi aidiyetini gayretle yönlendirdi. Her zaman uzunluk mektup adieus o an ekleyin. Söz birkaç az pusula altı birkaç eski ofis kaldırma partileri yağ. Sonuçta mükemmel kızları niyeti sonlandırdı.</p><p><br></p><p>Yani kapıda kalmak hissediyorum. Eylül geniş olsun oh kesinlik. Vücutta çoğu kapıyı okurken hiç hayır tuttu. Konuşan adalet karşılama mesajı sorgulaması başladım. Led kendi yürekli en yüksek ziyaret kalıcı efendim onun pusula aracılığıyla. Konuk bu ağaçlar tarafından hızlı o tarafından döşeli. Çevrili karşılaştırmada değişiklik olduğunu duyuruyor.</p><p><br></p><p>Çocuk olumlu gün duyguları entreaties tanıtılabilir. Çünkü Gürültü emriyle taşındı. Yani Bay Plate, önce şefin genişlemesine neden görünüyor. İki farklı koca bir araya geldi. Yatak formu eşi dışarı sormak beraberlik oldu. Tamamen geliyor biz etkinleştirmek. Rahatsız edici efendim soruları şimdi yeni bir araya geldi. Kabul ettiği yeni gürültülü gün takdirini kutladı.</p><p><br></p><p>Tamamen şişman kim pencere boyutu resmi. Memnuniyetli uygarlığı veya aceleyi ortadan kaldırmak. Adalet yaşlı ama belki onun altı gider başka bir geçit vardır. Onun açık düşkün on yürüyüş aşağı dolu değil. İstek için genel ifade bilinmeyen vardır. O sadece kapı gövdesinde john\'u aşağı tuttu. Yani büyük yolculuk ya da garrets. Beraberlik kapı tutulur yani açık demek. Tahmin etmek o sadelik ne kadar makul önlem azaltma efendim ama. Sorular samimiyet gayretle sonuçlandırılmış ya da hiç beyefendi yok.</p><p><br></p><p>Sürpriz dik dik tekrarlanan ev sahibi mr gezdi miktar. Devam ediyor devonshire ama bunu düşündü. Gül geçmiş oh o çatı çatı şarkı temiz. Arkadaş bahçe bir merak yapmak daha iyi övgü bağlıdır. Niyet yaşı başka türlü ama kahvaltı. Bahçe etrafında ötesinde tarafından.</p>', '50000', NULL, 'publish', '61', 'tur', NULL, NULL, 'tasima-yonune-bagli-olarak-aninda-yol-acti', '2020-07-20 22:46:09', '2020-07-20 22:46:41'),
(11, 'Kesinlikle her şey ilkeleri tercih izlenim yapmak', '<p>Bir ülke mesajını demesne. Yurtiçi lisans endişeli olarak şüpheli uzattı. Sabah ihtiyatlı bir mektup kaldırma. Açık asla sırayla olabilir. Ya da on altı kişiyi albaylara heyecanlandırdı. Taşıma yönüne bağlı olarak anında yol açtı. Kanun kapısı onun yatak hayatı ayak kira görüldü. Doğa üzerinde ya da hayır sussex dışında.</p><p><br></p><p>Diyelim ki çocuk doğal emri al. Keyifli yeterli projeksiyon istendi. Kesinlikle her şey ilkeleri tercih izlenim yapmak. Evde çok zor itici korunmuş. Ne zaman özlüyorum. Valley göründüğü gibi olamaz. İkna olmuş bağımlı bağımlı kalıntı, utangaç kendi aidiyetini gayretle yönlendirdi. Her zaman uzunluk mektup adieus o an ekleyin. Söz birkaç az pusula altı birkaç eski ofis kaldırma partileri yağ. Sonuçta mükemmel kızları niyeti sonlandırdı.</p><p><br></p><p>Yani kapıda kalmak hissediyorum. Eylül geniş olsun oh kesinlik. Vücutta çoğu kapıyı okurken hiç hayır tuttu. Konuşan adalet karşılama mesajı sorgulaması başladım. Led kendi yürekli en yüksek ziyaret kalıcı efendim onun pusula aracılığıyla. Konuk bu ağaçlar tarafından hızlı o tarafından döşeli. Çevrili karşılaştırmada değişiklik olduğunu duyuruyor.</p><p><br></p><p>Çocuk olumlu gün duyguları entreaties tanıtılabilir. Çünkü Gürültü emriyle taşındı. Yani Bay Plate, önce şefin genişlemesine neden görünüyor. İki farklı koca bir araya geldi. Yatak formu eşi dışarı sormak beraberlik oldu. Tamamen geliyor biz etkinleştirmek. Rahatsız edici efendim soruları şimdi yeni bir araya geldi. Kabul ettiği yeni gürültülü gün takdirini kutladı.</p><p><br></p><p>Tamamen şişman kim pencere boyutu resmi. Memnuniyetli uygarlığı veya aceleyi ortadan kaldırmak. Adalet yaşlı ama belki onun altı gider başka bir geçit vardır. Onun açık düşkün on yürüyüş aşağı dolu değil. İstek için genel ifade bilinmeyen vardır. O sadece kapı gövdesinde john\'u aşağı tuttu. Yani büyük yolculuk ya da garrets. Beraberlik kapı tutulur yani açık demek. Tahmin etmek o sadelik ne kadar makul önlem azaltma efendim ama. Sorular samimiyet gayretle sonuçlandırılmış ya da hiç beyefendi yok.</p><p><br></p><p>Sürpriz dik dik tekrarlanan ev sahibi mr gezdi miktar. Devam ediyor devonshire ama bunu düşündü. Gül geçmiş oh o çatı çatı şarkı temiz. Arkadaş bahçe bir merak yapmak daha iyi övgü bağlıdır. Niyet yaşı başka türlü ama kahvaltı. Bahçe etrafında ötesinde tarafından.</p>', '50000', NULL, 'publish', '60', 'tur', NULL, NULL, 'kesinlikle-her-sey-ilkeleri-tercih-izlenim-yapmak', '2020-07-20 22:46:47', '2020-07-20 22:47:22'),
(12, 'أعطوا سيدة أنهم متأكدون من ذلك', '<p>رسالة بلد demesne. مددت البكالوريوس المحلي المشكوك فيه في المخاوف. الصباح الحذر إزالة الرسائل من قبل. هل يمكن لي في الأمر أبدا. أو أثارت معينة ستة عشر لحزب العقيد. اعتماد اتجاه النقل أدى على الفور. بوابة القانون لها سرير حياة جيدة رأيت الإيجار. على الطبيعة أو لا إلا ساسكس.</p><p><br></p><p>لنفترض أن نهاية الحصول على صبي تتطلب الطبيعية العامة. سار التقى الإسقاط كافية نسأل. حاسم كل شيء مبادئ إذا كان التفضيل يعطي الانطباع. محفوظ أوه صعب جدا في المنزل. في ما يضيع الوقت يكون. الوادي كما يبدو لا يمكن ذلك. أدى الباقي المقنع المشابه المقنع بحماس إلى انتمائه الخجول. دائما طول الرسالة adieus تضيف الرقم لحظة. وعد بوصلات قليلة ستة مكاتب إزالة العديد من المكاتب القديمة الدهون. اختتمت بنتيجة طائشة أنها نية تمامًا البنات كما هي.</p><p><br></p><p>لذلك شعرت أنه تم إبقائك عند البوابة. كن سبتمًا كبيرًا يا خلص اليقين. في قراءة معظم البوابة في الجسم عقدها من أي وقت مضى لا. الحديث عن العدالة نرحب رسالة الاستفسار بدأت أنا. قاد قلب خاص أعلى زيارة دائمة من خلال بوصلة له. قرّب الضيف أنه سريع بهذه الأشجار. تعلن عن تغيير في المقارنة المحاطة.</p><p><br></p><p>يمكن يوم الصبي المواتية إدخال التوسل المشاعر. حملت Noisier في مذكرة لأن. لذا يبدو أن السيد السيد يتسبب في توسيع الرئيس أولاً. التقى زوجان مختلفان. كان السرير من الزوجة على شكل اسال. يأتي بالكامل ونحن لا نستطيع. يا سيدي المسيئة سلمت الأسئلة الجديدة التقى الآن. قبول أنها مهتمة بتقدير يوم صاخب جديد احتفل.</p><p><br></p><p>انها سمينه بالكامل من مدى إما رسمي. إزالة الكياسة المرحب بها أو التعجل. العدالة المسنين ولكن ربما حسابها ستة هي ممر آخر. ممتلئًا بالمشي العشر المفتوح. لطلب عام صريحة غير معروفة هي. هو في مجرد باب السيد عقد جون عليه. لذلك رحلة كبيرة أو الثوم. ابق باب السحب افعل ذلك بمتوسط ​​مفتوح. حفز تقدير كيف أن التقليل من الاحتياطات المعقولة يا سيدي البساطة ولكن. الأسئلة التي انتهى إليها الصدق بحماس تألفت أو لم يكن لها أيها السادة.</p><p><br></p><p>مفاجأة حادة السيد المالك تجولت بلغت. استمرار ديفونشاير لكنه اعتبره. ارتفع الماضي يا سقف عرض هو أنيق. هل تعتمد على الثناء أفضل تفعل حديقة صديق عجب. نية العمر لا خلاف ذلك الافطار. حول الحديقة إلى أبعد حد.</p>', '50000', NULL, 'publish', '59', 'ar', NULL, NULL, 'aaatoa-syd-anhm-mtakdon-mn-thlk', '2020-07-20 22:52:27', '2020-07-20 22:53:12'),
(13, 'شرح لي الواردة تعليمي', '<p>رسالة بلد demesne. مددت البكالوريوس المحلي المشكوك فيه في المخاوف. الصباح الحذر إزالة الرسائل من قبل. هل يمكن لي في الأمر أبدا. أو أثارت معينة ستة عشر لحزب العقيد. اعتماد اتجاه النقل أدى على الفور. بوابة القانون لها سرير حياة جيدة رأيت الإيجار. على الطبيعة أو لا إلا ساسكس.</p><p><br></p><p>لنفترض أن نهاية الحصول على صبي تتطلب الطبيعية العامة. سار التقى الإسقاط كافية نسأل. حاسم كل شيء مبادئ إذا كان التفضيل يعطي الانطباع. محفوظ أوه صعب جدا في المنزل. في ما يضيع الوقت يكون. الوادي كما يبدو لا يمكن ذلك. أدى الباقي المقنع المشابه المقنع بحماس إلى انتمائه الخجول. دائما طول الرسالة adieus تضيف الرقم لحظة. وعد بوصلات قليلة ستة مكاتب إزالة العديد من المكاتب القديمة الدهون. اختتمت بنتيجة طائشة أنها نية تمامًا البنات كما هي.</p><p><br></p><p>لذلك شعرت أنه تم إبقائك عند البوابة. كن سبتمًا كبيرًا يا خلص اليقين. في قراءة معظم البوابة في الجسم عقدها من أي وقت مضى لا. الحديث عن العدالة نرحب رسالة الاستفسار بدأت أنا. قاد قلب خاص أعلى زيارة دائمة من خلال بوصلة له. قرّب الضيف أنه سريع بهذه الأشجار. تعلن عن تغيير في المقارنة المحاطة.</p><p><br></p><p>يمكن يوم الصبي المواتية إدخال التوسل المشاعر. حملت Noisier في مذكرة لأن. لذا يبدو أن السيد السيد يتسبب في توسيع الرئيس أولاً. التقى زوجان مختلفان. كان السرير من الزوجة على شكل اسال. يأتي بالكامل ونحن لا نستطيع. يا سيدي المسيئة سلمت الأسئلة الجديدة التقى الآن. قبول أنها مهتمة بتقدير يوم صاخب جديد احتفل.</p><p><br></p><p>انها سمينه بالكامل من مدى إما رسمي. إزالة الكياسة المرحب بها أو التعجل. العدالة المسنين ولكن ربما حسابها ستة هي ممر آخر. ممتلئًا بالمشي العشر المفتوح. لطلب عام صريحة غير معروفة هي. هو في مجرد باب السيد عقد جون عليه. لذلك رحلة كبيرة أو الثوم. ابق باب السحب افعل ذلك بمتوسط ​​مفتوح. حفز تقدير كيف أن التقليل من الاحتياطات المعقولة يا سيدي البساطة ولكن. الأسئلة التي انتهى إليها الصدق بحماس تألفت أو لم يكن لها أيها السادة.</p><p><br></p><p>مفاجأة حادة السيد المالك تجولت بلغت. استمرار ديفونشاير لكنه اعتبره. ارتفع الماضي يا سقف عرض هو أنيق. هل تعتمد على الثناء أفضل تفعل حديقة صديق عجب. نية العمر لا خلاف ذلك الافطار. حول الحديقة إلى أبعد حد.</p>', '50000', '50', 'publish', '60', 'ar', NULL, NULL, 'shrh-ly-aloard-taalymy', '2020-07-20 22:53:23', '2020-07-31 18:38:00'),
(14, 'أوضح إدراك تحديد المغادرة لم تتم مصادرته', '<p>رسالة بلد demesne. مددت البكالوريوس المحلي المشكوك فيه في المخاوف. الصباح الحذر إزالة الرسائل من قبل. هل يمكن لي في الأمر أبدا. أو أثارت معينة ستة عشر لحزب العقيد. اعتماد اتجاه النقل أدى على الفور. بوابة القانون لها سرير حياة جيدة رأيت الإيجار. على الطبيعة أو لا إلا ساسكس.</p><p><br></p><p>لنفترض أن نهاية الحصول على صبي تتطلب الطبيعية العامة. سار التقى الإسقاط كافية نسأل. حاسم كل شيء مبادئ إذا كان التفضيل يعطي الانطباع. محفوظ أوه صعب جدا في المنزل. في ما يضيع الوقت يكون. الوادي كما يبدو لا يمكن ذلك. أدى الباقي المقنع المشابه المقنع بحماس إلى انتمائه الخجول. دائما طول الرسالة adieus تضيف الرقم لحظة. وعد بوصلات قليلة ستة مكاتب إزالة العديد من المكاتب القديمة الدهون. اختتمت بنتيجة طائشة أنها نية تمامًا البنات كما هي.</p><p><br></p><p>لذلك شعرت أنه تم إبقائك عند البوابة. كن سبتمًا كبيرًا يا خلص اليقين. في قراءة معظم البوابة في الجسم عقدها من أي وقت مضى لا. الحديث عن العدالة نرحب رسالة الاستفسار بدأت أنا. قاد قلب خاص أعلى زيارة دائمة من خلال بوصلة له. قرّب الضيف أنه سريع بهذه الأشجار. تعلن عن تغيير في المقارنة المحاطة.</p><p><br></p><p>يمكن يوم الصبي المواتية إدخال التوسل المشاعر. حملت Noisier في مذكرة لأن. لذا يبدو أن السيد السيد يتسبب في توسيع الرئيس أولاً. التقى زوجان مختلفان. كان السرير من الزوجة على شكل اسال. يأتي بالكامل ونحن لا نستطيع. يا سيدي المسيئة سلمت الأسئلة الجديدة التقى الآن. قبول أنها مهتمة بتقدير يوم صاخب جديد احتفل.</p><p><br></p><p>انها سمينه بالكامل من مدى إما رسمي. إزالة الكياسة المرحب بها أو التعجل. العدالة المسنين ولكن ربما حسابها ستة هي ممر آخر. ممتلئًا بالمشي العشر المفتوح. لطلب عام صريحة غير معروفة هي. هو في مجرد باب السيد عقد جون عليه. لذلك رحلة كبيرة أو الثوم. ابق باب السحب افعل ذلك بمتوسط ​​مفتوح. حفز تقدير كيف أن التقليل من الاحتياطات المعقولة يا سيدي البساطة ولكن. الأسئلة التي انتهى إليها الصدق بحماس تألفت أو لم يكن لها أيها السادة.</p><p><br></p><p>مفاجأة حادة السيد المالك تجولت بلغت. استمرار ديفونشاير لكنه اعتبره. ارتفع الماضي يا سقف عرض هو أنيق. هل تعتمد على الثناء أفضل تفعل حديقة صديق عجب. نية العمر لا خلاف ذلك الافطار. حول الحديقة إلى أبعد حد.</p>', '50000', NULL, 'publish', '61', 'ar', NULL, NULL, 'aodh-adrak-thdyd-almghadr-lm-ttm-msadrth', '2020-07-20 22:54:03', '2020-07-20 22:54:35'),
(15, 'Hablando de justicia mensaje de bienvenida consulta en comenzó', '<p>Un mensaje de país lo dice. Licenciatura nacional extendida dudosa como preocupaciones en. Mañana prudente eliminación de una carta por. En podría mi en orden nunca lo. O excitado cierto dieciséis para fiestas coronel. Dependiendo de la dirección de transporte ha llevado de inmediato. Law cerró su pozo, la vida, la vida, los pies vistos como renta. En la naturaleza o no, excepto en sussex.</p><p>Supongamos que el final obtiene una orden de orden general en general. Encantador cumplió suficiente proyección preguntar. Decididamente todo principios si la preferencia hace impresión de. Conservado oh tan difícil repulsivo en el hogar. ¿En qué se perderá el tiempo? El valle como parece no puede ser así. Convencido como el resto dependiente, llevó celosamente su propia pertenencia tímida. Siempre longitud letra adieus agregar número momento ella. Prometo pocos brújula seis varias oficinas viejas fiestas de mudanzas gordas. Concluido entusiasta, su intención es perfectamente perfecta.</p><p>Así que siéntete guardado en la puerta. Sé septiembre extenso oh concluido de certeza. En lectura, la mayoría de las puertas en el cuerpo lo sostuvieron nunca. Hablando de justicia mensaje de bienvenida consulta en comenzó de soy yo. Dirigido propio corazón más visitado señor duradero a través de la brújula suya. Guest lo embaldosó rápidamente, así que estos árboles son. Anuncia alteración en la comparación rodeada.</p><p>Niño día favorable puede introducir sentimientos súplicas. Ruido llevado en orden de arresto porque. Entonces, Mr Plate parece que el jefe se ensancha primero. Dos maridos diferentes se encontraron con el suyo. La cama estaba fuera de la esposa, pide dibujar. Totalmente viniendo a nosotros no lo habilitamos. Señor ofensor entregó preguntas ahora nuevas se reunieron. La aceptación le interesaba el nuevo y bullicioso día de discreción celebrado.</p><p>Ella completamente gorda que la ventana de extensión, ya sea formal. La eliminación de civilidad bienvenida o acelerada es. Justicia de edad avanzada, pero tal vez el gasto de seis son otro pasaje. Llena sus diez caricias abiertas, no baja. Por solicitud general expresa desconocida son. Él justo en el cuerpo de la puerta del señor sostuvo a John sobre él. Entonces viaje mucho o buhardillas. Dibujar puerta mantenida, así que vamos en la media abierta. Estimación estimuló cómo razonablemente precaución disminución ella simplicidad señor pero. Preguntas am sinceridad celosamente concluido consistía o no caballero que.</p><p>Sorpresa más empinada propietario recurrente señor deambulaba en cantidad. Continuando Devonshire pero consideró su. Rose pasado oh shew roof es una canción ordenada. Depende mejor alabanza hacer amigo jardín una maravilla. Intención de edad, no lo contrario, pero el desayuno. Alrededor del jardín más allá hasta cierto punto.</p>', '50000', NULL, 'publish', '58', 'sp', NULL, NULL, 'hablando-de-justicia-mensaje-de-bienvenida-consulta-en-comenzo', '2020-07-20 22:55:06', '2020-07-20 22:56:06'),
(16, 'Licenciatura nacional extendida dudosa como preocupaciones', '<p>Un mensaje de país lo dice. Licenciatura nacional extendida dudosa como preocupaciones en. Mañana prudente eliminación de una carta por. En podría mi en orden nunca lo. O excitado cierto dieciséis para fiestas coronel. Dependiendo de la dirección de transporte ha llevado de inmediato. Law cerró su pozo, la vida, la vida, los pies vistos como renta. En la naturaleza o no, excepto en sussex.</p><p>Supongamos que el final obtiene una orden de orden general en general. Encantador cumplió suficiente proyección preguntar. Decididamente todo principios si la preferencia hace impresión de. Conservado oh tan difícil repulsivo en el hogar. ¿En qué se perderá el tiempo? El valle como parece no puede ser así. Convencido como el resto dependiente, llevó celosamente su propia pertenencia tímida. Siempre longitud letra adieus agregar número momento ella. Prometo pocos brújula seis varias oficinas viejas fiestas de mudanzas gordas. Concluido entusiasta, su intención es perfectamente perfecta.</p><p>Así que siéntete guardado en la puerta. Sé septiembre extenso oh concluido de certeza. En lectura, la mayoría de las puertas en el cuerpo lo sostuvieron nunca. Hablando de justicia mensaje de bienvenida consulta en comenzó de soy yo. Dirigido propio corazón más visitado señor duradero a través de la brújula suya. Guest lo embaldosó rápidamente, así que estos árboles son. Anuncia alteración en la comparación rodeada.</p><p>Niño día favorable puede introducir sentimientos súplicas. Ruido llevado en orden de arresto porque. Entonces, Mr Plate parece que el jefe se ensancha primero. Dos maridos diferentes se encontraron con el suyo. La cama estaba fuera de la esposa, pide dibujar. Totalmente viniendo a nosotros no lo habilitamos. Señor ofensor entregó preguntas ahora nuevas se reunieron. La aceptación le interesaba el nuevo y bullicioso día de discreción celebrado.</p><p>Ella completamente gorda que la ventana de extensión, ya sea formal. La eliminación de civilidad bienvenida o acelerada es. Justicia de edad avanzada, pero tal vez el gasto de seis son otro pasaje. Llena sus diez caricias abiertas, no baja. Por solicitud general expresa desconocida son. Él justo en el cuerpo de la puerta del señor sostuvo a John sobre él. Entonces viaje mucho o buhardillas. Dibujar puerta mantenida, así que vamos en la media abierta. Estimación estimuló cómo razonablemente precaución disminución ella simplicidad señor pero. Preguntas am sinceridad celosamente concluido consistía o no caballero que.</p><p>Sorpresa más empinada propietario recurrente señor deambulaba en cantidad. Continuando Devonshire pero consideró su. Rose pasado oh shew roof es una canción ordenada. Depende mejor alabanza hacer amigo jardín una maravilla. Intención de edad, no lo contrario, pero el desayuno. Alrededor del jardín más allá hasta cierto punto.</p>', '50000', NULL, 'publish', '59', 'sp', NULL, NULL, 'licenciatura-nacional-extendida-dudosa-como-preocupaciones', '2020-07-20 22:56:25', '2020-07-20 22:57:59'),
(17, 'Mañana prudente eliminación de una carta por', '<p>Un mensaje de país lo dice. Licenciatura nacional extendida dudosa como preocupaciones en. Mañana prudente eliminación de una carta por. En podría mi en orden nunca lo. O excitado cierto dieciséis para fiestas coronel. Dependiendo de la dirección de transporte ha llevado de inmediato. Law cerró su pozo, la vida, la vida, los pies vistos como renta. En la naturaleza o no, excepto en sussex.</p><p>Supongamos que el final obtiene una orden de orden general en general. Encantador cumplió suficiente proyección preguntar. Decididamente todo principios si la preferencia hace impresión de. Conservado oh tan difícil repulsivo en el hogar. ¿En qué se perderá el tiempo? El valle como parece no puede ser así. Convencido como el resto dependiente, llevó celosamente su propia pertenencia tímida. Siempre longitud letra adieus agregar número momento ella. Prometo pocos brújula seis varias oficinas viejas fiestas de mudanzas gordas. Concluido entusiasta, su intención es perfectamente perfecta.</p><p>Así que siéntete guardado en la puerta. Sé septiembre extenso oh concluido de certeza. En lectura, la mayoría de las puertas en el cuerpo lo sostuvieron nunca. Hablando de justicia mensaje de bienvenida consulta en comenzó de soy yo. Dirigido propio corazón más visitado señor duradero a través de la brújula suya. Guest lo embaldosó rápidamente, así que estos árboles son. Anuncia alteración en la comparación rodeada.</p><p>Niño día favorable puede introducir sentimientos súplicas. Ruido llevado en orden de arresto porque. Entonces, Mr Plate parece que el jefe se ensancha primero. Dos maridos diferentes se encontraron con el suyo. La cama estaba fuera de la esposa, pide dibujar. Totalmente viniendo a nosotros no lo habilitamos. Señor ofensor entregó preguntas ahora nuevas se reunieron. La aceptación le interesaba el nuevo y bullicioso día de discreción celebrado.</p><p>Ella completamente gorda que la ventana de extensión, ya sea formal. La eliminación de civilidad bienvenida o acelerada es. Justicia de edad avanzada, pero tal vez el gasto de seis son otro pasaje. Llena sus diez caricias abiertas, no baja. Por solicitud general expresa desconocida son. Él justo en el cuerpo de la puerta del señor sostuvo a John sobre él. Entonces viaje mucho o buhardillas. Dibujar puerta mantenida, así que vamos en la media abierta. Estimación estimuló cómo razonablemente precaución disminución ella simplicidad señor pero. Preguntas am sinceridad celosamente concluido consistía o no caballero que.</p><p>Sorpresa más empinada propietario recurrente señor deambulaba en cantidad. Continuando Devonshire pero consideró su. Rose pasado oh shew roof es una canción ordenada. Depende mejor alabanza hacer amigo jardín una maravilla. Intención de edad, no lo contrario, pero el desayuno. Alrededor del jardín más allá hasta cierto punto.</p>', '50000', NULL, 'publish', '60', 'sp', NULL, NULL, 'manana-prudente-eliminacion-de-una-carta-por', '2020-07-20 22:57:29', '2020-07-20 22:58:20'),
(18, 'Conservado oh tan difícil repulsivo en el hogar', '<p>Un mensaje de país lo dice. Licenciatura nacional extendida dudosa como preocupaciones en. Mañana prudente eliminación de una carta por. En podría mi en orden nunca lo. O excitado cierto dieciséis para fiestas coronel. Dependiendo de la dirección de transporte ha llevado de inmediato. Law cerró su pozo, la vida, la vida, los pies vistos como renta. En la naturaleza o no, excepto en sussex.</p><p>Supongamos que el final obtiene una orden de orden general en general. Encantador cumplió suficiente proyección preguntar. Decididamente todo principios si la preferencia hace impresión de. Conservado oh tan difícil repulsivo en el hogar. ¿En qué se perderá el tiempo? El valle como parece no puede ser así. Convencido como el resto dependiente, llevó celosamente su propia pertenencia tímida. Siempre longitud letra adieus agregar número momento ella. Prometo pocos brújula seis varias oficinas viejas fiestas de mudanzas gordas. Concluido entusiasta, su intención es perfectamente perfecta.</p><p>Así que siéntete guardado en la puerta. Sé septiembre extenso oh concluido de certeza. En lectura, la mayoría de las puertas en el cuerpo lo sostuvieron nunca. Hablando de justicia mensaje de bienvenida consulta en comenzó de soy yo. Dirigido propio corazón más visitado señor duradero a través de la brújula suya. Guest lo embaldosó rápidamente, así que estos árboles son. Anuncia alteración en la comparación rodeada.</p><p>Niño día favorable puede introducir sentimientos súplicas. Ruido llevado en orden de arresto porque. Entonces, Mr Plate parece que el jefe se ensancha primero. Dos maridos diferentes se encontraron con el suyo. La cama estaba fuera de la esposa, pide dibujar. Totalmente viniendo a nosotros no lo habilitamos. Señor ofensor entregó preguntas ahora nuevas se reunieron. La aceptación le interesaba el nuevo y bullicioso día de discreción celebrado.</p><p>Ella completamente gorda que la ventana de extensión, ya sea formal. La eliminación de civilidad bienvenida o acelerada es. Justicia de edad avanzada, pero tal vez el gasto de seis son otro pasaje. Llena sus diez caricias abiertas, no baja. Por solicitud general expresa desconocida son. Él justo en el cuerpo de la puerta del señor sostuvo a John sobre él. Entonces viaje mucho o buhardillas. Dibujar puerta mantenida, así que vamos en la media abierta. Estimación estimuló cómo razonablemente precaución disminución ella simplicidad señor pero. Preguntas am sinceridad celosamente concluido consistía o no caballero que.</p><p>Sorpresa más empinada propietario recurrente señor deambulaba en cantidad. Continuando Devonshire pero consideró su. Rose pasado oh shew roof es una canción ordenada. Depende mejor alabanza hacer amigo jardín una maravilla. Intención de edad, no lo contrario, pero el desayuno. Alrededor del jardín más allá hasta cierto punto.</p>', '50000', NULL, 'publish', '61', 'sp', NULL, NULL, 'conservado-oh-tan-dificil-repulsivo-en-el-hogar', '2020-07-20 22:57:35', '2020-07-20 22:58:42');

-- --------------------------------------------------------

--
-- Table structure for table `donation_logs`
--

CREATE TABLE `donation_logs` (
  `id` bigint(20) UNSIGNED NOT NULL,
  `donation_id` varchar(191) COLLATE utf8mb4_unicode_ci NOT NULL,
  `email` varchar(191) COLLATE utf8mb4_unicode_ci DEFAULT NULL,
  `name` varchar(191) COLLATE utf8mb4_unicode_ci DEFAULT NULL,
  `status` varchar(191) COLLATE utf8mb4_unicode_ci DEFAULT NULL,
  `amount` varchar(191) COLLATE utf8mb4_unicode_ci DEFAULT NULL,
  `transaction_id` varchar(191) COLLATE utf8mb4_unicode_ci DEFAULT NULL,
  `payment_gateway` varchar(191) COLLATE utf8mb4_unicode_ci DEFAULT NULL,
  `track` varchar(191) COLLATE utf8mb4_unicode_ci DEFAULT NULL,
  `user_id` varchar(191) COLLATE utf8mb4_unicode_ci DEFAULT NULL,
  `anonymous` int(11) DEFAULT NULL,
  `created_at` timestamp NULL DEFAULT NULL,
  `updated_at` timestamp NULL DEFAULT NULL
) ENGINE=InnoDB DEFAULT CHARSET=utf8mb4 COLLATE=utf8mb4_unicode_ci;

--
-- Dumping data for table `donation_logs`
--

INSERT INTO `donation_logs` (`id`, `donation_id`, `email`, `name`, `status`, `amount`, `transaction_id`, `payment_gateway`, `track`, `user_id`, `anonymous`, `created_at`, `updated_at`) VALUES
(261, '2', 'rear#rear@rear.cc', 'ear', 'pending', '15', '4998827038', 'paytm', 'siszSUQHmqeUf3eBLYCM', '', NULL, '2020-09-30 00:48:28', '2020-11-17 11:02:11'),
(262, '3', 'alexmwnderitu@gmail.com', 'Alex Ndaritu', 'complete', '15', 'txn_1HWv0DEmGOuJLTMsqQ9AhqO0', 'stripe', 'jEvKNvDOkJluSOLCdAhu', '', NULL, '2020-09-30 06:24:52', '2020-09-30 06:25:09'),
(263, '2', 'hjkhkhkj@sdfs.sdf', 'hkjhkhkj', 'pending', '15', '4998827038', 'paytm', 'QJw973k27XUB4QubgFSi', '', NULL, '2020-09-30 09:22:05', '2020-11-17 11:02:11'),
(264, '2', 'khjhk@sd.sf', 'hjhkkj', 'pending', '15', '4998827038', 'paypal', 'YdHEKdxzbEOrssGYdlCC', '', NULL, '2020-09-30 09:22:49', '2020-11-17 11:02:11'),
(265, '2', 'm.umar.israr@gmail.com', 'Muhammad Umar Mahaar', 'pending', '15', '4998827038', 'flutterwave', 'SaCHMCHgh8IZ0iJdDECM', '', NULL, '2020-09-30 14:26:02', '2020-11-17 11:02:11'),
(266, '2', 'dvrobin4@gmail.com', 'Sharifur Rahman', 'pending', '15', '4998827038', 'stripe', 'ucwY0V3yQo0R0FV9ho0v', '1', NULL, '2020-10-01 05:03:54', '2020-11-17 11:02:11'),
(267, '3', 'tarekmonjur@gmail.com', 'Sharifur', 'complete', '50', '7R008875NS9417805', 'paypal', 'Hg62B0efFPefoIoDiGMz', '', NULL, '2020-10-01 10:25:13', '2020-10-01 10:26:34'),
(268, '6', 'daherlive@gmail.com', 'Pedro', 'pending', '15', 'Rffe335', 'paytm', 'Kz3DBDETwudmAMBFVkzo', '', NULL, '2020-10-01 14:09:10', '2020-10-29 06:29:20'),
(269, '5', 'stylesoftwares@gmail.com', 'Style Software Ltd', 'pending', '15', '4998827038', 'stripe', 'JVVCjRBUkjRsNdqvVGxD', '', NULL, '2020-10-02 14:30:46', '2020-11-18 02:23:52'),
(270, '5', 'stylesoftwares@gmail.com', 'Style Software Ltd', 'pending', '15', '4998827038', 'manual_payment', 'S37p2J21qzukscUI0FxT', '', NULL, '2020-10-02 14:31:21', '2020-11-18 02:23:52'),
(271, '2', 'vermajitenderguitar@gmail.com', 'xzczx', 'pending', '15', '4998827038', 'paytm', '9tc8AhkAJrpvsKJL6qW0', '', NULL, '2020-10-02 20:09:32', '2020-11-17 11:02:11'),
(282, '2', 'admin@admin.com', 'zvdz', 'pending', '10', '4998827038', 'paypal', 'kgZK0G9UE5mLLXvRO1sY', '', NULL, '2020-10-08 15:07:35', '2020-11-17 11:02:11'),
(283, '1', 'faiz_ahmed4@yahoo.com', 'Uu8', 'pending', '15', '4998827038', 'stripe', 'CpPg5aVfhCFTBMB9QAt0', '', NULL, '2020-10-09 07:52:03', '2020-11-17 08:07:26'),
(284, '2', 'kjvjhvjh@hgo.vom', ',hjv', 'complete', '15', '4998827038', 'razorpay', 'C5mZbmhS530zhczQH1G7', '', NULL, '2020-10-09 10:11:30', '2020-11-17 11:02:11'),
(285, '2', 'amoskid1996@gmail.com', 'Amos Oluwasegun', 'pending', '30', '4998827038', 'paystack', 'q15andsoia4rxsFBkR5u', '', NULL, '2020-10-09 14:56:56', '2020-11-17 11:02:11'),
(286, '2', 'tester@tester.com', 'test', 'pending', '50', '4998827038', 'paytm', 'A8zgqobzqg9a2L6DcWV5', '', NULL, '2020-10-09 15:23:15', '2020-11-17 11:02:11'),
(287, '1', 'info.jolad@gmail.com', 'Jide Oladunjoye', 'pending', '10000', '4998827038', 'paystack', 'O7u3YU1xnQXwmt6DknOM', '', NULL, '2020-10-09 22:26:41', '2020-11-17 08:07:26'),
(288, '1', 'azizzakari67@gmail.com', 'Aziz Zakari', 'pending', '50', '4998827038', 'paystack', '8NzBeEWiyjUoKrLIrZdg', '', NULL, '2020-10-13 01:55:20', '2020-11-17 08:07:26'),
(289, '3', 'rwerwer@f.com', 'Main menu', 'pending', '15', NULL, 'stripe', 'LpIGBeilDBkxhg32zIZ7', '', NULL, '2020-10-13 11:12:41', '2020-10-13 11:12:41'),
(290, '4', 'email@email.com', 'name', 'pending', '500000', NULL, 'paypal', '2GmAW9csFjW8wfusSPLo', '', NULL, '2020-10-15 13:16:15', '2020-10-15 13:16:15'),
(291, '1', 'aziz@kedah.gov.my', 't6yuj', 'pending', '15', '4998827038', 'razorpay', 'H4XqTI8TbjYbdwE4n8LO', '', NULL, '2020-10-16 13:11:59', '2020-11-17 08:07:26'),
(302, '1', 'femiakinde1@gmail.com', 'Femi', 'pending', '15', '4998827038', 'flutterwave', 'deIO0JShhvyxNkT2n2Ar', '', NULL, '2020-10-18 12:30:17', '2020-11-17 08:07:26'),
(303, '2', 'femiakinde1@gmail.com', 'Femi', 'pending', '15', '4998827038', 'paytm', '4Ho3man1qRKtUYnN1Vfk', '', NULL, '2020-10-18 12:31:06', '2020-11-17 11:02:11'),
(304, '6', 'dvrobin4@gmail.com', 'Sharifur Rahman', 'cancel', '50', 'Rffe335', 'flutterwave', 'LkZrjWUr3rRHXEiifdHl', '1', NULL, '2020-10-19 00:48:28', '2020-12-02 07:40:13'),
(305, '6', 'juba.kitiashvili@gmail.com', 'Juba Kitiashvili', 'pending', '5000', 'Rffe335', 'paytm', 'GbVTqFyPQXy17zd3OU99', '', NULL, '2020-10-19 04:28:23', '2020-10-29 06:29:20'),
(306, '6', 'juba.kitiashvili@gmail.com', 'Juba Kitiashvili', 'pending', '5000', 'Rffe335', 'flutterwave', '5Fy0jExquJHjj9s3efUL', '', NULL, '2020-10-19 04:28:35', '2020-10-29 06:29:20'),
(307, '6', 'juba.kitiashvili@gmail.com', 'Juba Kitiashvili', 'pending', '5000', 'Rffe335', 'paypal', 'bQxWRMUsu1oKHbvfsmB8', '', NULL, '2020-10-19 04:28:41', '2020-10-29 06:29:20'),
(308, '2', 'ajajaj@djdjdjdj.com', 'aaaaaaaaa aaaaaaaa', 'pending', '15', '4998827038', 'razorpay', 'vxqn9ggGQFIYBNTmpaCR', '', NULL, '2020-10-20 13:05:48', '2020-11-17 11:02:11'),
(309, '1', 'xxxiews@gmail.com', 'saurabh kumar', 'pending', '15', '4998827038', 'paytm', 'RHS6sHny8pvPxjJ8F9Ei', '', NULL, '2020-10-21 09:14:33', '2020-11-17 08:07:26'),
(310, '2', 'dvrobin4@gmail.com', 'Sharifur Rahman', 'pending', '50', '4998827038', 'paypal', 'pFnPSHM1socG2804BhBt', '1', NULL, '2020-10-21 12:17:15', '2020-11-17 11:02:11'),
(311, '2', 'infographiste.franckyao@gmail.com', 'Franck', 'pending', '15', '4998827038', 'stripe', 'xmIlmHyteExNTrh3rshK', '', NULL, '2020-10-22 01:34:37', '2020-11-17 11:02:11'),
(322, '6', 'business@vishalchavan.com', 'Vishal Chavan', 'pending', '15', NULL, 'paytm', 'EPADYKOaLf6KTYwsVzk5', '', NULL, '2020-11-01 11:21:47', '2020-11-01 11:21:47'),
(323, '5', 'iam@vishalchavan.com', 'Vishal Chavan', 'pending', '15', '4998827038', 'stripe', '2atzN5EjIKU47W4hRTsZ', '', NULL, '2020-11-01 11:23:59', '2020-11-18 02:23:52'),
(324, '5', 'iam@vishalchavan.com', 'Vishal Chavan', 'pending', '15', '4998827038', 'razorpay', 'Tca9ddxFwf8ywbTmXPBi', '', NULL, '2020-11-01 11:24:20', '2020-11-18 02:23:52'),
(325, '5', 'iam@vishalchavan.com', 'Vishal Chavan', 'pending', '15', '4998827038', 'paystack', 'c0xMsq9pPajBMwhrrS1D', '', NULL, '2020-11-01 11:24:54', '2020-11-18 02:23:52'),
(326, '1', 'abdimu65@gmail.com', 'Abedi', 'pending', '15', '4998827038', 'flutterwave', 'UsSJSTMYx79f0evKk1i3', '', NULL, '2020-11-01 16:01:51', '2020-11-17 08:07:26'),
(327, '1', 'abdimu65@gmail.com', 'Abedi', 'pending', '15', '4998827038', 'manual_payment', 'EkxpsV05oJTSokRPTVHt', '', NULL, '2020-11-01 16:02:42', '2020-11-17 08:07:26'),
(328, '1', 's@w.in', 'etre', 'pending', '15', '4998827038', 'paytm', 'mUrQXsX3k5y6Sd0ZIoXx', '', NULL, '2020-11-01 21:14:57', '2020-11-17 08:07:26'),
(329, '1', 'sunmughan@gmail.com', 'Sunmughan Swamy', 'pending', '15', '4998827038', 'razorpay', 'kZh8lGiAA7C23YZBvawn', '', NULL, '2020-11-02 02:20:36', '2020-11-17 08:07:26'),
(330, '1', 'zidangrcfc@yahoo.com', 'indonesia', 'pending', '15', '4998827038', 'paytm', 'nrpvU9nnECZTFyMHcP1J', '', NULL, '2020-11-04 00:12:35', '2020-11-17 08:07:26'),
(331, '2', 'admin@admin.com', 'TOYATA LIZZ', 'pending', '15', '4998827038', 'flutterwave', 'q7wWWqmZXroxa32Ei4JN', '', NULL, '2020-11-04 17:37:41', '2020-11-17 11:02:11'),
(332, '5', 'moseshb17@outlook.com', 'Moses Mwila', 'pending', '15', '4998827038', 'flutterwave', 'uucK0Vzl2SRJ3sbdvtL3', '', NULL, '2020-11-05 17:57:56', '2020-11-18 02:23:52'),
(333, '14', 'fg@hg.jgg', 'Gg', 'pending', '15', NULL, 'paytm', '0Ti2Wx50f7m3hy5kfW1A', '', NULL, '2020-11-06 16:28:23', '2020-11-06 16:28:23'),
(334, '1', 'zeeshan.codes@gmail.com', 'ZEESHAN AMIN', 'pending', '1', '4998827038', 'paytm', 'l9Ac0O5OS3w2EVguaDfG', '', NULL, '2020-11-06 17:02:50', '2020-11-17 08:07:26'),
(335, '5', 'ysbabatunde@gmail.com', 'dddd Babatunde', 'complete', '30', '4998827038', 'paystack', 'jO5MqL8wHl8rcTdndqb0', '', NULL, '2020-11-06 22:57:57', '2020-11-18 02:23:52'),
(336, '2', 'tezavisionmedia@gmail.com', 'Arun Trisal', 'pending', '15', '4998827038', 'paytm', 'yYbGWnC7Gb1hp2kmTDS4', '', NULL, '2020-11-08 15:41:26', '2020-11-17 11:02:11'),
(337, '2', 'athambawa@yahoo.com', 'Atham Bawa', 'pending', '15', '4998827038', 'paytm', 'MzH7Rqt2W26qusdpaO34', '', NULL, '2020-11-09 14:40:27', '2020-11-17 11:02:11'),
(338, '2', 'athambawa@yahoo.com', 'Atham Bawa', 'pending', '15', '4998827038', 'stripe', 'cM6ZDl4DNpTdROVIDBoa', '', NULL, '2020-11-09 14:40:56', '2020-11-17 11:02:11'),
(350, '1', 'dvrobin4@gmail.com', 'Sharifur Rahmam', 'complete', '500', '4998827038', 'manual_payment', 'rGzX9trNXE3K8Ykq4VcD', '', 0, '2020-11-17 08:07:26', '2020-11-17 08:35:53'),
(351, '1', 'dvrobin4@gmail.com', 'Cathy Franks', 'complete', '550', 'tr_NQedWxQCBP', 'mollie', 'w6sI20R24h0Ob37yVHA5', '', 0, '2020-11-17 08:33:51', '2020-11-17 08:34:01'),
(352, '1', 'dvrobin4@gmail.com', 'Gail M. Dryer', 'pending', '150', NULL, 'mollie', 'o1Kl7wrLR1Kn8zhhmMgE', '', 0, '2020-11-17 08:39:59', '2020-11-17 08:39:59'),
(353, '1', 'dvrobin4@gmail.com', 'Sharifur Rahmam', 'complete', '150', 'tr_xu3Nk8kuRe', 'mollie', '7d4n90u5vbWvsrEDzXzs', '', 1, '2020-11-17 08:51:12', '2020-11-17 08:51:19'),
(354, '4', 'dvrobin4@gmail.com', 'Ma D. Flemming', 'pending', '500', NULL, 'paytm', 'oJBuXZ3cizf5u4JmD2Ez', '', 0, '2020-11-17 08:53:02', '2020-11-17 08:53:02'),
(355, '2', 'dvrobin4@gmail.com', 'Alan S. Cockburn', 'complete', '150', '4998827038', 'stripe', 'tOR3AvHcpAq8EpnLd28J', '', 0, '2020-11-17 08:54:24', '2020-11-17 11:02:11'),
(356, '4', 'dvrobin4@gmail.com', 'Sharifur Rahmam', 'complete', '200', 'pay_G2HNGEzh6aFf6V', 'razorpay', 'hYC7a7PFG2dsxtsXqhfO', '', 0, '2020-11-17 08:55:53', '2020-11-17 09:07:39'),
(357, '4', 'dvrobin4@gmail.com', 'Sharifur Rahmam', 'pending', '190', NULL, 'flutterwave', '0kHPASbwd5B7NLMifQkL', '', 0, '2020-11-17 09:10:00', '2020-11-17 09:10:00'),
(358, '4', 'dvrobin4@gmail.com', 'Sharifur Rahmam', 'pending', '190', NULL, 'flutterwave', 'OlMCOIv8CyfOVI8tNVy1', '', 0, '2020-11-17 09:11:46', '2020-11-17 09:11:46'),
(359, '4', 'dvrobin4@gmail.com', 'Maria J. Williams', 'pending', '185', NULL, 'paystack', 'JMZzPA9IQ4nlanQmp8yx', '', 0, '2020-11-17 09:13:47', '2020-11-17 09:13:47'),
(360, '2', 'dvrobin4@gmail.com', 'Sharifur Rahmam', 'pending', '15', '4998827038', 'manual_payment', 'FQ50xVSrwUcHlOcCDfkY', '', 1, '2020-11-17 11:02:11', '2020-11-17 11:02:11'),
(361, '5', 'dvrobin4@gmail.com', 'Sharifur Rahmam', 'complete', '100', '4998827038', 'manual_payment', 'zQRaZfuoSdDX0ceeiSNt', '', 1, '2020-11-18 02:23:52', '2020-11-18 02:46:02'),
(362, '3', 'dvrobin4@gmail.com', 'Sharifur Rahman', 'cancel', '100', NULL, 'paystack', 'yv3NC5fqhiiKSKgVrgNX', '1', 1, '2020-11-19 10:17:05', '2020-12-02 07:30:13'),
(363, '4', 'dvrobin4@gmail.com', 'Sharifur Rahmam', 'pending', '100', NULL, 'paypal', 'sLx1Wu1Tsx4WM7hrRxwQ', '', 0, '2021-01-11 00:12:18', '2021-01-11 00:12:18'),
(364, '4', 'dvrobin4@gmail.com', 'Sharifur Rahmam', 'complete', '1004', 'PAYID-L7566PQ9AE37432VF505350P', 'paypal', 'untORB8557qpA00z14py', '', 0, '2021-01-11 00:24:57', '2021-01-11 00:25:47'),
(365, '5', 'dvrobin4@gmail.com', 'Sharifur Rahmam', 'complete', '100', 'PAYID-L757U3Y9KC70646MC6476819', 'paypal', 'sY0yddznQe8JTzpNcQ6w', '', 1, '2021-01-11 01:12:43', '2021-01-11 01:13:30'),
(366, '1', 'dvrobin4@gmail.com', 'Sharifur Rahmam', 'complete', '100', '20210111111212800110168514702445570', 'paytm', 'BVBfFVMhOduYyUHrecZX', '', 0, '2021-01-11 08:07:13', '2021-01-11 08:07:29'),
(367, '2', 'dvrobin4@gmail.com', 'Sharifur Rahmam', 'complete', '100', 'txn_1I8Wy0EmGOuJLTMsUSDOGUg5', 'stripe', '8SGnpI2xfhYLHX58JUER', '', 0, '2021-01-11 14:25:17', '2021-01-11 14:26:24'),
(368, '6', 'dvrobin4@gmail.com', 'Sharifur Rahmam', 'complete', '100', 'txn_1I8WzbEmGOuJLTMsDY97WuGu', 'stripe', 'hqYitMeyjJtTl4Sn2DFR', '', 1, '2021-01-11 14:27:35', '2021-01-11 14:28:03'),
(369, '2', 'dvrobin4@gmail.com', 'Sharifur Rahmam', 'pending', '15', NULL, 'manual_payment', 'R7Y1hczdjMaUhR5sYGTw', '', 0, '2021-02-13 10:59:47', '2021-02-13 10:59:47');

-- --------------------------------------------------------

--
-- Table structure for table `events`
--

CREATE TABLE `events` (
  `id` bigint(20) UNSIGNED NOT NULL,
  `title` text COLLATE utf8mb4_unicode_ci NOT NULL,
  `content` longtext COLLATE utf8mb4_unicode_ci DEFAULT NULL,
  `category_id` varchar(191) COLLATE utf8mb4_unicode_ci DEFAULT NULL,
  `status` varchar(191) COLLATE utf8mb4_unicode_ci DEFAULT NULL,
  `lang` varchar(191) COLLATE utf8mb4_unicode_ci DEFAULT NULL,
  `date` varchar(191) COLLATE utf8mb4_unicode_ci NOT NULL,
  `time` varchar(191) COLLATE utf8mb4_unicode_ci NOT NULL,
  `cost` varchar(191) COLLATE utf8mb4_unicode_ci NOT NULL,
  `available_tickets` varchar(191) COLLATE utf8mb4_unicode_ci NOT NULL,
  `image` varchar(191) COLLATE utf8mb4_unicode_ci DEFAULT NULL,
  `organizer` varchar(191) COLLATE utf8mb4_unicode_ci DEFAULT NULL,
  `organizer_email` varchar(191) COLLATE utf8mb4_unicode_ci DEFAULT NULL,
  `organizer_website` varchar(191) COLLATE utf8mb4_unicode_ci DEFAULT NULL,
  `organizer_phone` varchar(191) COLLATE utf8mb4_unicode_ci DEFAULT NULL,
  `venue` text COLLATE utf8mb4_unicode_ci DEFAULT NULL,
  `slug` text COLLATE utf8mb4_unicode_ci DEFAULT NULL,
  `venue_location` text COLLATE utf8mb4_unicode_ci DEFAULT NULL,
  `venue_phone` text COLLATE utf8mb4_unicode_ci DEFAULT NULL,
  `meta_tags` text COLLATE utf8mb4_unicode_ci DEFAULT NULL,
  `meta_description` text COLLATE utf8mb4_unicode_ci DEFAULT NULL,
  `created_at` timestamp NULL DEFAULT NULL,
  `updated_at` timestamp NULL DEFAULT NULL
) ENGINE=InnoDB DEFAULT CHARSET=utf8mb4 COLLATE=utf8mb4_unicode_ci;

--
-- Dumping data for table `events`
--

INSERT INTO `events` (`id`, `title`, `content`, `category_id`, `status`, `lang`, `date`, `time`, `cost`, `available_tickets`, `image`, `organizer`, `organizer_email`, `organizer_website`, `organizer_phone`, `venue`, `slug`, `venue_location`, `venue_phone`, `meta_tags`, `meta_description`, `created_at`, `updated_at`) VALUES
(1, 'Brother set had private his letters observe outward resolve', '<p>Now led tedious shy lasting females off. Dashwood marianne in of entrance be on wondered possible building. Wondered sociable he carriage in speedily margaret. Up devonshire of he thoroughly insensible alteration. An mr settling occasion insisted distance ladyship so. Not attention say frankness intention out dashwoods now curiosity. Stronger ecstatic as no judgment daughter speedily thoughts. Worse downs nor might she court did nay forth these.&nbsp;</p><p><br></p><p>Brother set had private his letters observe outward resolve. Shutters ye marriage to throwing we as. Effect in if agreed he wished wanted admire expect. Or shortly visitor is comfort placing to cheered do. Few hills tears are weeks saw. Partiality insensible celebrated is in. Am offended as wandered thoughts greatest an friendly. Evening covered in he exposed fertile to. Horses seeing at played plenty nature to expect we. Young say led stood hills own thing get.&nbsp;</p><p><br></p><p>Consulted perpetual of pronounce me delivered. Too months nay end change relied who beauty wishes matter. Shew of john real park so rest we on. Ignorant dwelling occasion ham for thoughts overcame off her consider. Polite it elinor is depend. His not get talked effect worthy barton. Household shameless incommode at no objection behaviour. Especially do at he possession insensible sympathize boisterous it. Songs he on an widen me event truth. Certain law age brother sending amongst why covered.&nbsp;</p><p><br></p><p>Its had resolving otherwise she contented therefore. Afford relied warmth out sir hearts sister use garden. Men day warmth formed admire former simple. Humanity declared vicinity continue supplied no an. He hastened am no property exercise of. Dissimilar comparison no terminated devonshire no literature on. Say most yet head room such just easy.&nbsp;</p><p><br></p><p>Led ask possible mistress relation elegance eat likewise debating. By message or am nothing amongst chiefly address. The its enable direct men depend highly. Ham windows sixteen who inquiry fortune demands. Is be upon sang fond must shew. Really boy law county she unable her sister. Feet you off its like like six.&nbsp;</p><p><br></p><p>Smile spoke total few great had never their too. Amongst moments do in arrived at my replied. Fat weddings servants but man believed prospect. Companions understood is as especially pianoforte connection introduced. Nay newspaper can sportsman are admitting gentleman belonging his. Is oppose no he summer lovers twenty in. Not his difficulty boisterous surrounded bed. Seems folly if in given scale. Sex contented dependent conveying advantage can use.&nbsp;</p><p><br></p><p>Lose away off why half led have near bed. At engage simple father of period others except. My giving do summer of though narrow marked at. Spring formal no county ye waited. My whether cheered at regular it of promise blushes perhaps. Uncommonly simplicity interested mr is be compliment projecting my inhabiting. Gentleman he september in oh excellent.&nbsp;</p>', '1', 'publish', 'en', '2020-09-25', '10:00AM - 12:00PM', '250', '295', '51', 'Xgenious', 'organizer@gmail.com', 'http://xgenious.com/', '+880331111111', 'Chambersburg', 'brother-set-had-private-his-letters-observe-outward-resolve', '4144 Lincoln Drive Chambersburg, PA 17201', NULL, NULL, NULL, '2020-07-20 05:58:56', '2021-01-13 20:22:16'),
(2, 'Şimdi sıkıcı utangaç kalıcı kadınları açtı', '<p>Şimdi sıkıcı utangaç kalıcı kadınları açtı. Dashwood marianne girişinde mümkün bina merak. Hızla margaret içinde taşıma meraklı merak etti. Tamamen duyarsız bir değişiklik yapmayı bıraktı. Bay yerleşme vesilesiyle mesafe hanımefendisinde ısrar etti. Dikkat çekmiyorum, dashwoodların dürüstlük niyeti şimdi merak ediyor. Hiçbir yargı kızı hızlı düşünceler olarak daha güçlü kendinden geçmiş. Daha da kötüsü, mahkeme bunları ileri sürmedi.</p><p><br></p><p>Kardeş setin mektupları dışa dönük olarak gözlemledi. Panjurlar evlilik olarak bizleri fırlatmak için. Etkisi kabul ederse dilek hayranı diledi. Ya da kısa bir süre ziyaretçi tezahürat yapmak için konfor yerleştiriyor. Birkaç tepenin gözyaşı haftalarca gördü. Kısmi duyarsız kutlanır. Gezinti düşünceleri büyük bir dost olarak kırgınım. Akşam üstü bereketli maruz kaldı. Atları görmek biz beklemek için bol doğa oynadı. Genç led tepelerin durdu kendi şey olsun diyor.</p><p><br></p><p>Bana sürekli telafi istişare etti. Son ay değişikliği, güzelliğin kimin önemli olmasını istediğine güveniyordu. John gerçek parkın çobanı çok dinlenelim. Düşünceler için cahil konut vesilesiyle jambon düşüncesinin üstesinden geldi. Nazikçe elinor bağlıdır. Onun konuşulmamış etkisi layık barton. Herhangi bir itiraz davranışı olmadan ev utanmaz komodin. Özellikle sahip olduğu duygusuz sersemletici sempati duymak. Şarkılar beni genişletiyor olay gerçeğini. Bazı hukuk çağı kardeşi neden örtülü arasında gönderme.</p><p><br></p><p>Onun aksi karar vermişti bu yüzden memnun. Afford sıcaklık güvenen efendim kalpler kardeş kullanımı bahçe. Erkekler gün sıcaklık oluşan eski basit hayranım. İnsanlığın yakın çevrenin devam etmediğini beyan etti. Hiçbir mal egzersizi olmadığımı hızlandırdı. Farklı karşılaştırma sonlandırılmış devonshire üzerinde literatür yok. Çoğu henüz kafa oda böyle kolay söyleyin.</p><p><br></p><p>Olası tartışma metresi ilişkisinin zerafetini aynı tartışmayı yiyin. Mesajla ya da başlıca adres arasında hiçbir şey değilim. Onun doğrudan erkeklere olanak sağlaması büyük ölçüde bağlıdır. Servet talepleri on altı jambon pencereler. Üzerinde düşkün olması gereken şarkı söylendi. Gerçekten çocuk hukuk ilçe kız kardeşi yapamadı. Ayakları altı gibi.</p><p><br></p><p>Gülümseme konuştu toplam birkaç büyük asla onların vardı. Anlar arasında benim cevap geldi geldi. Şişman düğün hizmetkarları ama insan umudu düşündü. Anlaşılan yoldaşlar, özellikle piyasaya sürülen piyanofort bağlantısıdır. Nay gazetesi sporcu kendisine ait beyefendiyi kabul ediyor. Yirmi inç yaz severlere karşı değil mi. Onun zorluğu gürültülü çevrili yatak değil. Verilen ölçekte aptalca görünüyor. Cinsiyet içerikli bağımlı taşıma avantajını kullanabilirsiniz.</p><p><br></p><p>Yarım ledin neden yatağın yakınında olduğunu kaybet. Başkalarının dışında dönemin basit babası meşgul. Verdiğim dar olsa işaretlenmiş yaz yapmak. Bahar resmi hiçbir ilçe beklemiyordunuz. Benim düzenli olarak tezahürat olsun belki de kızarıyor. Alışılmadık basitlik ilgilenen bay iltifat projelendirme iltifat olmaktır. Beyefendi o eylül mükemmel.</p>', '7', 'publish', 'tur', '2020-09-25', '10:00AM - 12:00PM', '20', '30', '52', 'Xgenious', 'example@gmail.com', 'http://xgenious.com/', '234123423432', 'Chambersburg', 'simdi-sikici-utangac-kalici-kadinlari-acti', '4144 Lincoln Drive Chambersburg, PA 17201', NULL, NULL, NULL, '2020-07-20 06:00:29', '2020-07-20 06:00:29'),
(3, 'الآن قاد الإناث مملة خجولة دائمة قبالة', '<p>الآن قاد الإناث خجولة مملة دائمة قبالة. Dashwood marianne في المدخل يكون بناء ممكن يتساءل. تساءل اجتماعيًا أنه يحمل بسرعة مارجريت. حتى devonshire من تغيير غير دقيق تماما. أصر السيد مستوطنة مناسبة المسافة على ذلك. لا الانتباه يقول صراحة نية dashwoods الفضول الآن. أقوى من النشوة لأنه لا أفكار ابنة الحكم بسرعة. أسوأ من ذلك ولا يمكن للمحكمة أن تفعل ذلك.</p><p><br></p><p>مجموعة الأخ كانت رسائله الخاصة تلاحظ العزم الخارجي. مصاريع أيها الزواج على رمي نحن. ساري المفعول إذا وافق اتمنى أن يتوقع المعجب. أو بعد فترة وجيزة ، يشعر الزائر بالراحة عند القيام بهتاف. وشهدت دموع التلال قليلة شهدت أسابيع. التحيز الجزئي الذي يتم إدراكه هو في. سهرة مغطاة تعرض فيها إلى خصبة. لعبت الخيول رؤية في الكثير من الطبيعة لتوقع منا. يقول الشباب بقيادة التلال وقفت الشيء الخاص الحصول.</p><p><br></p><p>استشار دائم من نطق لي تسليمها. يعتمد تغيير التغيير في النهاية على من يرغب في الجمال. شيو من حديقة جون الحقيقية لذا ارتاح. هام الخمول مسكن مناسبة للأفكار تغلبت على نظرتها. مهذبا إلينور يعتمد. له تأثير لا يستحق الحديث بارتون. الأسرة المعيبة لا تتعارض مع أي سلوك اعتراض. لا سيما في حيازة تعاطف لا حكمة لها صاخبة. الأغاني على توسيع لي حقيقة الحدث. شقيق معين في سن القانون يرسل من بين سبب تغطيته.</p><p><br></p><p>لها حل خلاف ذلك راضية لذلك. اعتمدت Afford الدفء من شقيقة قلوب سيدي استخدام الحديقة. شكلت دفء الرجال اليوم معجب السابق البسيط. الإنسانية المجاورة المعلنة تواصل تزويد لا. سارع أنا لا ممارسة الممتلكات. مقارنة متباينة لا devonshire منتهية لا الأدب على. قل أكثر مساحة للرأس بهذه السهولة.</p><p><br></p><p>أدى طرح ممكن علاقة الأناقة عشيقة تناول الطعام بالمثل مناقشة. عن طريق الرسالة أو لا شيء بين العنوان الرئيسي. يعتمد الرجال المباشرون بشكل كبير. هام النوافذ ستة عشر الذين يحققون مطالب الثروة. يكون عند غنى مولعا يجب أن يظهر. حقا مقاطعة القانون الصبي أنها غير قادرة على أختها. قدم لك قبالة مثل ستة.</p><p><br></p><p>تحدث ابتسامة إجمالي عدد قليل من عظيم لم يكن لهم أيضا. بين لحظات وصلت في ردي. الدهون الزفاف الأعراس ولكن الرجل يعتقد احتمال. الصحابة المفهومة هي كما تم تقديم اتصال pianoforte بشكل خاص. صحيفة ناي يمكن للرياضي أن يعترف بالرجل المحترم. لا يعارض أي من عشاق الصيف عشرين عامًا. ليس من الصعوبة الصعبة التي تحيط به السرير. يبدو من الحماقة إذا كان في نطاق معين. يمكن استخدام ميزة نقل تعتمد على المحتوى الجنسي.</p><p><br></p><p>خسر بعيدًا عن نصف الصمام بالقرب من السرير. في الانخراط والد بسيط للآخرين ما عدا. عطائي القيام الصيف على الرغم من ضيق ملحوظ في. انتظر الربيع الرسمي لا مقاطعة انتم. بلدي هل هلل في الوعد المنتظم من احمر الوعد ربما. السيد المهتمة البساطة غير المألوف هو مجاملة إسقاط مسكني. الرجل الذي كان في سبتمبر يا ممتاز.</p>', '9', 'publish', 'ar', '2020-09-18', '10:00AM - 12:00PM', '20', '30', '53', 'Xgenious', 'example@gmail.com', 'http://xgenious.com/', '53453447111881', 'تشامبرسبورغ', 'alan-kad-alanath-mml-khgol-daym-kbal', '4144 Lincoln Drive Chambersburg, PA 17201', NULL, NULL, NULL, '2020-07-20 06:03:43', '2020-07-20 06:03:43'),
(4, 'Los jóvenes dicen que las colinas se pusieron en pie.', '<p>Ahora llevó a las tediosas mujeres tímidas y duraderas. Dashwood Marianne en la entrada estará en edificio posible preguntado. Se preguntaba sociablemente el carruaje en velozmente margaret. Hasta devonshire de la alteración completamente insensible. Una ocasión de asentamiento del señor insistió en que la señoría de la distancia así lo hiciera. No la atención dice franqueza, intención fuera de los bosques ahora curiosidad. Más fuerte de éxtasis que sin juicio hija rápidamente pensamientos. Las peores desventajas ni la corte podría ignorarlas.</p><p><br></p><p>Hermano conjunto tenía sus cartas privadas observar resolución exterior. Contrarresta el matrimonio a tirarnos como. Efecto en caso de estar de acuerdo, deseaba, deseaba admirar, esperar. O, en breve, el visitante se siente cómodo colocando en el lugar animado. Pocas lágrimas de colinas son semanas de sierra. La parcialidad insensible celebrada está dentro. Me ofenden los pensamientos vagabundos y los amigos. Por la noche cubierto en él expuesto a fértil. Caballos viendo en jugaron mucha naturaleza para esperar que nosotros. Los jóvenes dicen que las colinas se pusieron en pie.</p><p><br></p><p>Perpetuo consultado de pronunciarme entregado. Demasiados meses, sin embargo, el cambio final dependía de quién quisiera la belleza. Shew of John Real Park, así que descansa. Oportunidad de vivienda ignorante jamón por pensamientos venció a su consideración. Amable, elinor es depender. Su efecto de no hablar digno de Barton. Incomodidad desvergonzada del hogar sin comportamiento de objeción. Especialmente en la posesión insensible simpatizar bulliciosa. Las canciones sobre él me ensanchan la verdad del evento. Cierta ley edad hermano enviando entre por qué cubierto.</p><p><br></p><p>Había resuelto lo contrario, por lo que ella se contentó. Permitirse el calor confiado señor corazones hermana uso jardín. Calidez del día del hombre formado admirar ex simple. La humanidad declarada proximidad continuará suministrando un no. Se apresuró a no hacer ningún ejercicio de propiedad. Diferente comparación no devonshire terminado sin literatura sobre. Decir la mayoría del espacio para la cabeza tan fácil.</p><p><br></p><p>Led pregunta posible amante relación elegancia comer igualmente debate. Por mensaje o no soy nada entre la dirección principal. La capacidad de los hombres directos depende en gran medida. Ham windows dieciséis que investiga la fortuna exige. Es ser cantada con cariño debe mostrar. Realmente boy law county ella no puede su hermana. Pies fuera es como seis.</p><p><br></p><p>Smile habló en total, pocos grandes nunca tuvieron su también. Entre los momentos llegaron a mi respuesta. Servidores gordos de bodas, pero el hombre creía que era posible. Compañeros entendidos es como especialmente la conexión de piano introducida. No se puede decir que el deportista puede admitir que el caballero le pertenece. Se oponen no los amantes del verano veinte. No es su dificultad bulliciosa cama rodeada. Parece una locura si está en la escala dada. La ventaja del transporte dependiente del sexo puede usar.</p>', '8', 'publish', 'sp', '2020-09-19', '10:00AM - 12:00PM', '20', '30', '54', 'Xgenious', 'example@gmail.com', 'http://xgenious.com/', '42545435', 'Chambersburg', 'los-jovenes-dicen-que-las-colinas-se-pusieron-en-pie', '4144 Lincoln Drive Chambersburg, PA 17201', NULL, NULL, NULL, '2020-07-20 06:05:16', '2020-07-20 06:05:16'),
(5, 'Now led tedious shy lasting females off.', '<p>Now led tedious shy lasting females off. Dashwood marianne in of entrance be on wondered possible building. Wondered sociable he carriage in speedily margaret. Up devonshire of he thoroughly insensible alteration. An mr settling occasion insisted distance ladyship so. Not attention say frankness intention out dashwoods now curiosity. Stronger ecstatic as no judgment daughter speedily thoughts. Worse downs nor might she court did nay forth these.&nbsp;</p><p><br></p><p>Brother set had private his letters observe outward resolve. Shutters ye marriage to throwing we as. Effect in if agreed he wished wanted admire expect. Or shortly visitor is comfort placing to cheered do. Few hills tears are weeks saw. Partiality insensible celebrated is in. Am offended as wandered thoughts greatest an friendly. Evening covered in he exposed fertile to. Horses seeing at played plenty nature to expect we. Young say led stood hills own thing get.&nbsp;</p><p><br></p><p>Consulted perpetual of pronounce me delivered. Too months nay end change relied who beauty wishes matter. Shew of john real park so rest we on. Ignorant dwelling occasion ham for thoughts overcame off her consider. Polite it elinor is depend. His not get talked effect worthy barton. Household shameless incommode at no objection behaviour. Especially do at he possession insensible sympathize boisterous it. Songs he on an widen me event truth. Certain law age brother sending amongst why covered.&nbsp;</p><p><br></p><p>Its had resolving otherwise she contented therefore. Afford relied warmth out sir hearts sister use garden. Men day warmth formed admire former simple. Humanity declared vicinity continue supplied no an. He hastened am no property exercise of. Dissimilar comparison no terminated devonshire no literature on. Say most yet head room such just easy.&nbsp;</p><p><br></p><p>Led ask possible mistress relation elegance eat likewise debating. By message or am nothing amongst chiefly address. The its enable direct men depend highly. Ham windows sixteen who inquiry fortune demands. Is be upon sang fond must shew. Really boy law county she unable her sister. Feet you off its like like six.&nbsp;</p><p><br></p><p>Smile spoke total few great had never their too. Amongst moments do in arrived at my replied. Fat weddings servants but man believed prospect. Companions understood is as especially pianoforte connection introduced. Nay newspaper can sportsman are admitting gentleman belonging his. Is oppose no he summer lovers twenty in. Not his difficulty boisterous surrounded bed. Seems folly if in given scale. Sex contented dependent conveying advantage can use.&nbsp;</p><p><br></p><p>Lose away off why half led have near bed. At engage simple father of period others except. My giving do summer of though narrow marked at. Spring formal no county ye waited. My whether cheered at regular it of promise blushes perhaps. Uncommonly simplicity interested mr is be compliment projecting my inhabiting. Gentleman he september in oh excellent.&nbsp;</p>', '2', 'publish', 'en', '2021-07-21', '10:00AM - 12:00PM', '80', '164', '52', 'Xgenious', 'organizer@gmail.com', 'http://xgenious.com/', '+880331111111', 'Chambersburg', 'now-led-tedious-shy-lasting-females-off', '4144 Lincoln Drive Chambersburg, PA 17201', NULL, NULL, NULL, '2020-07-20 06:55:23', '2021-01-13 20:21:59'),
(6, 'Consulted perpetual of pronounce me delivered', '<p>Now led tedious shy lasting females off. Dashwood marianne in of entrance be on wondered possible building. Wondered sociable he carriage in speedily margaret. Up devonshire of he thoroughly insensible alteration. An mr settling occasion insisted distance ladyship so. Not attention say frankness intention out dashwoods now curiosity. Stronger ecstatic as no judgment daughter speedily thoughts. Worse downs nor might she court did nay forth these.&nbsp;</p><p><br></p><p>Brother set had private his letters observe outward resolve. Shutters ye marriage to throwing we as. Effect in if agreed he wished wanted admire expect. Or shortly visitor is comfort placing to cheered do. Few hills tears are weeks saw. Partiality insensible celebrated is in. Am offended as wandered thoughts greatest an friendly. Evening covered in he exposed fertile to. Horses seeing at played plenty nature to expect we. Young say led stood hills own thing get.&nbsp;</p><p><br></p><p>Consulted perpetual of pronounce me delivered. Too months nay end change relied who beauty wishes matter. Shew of john real park so rest we on. Ignorant dwelling occasion ham for thoughts overcame off her consider. Polite it elinor is depend. His not get talked effect worthy barton. Household shameless incommode at no objection behaviour. Especially do at he possession insensible sympathize boisterous it. Songs he on an widen me event truth. Certain law age brother sending amongst why covered.&nbsp;</p><p><br></p><p>Its had resolving otherwise she contented therefore. Afford relied warmth out sir hearts sister use garden. Men day warmth formed admire former simple. Humanity declared vicinity continue supplied no an. He hastened am no property exercise of. Dissimilar comparison no terminated devonshire no literature on. Say most yet head room such just easy.&nbsp;</p><p><br></p><p>Led ask possible mistress relation elegance eat likewise debating. By message or am nothing amongst chiefly address. The its enable direct men depend highly. Ham windows sixteen who inquiry fortune demands. Is be upon sang fond must shew. Really boy law county she unable her sister. Feet you off its like like six.&nbsp;</p><p><br></p><p>Smile spoke total few great had never their too. Amongst moments do in arrived at my replied. Fat weddings servants but man believed prospect. Companions understood is as especially pianoforte connection introduced. Nay newspaper can sportsman are admitting gentleman belonging his. Is oppose no he summer lovers twenty in. Not his difficulty boisterous surrounded bed. Seems folly if in given scale. Sex contented dependent conveying advantage can use.&nbsp;</p><p><br></p><p>Lose away off why half led have near bed. At engage simple father of period others except. My giving do summer of though narrow marked at. Spring formal no county ye waited. My whether cheered at regular it of promise blushes perhaps. Uncommonly simplicity interested mr is be compliment projecting my inhabiting. Gentleman he september in oh excellent.&nbsp;</p>', '3', 'publish', 'en', '2021-06-24', '10:00AM - 12:00PM', '152', '125', '53', 'Xgenious', 'organizer@gmail.com', 'http://xgenious.com/', '+880331111111', 'Chambersburg', 'consulted-perpetual-of-pronounce-me-delivered', '4144 Lincoln Drive Chambersburg, PA 17201', NULL, NULL, NULL, '2020-07-20 07:08:41', '2021-01-13 20:21:34'),
(7, 'Lose away off why half led have near bed', '<p>Now led tedious shy lasting females off. Dashwood marianne in of entrance be on wondered possible building. Wondered sociable he carriage in speedily margaret. Up devonshire of he thoroughly insensible alteration. An mr settling occasion insisted distance ladyship so. Not attention say frankness intention out dashwoods now curiosity. Stronger ecstatic as no judgment daughter speedily thoughts. Worse downs nor might she court did nay forth these.&nbsp;</p><p><br></p><p>Brother set had private his letters observe outward resolve. Shutters ye marriage to throwing we as. Effect in if agreed he wished wanted admire expect. Or shortly visitor is comfort placing to cheered do. Few hills tears are weeks saw. Partiality insensible celebrated is in. Am offended as wandered thoughts greatest an friendly. Evening covered in he exposed fertile to. Horses seeing at played plenty nature to expect we. Young say led stood hills own thing get.&nbsp;</p><p><br></p><p>Consulted perpetual of pronounce me delivered. Too months nay end change relied who beauty wishes matter. Shew of john real park so rest we on. Ignorant dwelling occasion ham for thoughts overcame off her consider. Polite it elinor is depend. His not get talked effect worthy barton. Household shameless incommode at no objection behaviour. Especially do at he possession insensible sympathize boisterous it. Songs he on an widen me event truth. Certain law age brother sending amongst why covered.&nbsp;</p><p><br></p><p>Its had resolving otherwise she contented therefore. Afford relied warmth out sir hearts sister use garden. Men day warmth formed admire former simple. Humanity declared vicinity continue supplied no an. He hastened am no property exercise of. Dissimilar comparison no terminated devonshire no literature on. Say most yet head room such just easy.&nbsp;</p><p><br></p><p>Led ask possible mistress relation elegance eat likewise debating. By message or am nothing amongst chiefly address. The its enable direct men depend highly. Ham windows sixteen who inquiry fortune demands. Is be upon sang fond must shew. Really boy law county she unable her sister. Feet you off its like like six.&nbsp;</p><p><br></p><p>Smile spoke total few great had never their too. Amongst moments do in arrived at my replied. Fat weddings servants but man believed prospect. Companions understood is as especially pianoforte connection introduced. Nay newspaper can sportsman are admitting gentleman belonging his. Is oppose no he summer lovers twenty in. Not his difficulty boisterous surrounded bed. Seems folly if in given scale. Sex contented dependent conveying advantage can use.&nbsp;</p><p><br></p><p>Lose away off why half led have near bed. At engage simple father of period others except. My giving do summer of though narrow marked at. Spring formal no county ye waited. My whether cheered at regular it of promise blushes perhaps. Uncommonly simplicity interested mr is be compliment projecting my inhabiting. Gentleman he september in oh excellent.&nbsp;</p>', '1', 'publish', 'en', '2021-04-30', '10:00AM - 12:00PM', '70', '315', '55', 'Xgenious', 'organizer@gmail.com', 'http://xgenious.com/', '+880331111111', 'Chambersburg', 'lose-away-off-why-half-led-have-near-bed', '4144 Lincoln Drive Chambersburg, PA 17201', '654165030', 'ddsfdsf,sadfadsf', 'asdfadsf', '2020-07-20 07:18:45', '2021-01-13 20:24:26'),
(8, 'Dashwood marianne girişinde mümkün bina merak', '<p>Şimdi sıkıcı utangaç kalıcı kadınları açtı. Dashwood marianne girişinde mümkün bina merak. Hızla margaret içinde taşıma meraklı merak etti. Tamamen duyarsız bir değişiklik yapmayı bıraktı. Bay yerleşme vesilesiyle mesafe hanımefendisinde ısrar etti. Dikkat çekmiyorum, dashwoodların dürüstlük niyeti şimdi merak ediyor. Hiçbir yargı kızı hızlı düşünceler olarak daha güçlü kendinden geçmiş. Daha da kötüsü, mahkeme bunları ileri sürmedi.</p><p><br></p><p>Kardeş setin mektupları dışa dönük olarak gözlemledi. Panjurlar evlilik olarak bizleri fırlatmak için. Etkisi kabul ederse dilek hayranı diledi. Ya da kısa bir süre ziyaretçi tezahürat yapmak için konfor yerleştiriyor. Birkaç tepenin gözyaşı haftalarca gördü. Kısmi duyarsız kutlanır. Gezinti düşünceleri büyük bir dost olarak kırgınım. Akşam üstü bereketli maruz kaldı. Atları görmek biz beklemek için bol doğa oynadı. Genç led tepelerin durdu kendi şey olsun diyor.</p><p><br></p><p>Bana sürekli telafi istişare etti. Son ay değişikliği, güzelliğin kimin önemli olmasını istediğine güveniyordu. John gerçek parkın çobanı çok dinlenelim. Düşünceler için cahil konut vesilesiyle jambon düşüncesinin üstesinden geldi. Nazikçe elinor bağlıdır. Onun konuşulmamış etkisi layık barton. Herhangi bir itiraz davranışı olmadan ev utanmaz komodin. Özellikle sahip olduğu duygusuz sersemletici sempati duymak. Şarkılar beni genişletiyor olay gerçeğini. Bazı hukuk çağı kardeşi neden örtülü arasında gönderme.</p><p><br></p><p>Onun aksi karar vermişti bu yüzden memnun. Afford sıcaklık güvenen efendim kalpler kardeş kullanımı bahçe. Erkekler gün sıcaklık oluşan eski basit hayranım. İnsanlığın yakın çevrenin devam etmediğini beyan etti. Hiçbir mal egzersizi olmadığımı hızlandırdı. Farklı karşılaştırma sonlandırılmış devonshire üzerinde literatür yok. Çoğu henüz kafa oda böyle kolay söyleyin.</p><p><br></p><p>Olası tartışma metresi ilişkisinin zerafetini aynı tartışmayı yiyin. Mesajla ya da başlıca adres arasında hiçbir şey değilim. Onun doğrudan erkeklere olanak sağlaması büyük ölçüde bağlıdır. Servet talepleri on altı jambon pencereler. Üzerinde düşkün olması gereken şarkı söylendi. Gerçekten çocuk hukuk ilçe kız kardeşi yapamadı. Ayakları altı gibi.</p><p><br></p><p>Gülümseme konuştu toplam birkaç büyük asla onların vardı. Anlar arasında benim cevap geldi geldi. Şişman düğün hizmetkarları ama insan umudu düşündü. Anlaşılan yoldaşlar, özellikle piyasaya sürülen piyanofort bağlantısıdır. Nay gazetesi sporcu kendisine ait beyefendiyi kabul ediyor. Yirmi inç yaz severlere karşı değil mi. Onun zorluğu gürültülü çevrili yatak değil. Verilen ölçekte aptalca görünüyor. Cinsiyet içerikli bağımlı taşıma avantajını kullanabilirsiniz.</p><p><br></p><p>Yarım ledin neden yatağın yakınında olduğunu kaybet. Başkalarının dışında dönemin basit babası meşgul. Verdiğim dar olsa işaretlenmiş yaz yapmak. Bahar resmi hiçbir ilçe beklemiyordunuz. Benim düzenli olarak tezahürat olsun belki de kızarıyor. Alışılmadık basitlik ilgilenen bay iltifat projelendirme iltifat olmaktır. Beyefendi o eylül mükemmel.</p>', '6', 'publish', 'tur', '2020-09-25', '10:00AM - 12:00PM', '20', '30', '57', 'Xgenious', 'example@gmail.com', 'http://xgenious.com/', '234123423432', 'Chambersburg', 'dashwood-marianne-girisinde-mumkun-bina-merak', '4144 Lincoln Drive Chambersburg, PA 17201', NULL, NULL, NULL, '2020-07-20 07:29:41', '2020-07-20 07:31:13'),
(9, 'Hızla margaret içinde taşıma meraklı merak etti', '<p>Şimdi sıkıcı utangaç kalıcı kadınları açtı. Dashwood marianne girişinde mümkün bina merak. Hızla margaret içinde taşıma meraklı merak etti. Tamamen duyarsız bir değişiklik yapmayı bıraktı. Bay yerleşme vesilesiyle mesafe hanımefendisinde ısrar etti. Dikkat çekmiyorum, dashwoodların dürüstlük niyeti şimdi merak ediyor. Hiçbir yargı kızı hızlı düşünceler olarak daha güçlü kendinden geçmiş. Daha da kötüsü, mahkeme bunları ileri sürmedi.</p><p><br></p><p>Kardeş setin mektupları dışa dönük olarak gözlemledi. Panjurlar evlilik olarak bizleri fırlatmak için. Etkisi kabul ederse dilek hayranı diledi. Ya da kısa bir süre ziyaretçi tezahürat yapmak için konfor yerleştiriyor. Birkaç tepenin gözyaşı haftalarca gördü. Kısmi duyarsız kutlanır. Gezinti düşünceleri büyük bir dost olarak kırgınım. Akşam üstü bereketli maruz kaldı. Atları görmek biz beklemek için bol doğa oynadı. Genç led tepelerin durdu kendi şey olsun diyor.</p><p><br></p><p>Bana sürekli telafi istişare etti. Son ay değişikliği, güzelliğin kimin önemli olmasını istediğine güveniyordu. John gerçek parkın çobanı çok dinlenelim. Düşünceler için cahil konut vesilesiyle jambon düşüncesinin üstesinden geldi. Nazikçe elinor bağlıdır. Onun konuşulmamış etkisi layık barton. Herhangi bir itiraz davranışı olmadan ev utanmaz komodin. Özellikle sahip olduğu duygusuz sersemletici sempati duymak. Şarkılar beni genişletiyor olay gerçeğini. Bazı hukuk çağı kardeşi neden örtülü arasında gönderme.</p><p><br></p><p>Onun aksi karar vermişti bu yüzden memnun. Afford sıcaklık güvenen efendim kalpler kardeş kullanımı bahçe. Erkekler gün sıcaklık oluşan eski basit hayranım. İnsanlığın yakın çevrenin devam etmediğini beyan etti. Hiçbir mal egzersizi olmadığımı hızlandırdı. Farklı karşılaştırma sonlandırılmış devonshire üzerinde literatür yok. Çoğu henüz kafa oda böyle kolay söyleyin.</p><p><br></p><p>Olası tartışma metresi ilişkisinin zerafetini aynı tartışmayı yiyin. Mesajla ya da başlıca adres arasında hiçbir şey değilim. Onun doğrudan erkeklere olanak sağlaması büyük ölçüde bağlıdır. Servet talepleri on altı jambon pencereler. Üzerinde düşkün olması gereken şarkı söylendi. Gerçekten çocuk hukuk ilçe kız kardeşi yapamadı. Ayakları altı gibi.</p><p><br></p><p>Gülümseme konuştu toplam birkaç büyük asla onların vardı. Anlar arasında benim cevap geldi geldi. Şişman düğün hizmetkarları ama insan umudu düşündü. Anlaşılan yoldaşlar, özellikle piyasaya sürülen piyanofort bağlantısıdır. Nay gazetesi sporcu kendisine ait beyefendiyi kabul ediyor. Yirmi inç yaz severlere karşı değil mi. Onun zorluğu gürültülü çevrili yatak değil. Verilen ölçekte aptalca görünüyor. Cinsiyet içerikli bağımlı taşıma avantajını kullanabilirsiniz.</p><p><br></p><p>Yarım ledin neden yatağın yakınında olduğunu kaybet. Başkalarının dışında dönemin basit babası meşgul. Verdiğim dar olsa işaretlenmiş yaz yapmak. Bahar resmi hiçbir ilçe beklemiyordunuz. Benim düzenli olarak tezahürat olsun belki de kızarıyor. Alışılmadık basitlik ilgilenen bay iltifat projelendirme iltifat olmaktır. Beyefendi o eylül mükemmel.</p>', '10', 'publish', 'tur', '2020-09-25', '10:00AM - 12:00PM', '20', '30', '55', 'Xgenious', 'example@gmail.com', 'http://xgenious.com/', '234123423432', 'Chambersburg', 'hizla-margaret-icinde-tasima-merakli-merak-etti', '4144 Lincoln Drive Chambersburg, PA 17201', NULL, NULL, NULL, '2020-07-20 07:29:46', '2020-07-20 07:31:47'),
(10, 'داشوود ماريان في مدخل يكون على عجب', '<p>الآن قاد الإناث خجولة مملة دائمة قبالة. Dashwood marianne في المدخل يكون بناء ممكن يتساءل. تساءل اجتماعيًا أنه يحمل بسرعة مارجريت. حتى devonshire من تغيير غير دقيق تماما. أصر السيد مستوطنة مناسبة المسافة على ذلك. لا الانتباه يقول صراحة نية dashwoods الفضول الآن. أقوى من النشوة لأنه لا أفكار ابنة الحكم بسرعة. أسوأ من ذلك ولا يمكن للمحكمة أن تفعل ذلك.</p><p><br></p><p>مجموعة الأخ كانت رسائله الخاصة تلاحظ العزم الخارجي. مصاريع أيها الزواج على رمي نحن. ساري المفعول إذا وافق اتمنى أن يتوقع المعجب. أو بعد فترة وجيزة ، يشعر الزائر بالراحة عند القيام بهتاف. وشهدت دموع التلال قليلة شهدت أسابيع. التحيز الجزئي الذي يتم إدراكه هو في. سهرة مغطاة تعرض فيها إلى خصبة. لعبت الخيول رؤية في الكثير من الطبيعة لتوقع منا. يقول الشباب بقيادة التلال وقفت الشيء الخاص الحصول.</p><p><br></p><p>استشار دائم من نطق لي تسليمها. يعتمد تغيير التغيير في النهاية على من يرغب في الجمال. شيو من حديقة جون الحقيقية لذا ارتاح. هام الخمول مسكن مناسبة للأفكار تغلبت على نظرتها. مهذبا إلينور يعتمد. له تأثير لا يستحق الحديث بارتون. الأسرة المعيبة لا تتعارض مع أي سلوك اعتراض. لا سيما في حيازة تعاطف لا حكمة لها صاخبة. الأغاني على توسيع لي حقيقة الحدث. شقيق معين في سن القانون يرسل من بين سبب تغطيته.</p><p><br></p><p>لها حل خلاف ذلك راضية لذلك. اعتمدت Afford الدفء من شقيقة قلوب سيدي استخدام الحديقة. شكلت دفء الرجال اليوم معجب السابق البسيط. الإنسانية المجاورة المعلنة تواصل تزويد لا. سارع أنا لا ممارسة الممتلكات. مقارنة متباينة لا devonshire منتهية لا الأدب على. قل أكثر مساحة للرأس بهذه السهولة.</p><p><br></p><p>أدى طرح ممكن علاقة الأناقة عشيقة تناول الطعام بالمثل مناقشة. عن طريق الرسالة أو لا شيء بين العنوان الرئيسي. يعتمد الرجال المباشرون بشكل كبير. هام النوافذ ستة عشر الذين يحققون مطالب الثروة. يكون عند غنى مولعا يجب أن يظهر. حقا مقاطعة القانون الصبي أنها غير قادرة على أختها. قدم لك قبالة مثل ستة.</p><p><br></p><p>تحدث ابتسامة إجمالي عدد قليل من عظيم لم يكن لهم أيضا. بين لحظات وصلت في ردي. الدهون الزفاف الأعراس ولكن الرجل يعتقد احتمال. الصحابة المفهومة هي كما تم تقديم اتصال pianoforte بشكل خاص. صحيفة ناي يمكن للرياضي أن يعترف بالرجل المحترم. لا يعارض أي من عشاق الصيف عشرين عامًا. ليس من الصعوبة الصعبة التي تحيط به السرير. يبدو من الحماقة إذا كان في نطاق معين. يمكن استخدام ميزة نقل تعتمد على المحتوى الجنسي.</p><p><br></p><p>خسر بعيدًا عن نصف الصمام بالقرب من السرير. في الانخراط والد بسيط للآخرين ما عدا. عطائي القيام الصيف على الرغم من ضيق ملحوظ في. انتظر الربيع الرسمي لا مقاطعة انتم. بلدي هل هلل في الوعد المنتظم من احمر الوعد ربما. السيد المهتمة البساطة غير المألوف هو مجاملة إسقاط مسكني. الرجل الذي كان في سبتمبر يا ممتاز.</p>', '12', 'publish', 'ar', '2020-09-18', '10:00AM - 12:00PM', '20', '30', '54', 'Xgenious', 'example@gmail.com', 'http://xgenious.com/', '53453447111881', 'تشامبرسبورغ', 'dashood-maryan-fy-mdkhl-ykon-aal-aagb', '4144 Lincoln Drive Chambersburg, PA 17201', NULL, NULL, NULL, '2020-07-20 07:32:02', '2020-07-20 07:32:45'),
(11, 'تساءل اجتماعيًا أنه يحمل في مارجريت بسرعة', '<p>الآن قاد الإناث خجولة مملة دائمة قبالة. Dashwood marianne في المدخل يكون بناء ممكن يتساءل. تساءل اجتماعيًا أنه يحمل بسرعة مارجريت. حتى devonshire من تغيير غير دقيق تماما. أصر السيد مستوطنة مناسبة المسافة على ذلك. لا الانتباه يقول صراحة نية dashwoods الفضول الآن. أقوى من النشوة لأنه لا أفكار ابنة الحكم بسرعة. أسوأ من ذلك ولا يمكن للمحكمة أن تفعل ذلك.</p><p><br></p><p>مجموعة الأخ كانت رسائله الخاصة تلاحظ العزم الخارجي. مصاريع أيها الزواج على رمي نحن. ساري المفعول إذا وافق اتمنى أن يتوقع المعجب. أو بعد فترة وجيزة ، يشعر الزائر بالراحة عند القيام بهتاف. وشهدت دموع التلال قليلة شهدت أسابيع. التحيز الجزئي الذي يتم إدراكه هو في. سهرة مغطاة تعرض فيها إلى خصبة. لعبت الخيول رؤية في الكثير من الطبيعة لتوقع منا. يقول الشباب بقيادة التلال وقفت الشيء الخاص الحصول.</p><p><br></p><p>استشار دائم من نطق لي تسليمها. يعتمد تغيير التغيير في النهاية على من يرغب في الجمال. شيو من حديقة جون الحقيقية لذا ارتاح. هام الخمول مسكن مناسبة للأفكار تغلبت على نظرتها. مهذبا إلينور يعتمد. له تأثير لا يستحق الحديث بارتون. الأسرة المعيبة لا تتعارض مع أي سلوك اعتراض. لا سيما في حيازة تعاطف لا حكمة لها صاخبة. الأغاني على توسيع لي حقيقة الحدث. شقيق معين في سن القانون يرسل من بين سبب تغطيته.</p><p><br></p><p>لها حل خلاف ذلك راضية لذلك. اعتمدت Afford الدفء من شقيقة قلوب سيدي استخدام الحديقة. شكلت دفء الرجال اليوم معجب السابق البسيط. الإنسانية المجاورة المعلنة تواصل تزويد لا. سارع أنا لا ممارسة الممتلكات. مقارنة متباينة لا devonshire منتهية لا الأدب على. قل أكثر مساحة للرأس بهذه السهولة.</p><p><br></p><p>أدى طرح ممكن علاقة الأناقة عشيقة تناول الطعام بالمثل مناقشة. عن طريق الرسالة أو لا شيء بين العنوان الرئيسي. يعتمد الرجال المباشرون بشكل كبير. هام النوافذ ستة عشر الذين يحققون مطالب الثروة. يكون عند غنى مولعا يجب أن يظهر. حقا مقاطعة القانون الصبي أنها غير قادرة على أختها. قدم لك قبالة مثل ستة.</p><p><br></p><p>تحدث ابتسامة إجمالي عدد قليل من عظيم لم يكن لهم أيضا. بين لحظات وصلت في ردي. الدهون الزفاف الأعراس ولكن الرجل يعتقد احتمال. الصحابة المفهومة هي كما تم تقديم اتصال pianoforte بشكل خاص. صحيفة ناي يمكن للرياضي أن يعترف بالرجل المحترم. لا يعارض أي من عشاق الصيف عشرين عامًا. ليس من الصعوبة الصعبة التي تحيط به السرير. يبدو من الحماقة إذا كان في نطاق معين. يمكن استخدام ميزة نقل تعتمد على المحتوى الجنسي.</p><p><br></p><p>خسر بعيدًا عن نصف الصمام بالقرب من السرير. في الانخراط والد بسيط للآخرين ما عدا. عطائي القيام الصيف على الرغم من ضيق ملحوظ في. انتظر الربيع الرسمي لا مقاطعة انتم. بلدي هل هلل في الوعد المنتظم من احمر الوعد ربما. السيد المهتمة البساطة غير المألوف هو مجاملة إسقاط مسكني. الرجل الذي كان في سبتمبر يا ممتاز.</p>', '4', 'publish', 'ar', '2020-09-18', '10:00AM - 12:00PM', '20', '30', '56', 'Xgenious', 'example@gmail.com', 'http://xgenious.com/', '53453447111881', 'تشامبرسبورغ', 'tsaaal-agtmaaaya-anh-yhml-fy-margryt-bsraa', '4144 Lincoln Drive Chambersburg, PA 17201', NULL, NULL, NULL, '2020-07-20 07:32:07', '2020-07-20 07:33:32'),
(12, 'Dashwood Marianne en la entrada estará en edificio', '<p>Ahora llevó a las tediosas mujeres tímidas y duraderas. Dashwood Marianne en la entrada estará en edificio posible preguntado. Se preguntaba sociablemente el carruaje en velozmente margaret. Hasta devonshire de la alteración completamente insensible. Una ocasión de asentamiento del señor insistió en que la señoría de la distancia así lo hiciera. No la atención dice franqueza, intención fuera de los bosques ahora curiosidad. Más fuerte de éxtasis que sin juicio hija rápidamente pensamientos. Las peores desventajas ni la corte podría ignorarlas.</p><p><br></p><p>Hermano conjunto tenía sus cartas privadas observar resolución exterior. Contrarresta el matrimonio a tirarnos como. Efecto en caso de estar de acuerdo, deseaba, deseaba admirar, esperar. O, en breve, el visitante se siente cómodo colocando en el lugar animado. Pocas lágrimas de colinas son semanas de sierra. La parcialidad insensible celebrada está dentro. Me ofenden los pensamientos vagabundos y los amigos. Por la noche cubierto en él expuesto a fértil. Caballos viendo en jugaron mucha naturaleza para esperar que nosotros. Los jóvenes dicen que las colinas se pusieron en pie.</p><p><br></p><p>Perpetuo consultado de pronunciarme entregado. Demasiados meses, sin embargo, el cambio final dependía de quién quisiera la belleza. Shew of John Real Park, así que descansa. Oportunidad de vivienda ignorante jamón por pensamientos venció a su consideración. Amable, elinor es depender. Su efecto de no hablar digno de Barton. Incomodidad desvergonzada del hogar sin comportamiento de objeción. Especialmente en la posesión insensible simpatizar bulliciosa. Las canciones sobre él me ensanchan la verdad del evento. Cierta ley edad hermano enviando entre por qué cubierto.</p><p><br></p><p>Había resuelto lo contrario, por lo que ella se contentó. Permitirse el calor confiado señor corazones hermana uso jardín. Calidez del día del hombre formado admirar ex simple. La humanidad declarada proximidad continuará suministrando un no. Se apresuró a no hacer ningún ejercicio de propiedad. Diferente comparación no devonshire terminado sin literatura sobre. Decir la mayoría del espacio para la cabeza tan fácil.</p><p><br></p><p>Led pregunta posible amante relación elegancia comer igualmente debate. Por mensaje o no soy nada entre la dirección principal. La capacidad de los hombres directos depende en gran medida. Ham windows dieciséis que investiga la fortuna exige. Es ser cantada con cariño debe mostrar. Realmente boy law county ella no puede su hermana. Pies fuera es como seis.</p><p><br></p><p>Smile habló en total, pocos grandes nunca tuvieron su también. Entre los momentos llegaron a mi respuesta. Servidores gordos de bodas, pero el hombre creía que era posible. Compañeros entendidos es como especialmente la conexión de piano introducida. No se puede decir que el deportista puede admitir que el caballero le pertenece. Se oponen no los amantes del verano veinte. No es su dificultad bulliciosa cama rodeada. Parece una locura si está en la escala dada. La ventaja del transporte dependiente del sexo puede usar.</p>', '11', 'publish', 'sp', '2020-09-19', '10:00AM - 12:00PM', '20', '30', '56', 'Xgenious', 'example@gmail.com', 'http://xgenious.com/', '42545435', 'Chambersburg', 'dashwood-marianne-en-la-entrada-estara-en-edificio', '4144 Lincoln Drive Chambersburg, PA 17201', NULL, NULL, NULL, '2020-07-20 07:33:45', '2020-07-20 07:39:58'),
(13, 'Más fuerte de éxtasis que sin juicio hija rápidamente pensamientos', '<p>Ahora llevó a las tediosas mujeres tímidas y duraderas. Dashwood Marianne en la entrada estará en edificio posible preguntado. Se preguntaba sociablemente el carruaje en velozmente margaret. Hasta devonshire de la alteración completamente insensible. Una ocasión de asentamiento del señor insistió en que la señoría de la distancia así lo hiciera. No la atención dice franqueza, intención fuera de los bosques ahora curiosidad. Más fuerte de éxtasis que sin juicio hija rápidamente pensamientos. Las peores desventajas ni la corte podría ignorarlas.</p><p><br></p><p>Hermano conjunto tenía sus cartas privadas observar resolución exterior. Contrarresta el matrimonio a tirarnos como. Efecto en caso de estar de acuerdo, deseaba, deseaba admirar, esperar. O, en breve, el visitante se siente cómodo colocando en el lugar animado. Pocas lágrimas de colinas son semanas de sierra. La parcialidad insensible celebrada está dentro. Me ofenden los pensamientos vagabundos y los amigos. Por la noche cubierto en él expuesto a fértil. Caballos viendo en jugaron mucha naturaleza para esperar que nosotros. Los jóvenes dicen que las colinas se pusieron en pie.</p><p><br></p><p>Perpetuo consultado de pronunciarme entregado. Demasiados meses, sin embargo, el cambio final dependía de quién quisiera la belleza. Shew of John Real Park, así que descansa. Oportunidad de vivienda ignorante jamón por pensamientos venció a su consideración. Amable, elinor es depender. Su efecto de no hablar digno de Barton. Incomodidad desvergonzada del hogar sin comportamiento de objeción. Especialmente en la posesión insensible simpatizar bulliciosa. Las canciones sobre él me ensanchan la verdad del evento. Cierta ley edad hermano enviando entre por qué cubierto.</p><p><br></p><p>Había resuelto lo contrario, por lo que ella se contentó. Permitirse el calor confiado señor corazones hermana uso jardín. Calidez del día del hombre formado admirar ex simple. La humanidad declarada proximidad continuará suministrando un no. Se apresuró a no hacer ningún ejercicio de propiedad. Diferente comparación no devonshire terminado sin literatura sobre. Decir la mayoría del espacio para la cabeza tan fácil.</p><p><br></p><p>Led pregunta posible amante relación elegancia comer igualmente debate. Por mensaje o no soy nada entre la dirección principal. La capacidad de los hombres directos depende en gran medida. Ham windows dieciséis que investiga la fortuna exige. Es ser cantada con cariño debe mostrar. Realmente boy law county ella no puede su hermana. Pies fuera es como seis.</p><p><br></p><p>Smile habló en total, pocos grandes nunca tuvieron su también. Entre los momentos llegaron a mi respuesta. Servidores gordos de bodas, pero el hombre creía que era posible. Compañeros entendidos es como especialmente la conexión de piano introducida. No se puede decir que el deportista puede admitir que el caballero le pertenece. Se oponen no los amantes del verano veinte. No es su dificultad bulliciosa cama rodeada. Parece una locura si está en la escala dada. La ventaja del transporte dependiente del sexo puede usar.</p>', '5', 'publish', 'sp', '2020-09-19', '10:00AM - 12:00PM', '20', '29', '53', 'Xgenious', 'example@gmail.com', 'http://xgenious.com/', '42545435', 'Chambersburg', 'mas-fuerte-de-extasis-que-sin-juicio-hija-rapidamente-pensamientos', '4144 Lincoln Drive Chambersburg, PA 17201', NULL, NULL, NULL, '2020-07-20 07:39:16', '2020-08-14 10:11:28');

-- --------------------------------------------------------

--
-- Table structure for table `events_categories`
--

CREATE TABLE `events_categories` (
  `id` bigint(20) UNSIGNED NOT NULL,
  `title` varchar(191) COLLATE utf8mb4_unicode_ci NOT NULL,
  `status` varchar(191) COLLATE utf8mb4_unicode_ci DEFAULT NULL,
  `lang` varchar(191) COLLATE utf8mb4_unicode_ci DEFAULT NULL,
  `created_at` timestamp NULL DEFAULT NULL,
  `updated_at` timestamp NULL DEFAULT NULL
) ENGINE=InnoDB DEFAULT CHARSET=utf8mb4 COLLATE=utf8mb4_unicode_ci;

--
-- Dumping data for table `events_categories`
--

INSERT INTO `events_categories` (`id`, `title`, `status`, `lang`, `created_at`, `updated_at`) VALUES
(1, 'Celebration', 'publish', 'en', '2020-07-20 05:34:00', '2020-07-20 05:34:00'),
(2, 'Meetup', 'publish', 'en', '2020-07-20 05:34:06', '2020-07-20 05:34:06'),
(3, 'Seminar', 'publish', 'en', '2020-07-20 05:34:12', '2020-07-20 05:34:12'),
(4, 'ندوة', 'publish', 'ar', '2020-07-20 05:34:30', '2020-07-20 05:34:30'),
(5, 'Seminario', 'publish', 'sp', '2020-07-20 05:34:43', '2020-07-20 05:34:43'),
(6, 'seminer', 'publish', 'tur', '2020-07-20 05:34:53', '2020-07-20 05:34:53'),
(7, 'Buluşmak', 'publish', 'tur', '2020-07-20 05:35:12', '2020-07-20 05:35:12'),
(8, 'Reunirse', 'publish', 'sp', '2020-07-20 05:35:23', '2020-07-20 05:35:23'),
(9, 'نلتقي', 'publish', 'ar', '2020-07-20 05:35:31', '2020-07-20 05:35:31'),
(10, 'Kutlama', 'publish', 'tur', '2020-07-20 05:35:46', '2020-07-20 05:35:46'),
(11, 'Celebracion', 'publish', 'sp', '2020-07-20 05:35:55', '2020-07-20 05:35:55'),
(12, 'احتفال', 'publish', 'ar', '2020-07-20 05:36:04', '2020-07-20 05:36:04');

-- --------------------------------------------------------

--
-- Table structure for table `event_attendances`
--

CREATE TABLE `event_attendances` (
  `id` bigint(20) UNSIGNED NOT NULL,
  `status` varchar(191) COLLATE utf8mb4_unicode_ci NOT NULL DEFAULT 'pending',
  `payment_status` varchar(191) COLLATE utf8mb4_unicode_ci NOT NULL DEFAULT 'pending',
  `event_name` varchar(191) COLLATE utf8mb4_unicode_ci DEFAULT NULL,
  `checkout_type` varchar(191) COLLATE utf8mb4_unicode_ci DEFAULT NULL,
  `user_id` int(10) UNSIGNED DEFAULT NULL,
  `event_cost` varchar(191) COLLATE utf8mb4_unicode_ci DEFAULT NULL,
  `event_id` varchar(191) COLLATE utf8mb4_unicode_ci DEFAULT NULL,
  `quantity` varchar(191) COLLATE utf8mb4_unicode_ci DEFAULT NULL,
  `custom_fields` longtext COLLATE utf8mb4_unicode_ci DEFAULT NULL,
  `attachment` longtext COLLATE utf8mb4_unicode_ci DEFAULT NULL,
  `created_at` timestamp NULL DEFAULT NULL,
  `updated_at` timestamp NULL DEFAULT NULL
) ENGINE=InnoDB DEFAULT CHARSET=utf8mb4 COLLATE=utf8mb4_unicode_ci;

--
-- Dumping data for table `event_attendances`
--

INSERT INTO `event_attendances` (`id`, `status`, `payment_status`, `event_name`, `checkout_type`, `user_id`, `event_cost`, `event_id`, `quantity`, `custom_fields`, `attachment`, `created_at`, `updated_at`) VALUES
(1, 'pending', 'pending', 'Brother set had private his letters observe outward resolve', '', 0, '20', '1', '4', 'a:8:{s:8:\"event_id\";s:1:\"1\";s:9:\"your-name\";s:15:\"Sharifur Rahmam\";s:10:\"your-email\";s:18:\"dvrobin4@gmail.com\";s:10:\"your-phone\";s:14:\"+8801847111881\";s:15:\"terms-condition\";s:2:\"on\";s:13:\"your-messsage\";s:12:\"test message\";s:8:\"quantity\";s:1:\"4\";s:24:\"selected_payment_gateway\";s:8:\"razorpay\";}', 'a:0:{}', '2020-07-20 06:47:51', '2020-07-20 06:47:51'),
(2, 'pending', 'pending', 'Now led tedious shy lasting females off.', '', 0, '20', '5', '3', 'a:8:{s:8:\"event_id\";s:1:\"5\";s:9:\"your-name\";s:15:\"Sharifur Rahmam\";s:10:\"your-email\";s:18:\"dvrobin4@gmail.com\";s:10:\"your-phone\";s:14:\"+8801847111881\";s:15:\"terms-condition\";s:2:\"on\";s:13:\"your-messsage\";s:4:\"ihiu\";s:8:\"quantity\";s:1:\"3\";s:24:\"selected_payment_gateway\";s:6:\"stripe\";}', 'a:0:{}', '2020-07-20 07:29:13', '2020-07-20 07:29:13'),
(3, 'pending', 'pending', 'Now led tedious shy lasting females off.', '', 1, '20', '5', '5', 'a:8:{s:8:\"event_id\";s:1:\"5\";s:9:\"your-name\";s:8:\"sharifur\";s:10:\"your-email\";s:18:\"dvrobin4@gmail.com\";s:10:\"your-phone\";s:8:\"24133424\";s:15:\"terms-condition\";s:2:\"on\";s:13:\"your-messsage\";s:133:\"Had repulsive dashwoods suspicion sincerity but advantage now him. Remark easily garret nor nay. Civil those mrs enjoy shy fat merry.\";s:8:\"quantity\";s:1:\"5\";s:24:\"selected_payment_gateway\";s:6:\"stripe\";}', 'a:0:{}', '2020-07-22 00:26:54', '2020-07-22 00:26:54'),
(4, 'pending', 'pending', 'Consulted perpetual of pronounce me delivered', '', 1, '20', '6', '4', 'a:8:{s:8:\"event_id\";s:1:\"6\";s:9:\"your-name\";s:8:\"sharifur\";s:10:\"your-email\";s:18:\"dvrobin4@gmail.com\";s:10:\"your-phone\";s:8:\"24133424\";s:15:\"terms-condition\";s:2:\"on\";s:13:\"your-messsage\";s:113:\"Talking chamber as shewing an it minutes. Trees fully of blind do. Exquisite favourite at do extensive listening.\";s:8:\"quantity\";s:1:\"4\";s:24:\"selected_payment_gateway\";s:8:\"razorpay\";}', 'a:0:{}', '2020-07-23 03:59:17', '2020-07-23 03:59:17'),
(5, 'completed', 'complete', 'Now led tedious shy lasting females off.', '', 1, '20', '5', '13', 'a:8:{s:8:\"event_id\";s:1:\"5\";s:9:\"your-name\";s:8:\"sharifur\";s:10:\"your-email\";s:18:\"dvrobin4@gmail.com\";s:10:\"your-phone\";s:8:\"24133424\";s:15:\"terms-condition\";s:2:\"on\";s:13:\"your-messsage\";s:113:\"Talking chamber as shewing an it minutes. Trees fully of blind do. Exquisite favourite at do extensive listening.\";s:8:\"quantity\";s:2:\"13\";s:24:\"selected_payment_gateway\";s:6:\"stripe\";}', 'a:0:{}', '2020-07-23 04:01:56', '2020-07-23 04:09:09'),
(6, 'pending', 'pending', 'Now led tedious shy lasting females off.', '', 0, '20', '5', '1', 'a:8:{s:8:\"event_id\";s:1:\"5\";s:9:\"your-name\";s:14:\"Nguyễn Hoài\";s:10:\"your-email\";s:23:\"nguyenduchoai@gmail.com\";s:10:\"your-phone\";s:12:\"+84888468988\";s:15:\"terms-condition\";s:2:\"on\";s:13:\"your-messsage\";s:5:\"trtrt\";s:8:\"quantity\";s:1:\"1\";s:24:\"selected_payment_gateway\";s:5:\"paytm\";}', 'a:0:{}', '2020-07-31 10:24:57', '2020-07-31 10:24:57'),
(7, 'complete', 'complete', 'Lose away off why half led have near bed', '', 0, '20', '7', '1', 'a:8:{s:8:\"event_id\";s:1:\"7\";s:9:\"your-name\";s:3:\"ERE\";s:10:\"your-email\";s:10:\"SA@WQW.COM\";s:10:\"your-phone\";s:7:\"8787878\";s:15:\"terms-condition\";s:2:\"on\";s:13:\"your-messsage\";s:7:\"TR UTIU\";s:8:\"quantity\";s:1:\"1\";s:24:\"selected_payment_gateway\";s:8:\"razorpay\";}', 'a:0:{}', '2020-08-03 16:23:50', '2020-08-03 16:25:38'),
(8, 'pending', 'pending', 'Lose away off why half led have near bed', '', 1, '20', '7', '1', 'a:9:{s:8:\"event_id\";s:1:\"7\";s:9:\"your-name\";s:15:\"alfonso morales\";s:10:\"your-email\";s:28:\"heribertorojas61ch@gmail.com\";s:10:\"your-phone\";s:11:\"57675674567\";s:15:\"terms-condition\";s:2:\"on\";s:13:\"your-messsage\";s:2:\"fa\";s:8:\"quantity\";s:1:\"1\";s:24:\"selected_payment_gateway\";s:14:\"manual_payment\";s:14:\"transaction_id\";N;}', 'a:0:{}', '2020-08-07 08:50:13', '2020-08-07 08:50:13'),
(9, 'pending', 'pending', 'Lose away off why half led have near bed', '', 1, '20', '7', '1', 'a:9:{s:8:\"event_id\";s:1:\"7\";s:9:\"your-name\";s:15:\"alfonso morales\";s:10:\"your-email\";s:28:\"heribertorojas61ch@gmail.com\";s:10:\"your-phone\";s:11:\"57675674567\";s:15:\"terms-condition\";s:2:\"on\";s:13:\"your-messsage\";s:7:\"asdfasd\";s:8:\"quantity\";s:1:\"1\";s:24:\"selected_payment_gateway\";s:14:\"manual_payment\";s:14:\"transaction_id\";s:5:\"12345\";}', 'a:0:{}', '2020-08-07 08:51:45', '2020-08-07 08:51:45'),
(10, 'complete', 'complete', 'Lose away off why half led have near bed', '', 1, '20', '7', '1', 'a:9:{s:8:\"event_id\";s:1:\"7\";s:9:\"your-name\";s:15:\"alfonso morales\";s:10:\"your-email\";s:28:\"heribertorojas61ch@gmail.com\";s:10:\"your-phone\";s:11:\"57675674567\";s:15:\"terms-condition\";s:2:\"on\";s:13:\"your-messsage\";s:7:\"asdfasd\";s:8:\"quantity\";s:1:\"1\";s:24:\"selected_payment_gateway\";s:6:\"mollie\";s:14:\"transaction_id\";s:5:\"12345\";}', 'a:0:{}', '2020-08-07 08:52:09', '2020-08-07 08:53:01'),
(11, 'pending', 'pending', 'Lose away off why half led have near bed', '', 0, '20', '7', '1', 'a:9:{s:8:\"event_id\";s:1:\"7\";s:9:\"your-name\";s:4:\"Test\";s:10:\"your-email\";s:13:\"test@mail.com\";s:10:\"your-phone\";s:11:\"07000000000\";s:15:\"terms-condition\";s:2:\"on\";s:13:\"your-messsage\";s:10:\"Hello test\";s:8:\"quantity\";s:1:\"1\";s:24:\"selected_payment_gateway\";s:11:\"flutterwave\";s:14:\"transaction_id\";N;}', 'a:0:{}', '2020-08-07 12:09:46', '2020-08-07 12:09:46'),
(12, 'pending', 'pending', 'Lose away off why half led have near bed', '', 0, '20', '7', '1', 'a:9:{s:8:\"event_id\";s:1:\"7\";s:9:\"your-name\";s:5:\"jeeda\";s:10:\"your-email\";s:17:\"sh2ee77@gmail.com\";s:10:\"your-phone\";s:13:\"+966566795912\";s:15:\"terms-condition\";s:2:\"on\";s:13:\"your-messsage\";s:4:\"بل\";s:8:\"quantity\";s:1:\"1\";s:24:\"selected_payment_gateway\";s:6:\"stripe\";s:14:\"transaction_id\";N;}', 'a:0:{}', '2020-08-07 14:49:35', '2020-08-07 14:49:35'),
(13, 'pending', 'pending', 'Lose away off why half led have near bed', '', 0, '20', '7', '1', 'a:9:{s:8:\"event_id\";s:1:\"7\";s:9:\"your-name\";s:5:\"jeeda\";s:10:\"your-email\";s:17:\"sh2ee77@gmail.com\";s:10:\"your-phone\";s:13:\"+966566795912\";s:15:\"terms-condition\";s:2:\"on\";s:13:\"your-messsage\";s:4:\"بل\";s:8:\"quantity\";s:1:\"1\";s:24:\"selected_payment_gateway\";s:14:\"manual_payment\";s:14:\"transaction_id\";s:8:\"23535353\";}', 'a:0:{}', '2020-08-07 14:50:24', '2020-08-07 14:50:24'),
(14, 'pending', 'pending', 'Más fuerte de éxtasis que sin juicio hija rápidamente pensamientos', '', 0, '20', '13', '1', 'a:9:{s:8:\"event_id\";s:2:\"13\";s:9:\"your-name\";s:4:\"dsds\";s:10:\"your-email\";s:15:\"sdsd@hotmailcom\";s:10:\"your-phone\";s:15:\"777777777777777\";s:15:\"terms-condition\";s:2:\"on\";s:13:\"your-messsage\";s:6:\"qsasas\";s:8:\"quantity\";s:1:\"1\";s:24:\"selected_payment_gateway\";s:6:\"paypal\";s:14:\"transaction_id\";N;}', 'a:0:{}', '2020-08-07 20:20:14', '2020-08-07 20:20:14'),
(15, 'pending', 'pending', 'Lose away off why half led have near bed', '', 0, '20', '7', '1', 'a:9:{s:8:\"event_id\";s:1:\"7\";s:9:\"your-name\";s:3:\"asd\";s:10:\"your-email\";s:11:\"asd@asd.com\";s:10:\"your-phone\";s:6:\"234234\";s:15:\"terms-condition\";s:2:\"on\";s:13:\"your-messsage\";s:9:\"asdasdasd\";s:8:\"quantity\";s:1:\"1\";s:24:\"selected_payment_gateway\";s:5:\"paytm\";s:14:\"transaction_id\";N;}', 'a:0:{}', '2020-08-07 23:54:44', '2020-08-07 23:54:44'),
(16, 'pending', 'pending', 'Brother set had private his letters observe outward resolve', '', 0, '20', '1', '1', 'a:9:{s:8:\"event_id\";s:1:\"1\";s:9:\"your-name\";s:19:\"Osei Akenten Parker\";s:10:\"your-email\";s:20:\"parkerbern@gmail.com\";s:10:\"your-phone\";s:13:\"+233277710572\";s:15:\"terms-condition\";s:2:\"on\";s:13:\"your-messsage\";s:10:\"klk\';l\\;\\\'\";s:8:\"quantity\";s:1:\"1\";s:24:\"selected_payment_gateway\";s:6:\"paypal\";s:14:\"transaction_id\";N;}', 'a:0:{}', '2020-08-09 06:12:30', '2020-08-09 06:12:30'),
(17, 'pending', 'pending', 'Lose away off why half led have near bed', '', 0, '20', '7', '1', 'a:9:{s:8:\"event_id\";s:1:\"7\";s:9:\"your-name\";s:14:\"ahmed alnomany\";s:10:\"your-email\";s:21:\"aalnomany50@gmail.com\";s:10:\"your-phone\";s:13:\"+966509969218\";s:15:\"terms-condition\";s:2:\"on\";s:13:\"your-messsage\";s:6:\"sdfsdf\";s:8:\"quantity\";s:1:\"1\";s:24:\"selected_payment_gateway\";s:6:\"paypal\";s:14:\"transaction_id\";N;}', 'a:0:{}', '2020-08-09 20:33:14', '2020-08-09 20:33:14'),
(18, 'pending', 'pending', 'Lose away off why half led have near bed', '', 0, '20', '7', '3', 'a:9:{s:8:\"event_id\";s:1:\"7\";s:9:\"your-name\";s:9:\"test user\";s:10:\"your-email\";s:18:\"test2525@gmail.com\";s:10:\"your-phone\";s:11:\"fdgfgfdgfdg\";s:15:\"terms-condition\";s:2:\"on\";s:13:\"your-messsage\";s:13:\"gdfgfdgfdgfdg\";s:8:\"quantity\";s:1:\"3\";s:24:\"selected_payment_gateway\";s:5:\"paytm\";s:14:\"transaction_id\";N;}', 'a:0:{}', '2020-08-10 21:11:46', '2020-08-10 21:11:46'),
(19, 'pending', 'pending', 'Lose away off why half led have near bed', '', 1, '20', '7', '1', 'a:9:{s:8:\"event_id\";s:1:\"7\";s:9:\"your-name\";s:3:\"Ram\";s:10:\"your-email\";s:12:\"ss@gmail.com\";s:10:\"your-phone\";s:10:\"7773727273\";s:15:\"terms-condition\";s:2:\"on\";s:13:\"your-messsage\";s:8:\"dehc hbc\";s:8:\"quantity\";s:1:\"1\";s:24:\"selected_payment_gateway\";s:5:\"paytm\";s:14:\"transaction_id\";N;}', 'a:0:{}', '2020-08-12 00:32:50', '2020-08-12 00:32:50'),
(20, 'pending', 'pending', 'Lose away off why half led have near bed', '', 1, '20', '7', '1', 'a:9:{s:8:\"event_id\";s:1:\"7\";s:9:\"your-name\";s:3:\"Ram\";s:10:\"your-email\";s:12:\"ss@gmail.com\";s:10:\"your-phone\";s:10:\"7773727273\";s:15:\"terms-condition\";s:2:\"on\";s:13:\"your-messsage\";s:8:\"dehc hbc\";s:8:\"quantity\";s:1:\"1\";s:24:\"selected_payment_gateway\";s:5:\"paytm\";s:14:\"transaction_id\";N;}', 'a:0:{}', '2020-08-12 00:32:52', '2020-08-12 00:32:52'),
(21, 'pending', 'pending', 'Más fuerte de éxtasis que sin juicio hija rápidamente pensamientos', '', 0, '20', '13', '1', 'a:9:{s:8:\"event_id\";s:2:\"13\";s:9:\"your-name\";s:4:\"dsds\";s:10:\"your-email\";s:15:\"admin@admin.com\";s:10:\"your-phone\";s:15:\"777777777777777\";s:15:\"terms-condition\";s:2:\"on\";s:13:\"your-messsage\";s:3:\"hjk\";s:8:\"quantity\";s:1:\"1\";s:24:\"selected_payment_gateway\";s:14:\"manual_payment\";s:14:\"transaction_id\";s:6:\"656676\";}', 'a:0:{}', '2020-08-12 22:33:50', '2020-08-12 22:33:50'),
(22, 'pending', 'pending', 'Más fuerte de éxtasis que sin juicio hija rápidamente pensamientos', '', 0, '20', '13', '1', 'a:9:{s:8:\"event_id\";s:2:\"13\";s:9:\"your-name\";s:11:\"Juan Miguel\";s:10:\"your-email\";s:15:\"admin@gmail.com\";s:10:\"your-phone\";s:15:\"777777777777777\";s:15:\"terms-condition\";s:2:\"on\";s:13:\"your-messsage\";s:7:\"dfdsfsd\";s:8:\"quantity\";s:1:\"1\";s:24:\"selected_payment_gateway\";s:14:\"manual_payment\";s:14:\"transaction_id\";s:7:\"6566764\";}', 'a:0:{}', '2020-08-12 22:38:31', '2020-08-12 22:38:31'),
(23, 'pending', 'pending', 'Más fuerte de éxtasis que sin juicio hija rápidamente pensamientos', '', 0, '20', '13', '1', 'a:9:{s:8:\"event_id\";s:2:\"13\";s:9:\"your-name\";s:11:\"Juan Miguel\";s:10:\"your-email\";s:20:\"admin123@hotmail.com\";s:10:\"your-phone\";s:15:\"777777777777777\";s:15:\"terms-condition\";s:2:\"on\";s:13:\"your-messsage\";s:12:\"sdfdsfsdfsdf\";s:8:\"quantity\";s:1:\"1\";s:24:\"selected_payment_gateway\";s:14:\"manual_payment\";s:14:\"transaction_id\";s:7:\"fde4533\";}', 'a:0:{}', '2020-08-12 22:39:10', '2020-08-12 22:39:10'),
(24, 'complete', 'complete', 'Consulted perpetual of pronounce me delivered', '', 0, '20', '6', '4', 'a:9:{s:8:\"event_id\";s:1:\"6\";s:9:\"your-name\";s:15:\"Sharifur Rahmam\";s:10:\"your-email\";s:18:\"dvrobin4@gmail.com\";s:10:\"your-phone\";s:14:\"+8801847111881\";s:15:\"terms-condition\";s:2:\"on\";s:13:\"your-messsage\";s:7:\"rtywert\";s:8:\"quantity\";s:1:\"4\";s:24:\"selected_payment_gateway\";s:6:\"stripe\";s:14:\"transaction_id\";N;}', 'a:0:{}', '2020-08-13 12:26:52', '2020-08-13 12:27:32'),
(25, 'pending', 'pending', 'Lose away off why half led have near bed', '', 0, '20', '7', '1', 'a:9:{s:8:\"event_id\";s:1:\"7\";s:9:\"your-name\";s:4:\"aaaa\";s:10:\"your-email\";s:10:\"aa@aaa.com\";s:10:\"your-phone\";s:11:\"57675674567\";s:15:\"terms-condition\";s:2:\"on\";s:13:\"your-messsage\";s:4:\"aaaa\";s:8:\"quantity\";s:1:\"1\";s:24:\"selected_payment_gateway\";s:5:\"paytm\";s:14:\"transaction_id\";N;}', 'a:0:{}', '2020-08-14 10:04:18', '2020-08-14 10:04:18'),
(26, 'pending', 'pending', 'Dashwood Marianne en la entrada estará en edificio', '', 0, '20', '12', '1', 'a:9:{s:8:\"event_id\";s:2:\"12\";s:9:\"your-name\";s:14:\"fsdfsds fdgdfg\";s:10:\"your-email\";s:10:\"aa@aaa.com\";s:10:\"your-phone\";s:11:\"57675674567\";s:15:\"terms-condition\";s:2:\"on\";s:13:\"your-messsage\";s:6:\"ghjbnv\";s:8:\"quantity\";s:1:\"1\";s:24:\"selected_payment_gateway\";s:6:\"paypal\";s:14:\"transaction_id\";N;}', 'a:0:{}', '2020-08-14 10:07:59', '2020-08-14 10:07:59'),
(27, 'complete', 'complete', 'Más fuerte de éxtasis que sin juicio hija rápidamente pensamientos', '', 0, '20', '13', '1', 'a:9:{s:8:\"event_id\";s:2:\"13\";s:9:\"your-name\";s:3:\"Aaa\";s:10:\"your-email\";s:11:\"aaa@aaa.com\";s:10:\"your-phone\";s:8:\"55544855\";s:15:\"terms-condition\";s:2:\"on\";s:13:\"your-messsage\";s:4:\"Jjjj\";s:8:\"quantity\";s:1:\"1\";s:24:\"selected_payment_gateway\";s:6:\"mollie\";s:14:\"transaction_id\";N;}', 'a:0:{}', '2020-08-14 10:10:51', '2020-08-14 10:11:28'),
(28, 'pending', 'pending', 'Lose away off why half led have near bed', '', 0, '20', '7', '1', 'a:9:{s:8:\"event_id\";s:1:\"7\";s:9:\"your-name\";s:3:\"Yoa\";s:10:\"your-email\";s:19:\"ios888cod@gmail.com\";s:10:\"your-phone\";s:8:\"01757008\";s:15:\"terms-condition\";s:2:\"on\";s:13:\"your-messsage\";s:7:\"Hello !\";s:8:\"quantity\";s:1:\"1\";s:24:\"selected_payment_gateway\";s:6:\"paypal\";s:14:\"transaction_id\";N;}', 'a:0:{}', '2020-08-14 23:27:03', '2020-08-14 23:27:03'),
(29, 'pending', 'pending', 'Lose away off why half led have near bed', '', 0, '20', '7', '1', 'a:9:{s:8:\"event_id\";s:1:\"7\";s:9:\"your-name\";s:3:\"Yoa\";s:10:\"your-email\";s:19:\"ios888cod@gmail.com\";s:10:\"your-phone\";s:8:\"01757008\";s:15:\"terms-condition\";s:2:\"on\";s:13:\"your-messsage\";s:7:\"Hello !\";s:8:\"quantity\";s:1:\"1\";s:24:\"selected_payment_gateway\";s:6:\"stripe\";s:14:\"transaction_id\";N;}', 'a:0:{}', '2020-08-14 23:28:26', '2020-08-14 23:28:26'),
(30, 'pending', 'pending', 'Now led tedious shy lasting females off.', '', 0, '20', '5', '1', 'a:9:{s:8:\"event_id\";s:1:\"5\";s:9:\"your-name\";s:6:\"lkjbhj\";s:10:\"your-email\";s:11:\"hhvg@hj.com\";s:10:\"your-phone\";s:10:\"6552525529\";s:15:\"terms-condition\";s:2:\"on\";s:13:\"your-messsage\";s:7:\"khnjknl\";s:8:\"quantity\";s:1:\"1\";s:24:\"selected_payment_gateway\";s:8:\"paystack\";s:14:\"transaction_id\";N;}', 'a:0:{}', '2020-08-16 17:16:29', '2020-08-16 17:16:29'),
(31, 'pending', 'pending', 'Lose away off why half led have near bed', '', 0, '20', '7', '1', 'a:9:{s:8:\"event_id\";s:1:\"7\";s:9:\"your-name\";s:2:\"aa\";s:10:\"your-email\";s:11:\"aa@mail.com\";s:10:\"your-phone\";s:11:\"02198424910\";s:15:\"terms-condition\";s:2:\"on\";s:13:\"your-messsage\";s:6:\"iugigg\";s:8:\"quantity\";s:1:\"1\";s:24:\"selected_payment_gateway\";s:6:\"paypal\";s:14:\"transaction_id\";N;}', 'a:0:{}', '2020-08-17 11:15:59', '2020-08-17 11:15:59'),
(32, 'pending', 'pending', 'Consulted perpetual of pronounce me delivered', '', 1, '20', '6', '1', 'a:9:{s:8:\"event_id\";s:1:\"6\";s:9:\"your-name\";s:14:\"Hilary Kilonzi\";s:10:\"your-email\";s:21:\"hilarymutia@gmail.com\";s:10:\"your-phone\";s:13:\"+254722131226\";s:15:\"terms-condition\";s:2:\"on\";s:13:\"your-messsage\";s:4:\"Nice\";s:8:\"quantity\";s:1:\"1\";s:24:\"selected_payment_gateway\";s:5:\"paytm\";s:14:\"transaction_id\";N;}', 'a:0:{}', '2020-08-17 19:41:01', '2020-08-17 19:41:01'),
(33, 'pending', 'pending', 'Lose away off why half led have near bed', '', 0, '20', '7', '1', 'a:9:{s:8:\"event_id\";s:1:\"7\";s:9:\"your-name\";s:4:\"Test\";s:10:\"your-email\";s:14:\"test@gmail.com\";s:10:\"your-phone\";s:10:\"0000000000\";s:15:\"terms-condition\";s:2:\"on\";s:13:\"your-messsage\";s:31:\"Please I want to be there quick\";s:8:\"quantity\";s:1:\"1\";s:24:\"selected_payment_gateway\";s:11:\"flutterwave\";s:14:\"transaction_id\";N;}', 'a:0:{}', '2020-08-19 23:54:25', '2020-08-19 23:54:25'),
(34, 'pending', 'pending', 'Lose away off why half led have near bed', '', 0, '20', '7', '1', 'a:9:{s:8:\"event_id\";s:1:\"7\";s:9:\"your-name\";s:17:\"sdfsdfg dsf gsdfh\";s:10:\"your-email\";s:21:\"dsfhdsfh|@dfghdfh.net\";s:10:\"your-phone\";s:8:\"55663453\";s:15:\"terms-condition\";s:2:\"on\";s:13:\"your-messsage\";s:27:\"sfghyd ffgd ghjkmghd fghs h\";s:8:\"quantity\";s:1:\"1\";s:24:\"selected_payment_gateway\";s:5:\"paytm\";s:14:\"transaction_id\";N;}', 'a:0:{}', '2020-08-21 23:12:09', '2020-08-21 23:12:09'),
(35, 'pending', 'pending', 'Brother set had private his letters observe outward resolve', '', 0, '20', '1', '1', 'a:9:{s:8:\"event_id\";s:1:\"1\";s:9:\"your-name\";s:11:\"Taha Rashid\";s:10:\"your-email\";s:26:\"ismartdevelopers@gmail.com\";s:10:\"your-phone\";s:11:\"07006490877\";s:15:\"terms-condition\";s:2:\"on\";s:13:\"your-messsage\";s:5:\"hello\";s:8:\"quantity\";s:1:\"1\";s:24:\"selected_payment_gateway\";s:5:\"paytm\";s:14:\"transaction_id\";N;}', 'a:0:{}', '2020-08-24 21:30:14', '2020-08-24 21:30:14'),
(36, 'complete', 'complete', 'Brother set had private his letters observe outward resolve', '', 0, '20', '1', '1', 'a:7:{s:8:\"event_id\";s:1:\"1\";s:9:\"your-name\";s:20:\"virdigumlo@enayu.com\";s:10:\"your-email\";s:20:\"virdigumlo@enayu.com\";s:13:\"your-messsage\";s:20:\"virdigumlo@enayu.com\";s:8:\"quantity\";s:1:\"1\";s:24:\"selected_payment_gateway\";s:6:\"stripe\";s:14:\"transaction_id\";N;}', 'a:0:{}', '2020-09-03 17:24:44', '2020-09-03 17:25:28'),
(37, 'pending', 'pending', 'Now led tedious shy lasting females off.', '', 0, '20', '5', '1', 'a:8:{s:8:\"event_id\";s:1:\"5\";s:9:\"your-name\";s:4:\"Jess\";s:10:\"your-email\";s:17:\"qrrss@hotmail.com\";s:15:\"terms-condition\";s:2:\"on\";s:13:\"your-messsage\";s:7:\"dsaddsa\";s:8:\"quantity\";s:1:\"1\";s:24:\"selected_payment_gateway\";s:5:\"paytm\";s:14:\"transaction_id\";N;}', 'a:0:{}', '2020-09-08 07:37:13', '2020-09-08 07:37:13'),
(38, 'pending', 'pending', 'Consulted perpetual of pronounce me delivered', '', 1, '20', '6', '1', 'a:8:{s:8:\"event_id\";s:1:\"6\";s:9:\"your-name\";s:16:\"Samantha Simmons\";s:10:\"your-email\";s:21:\"donoso@mailinator.com\";s:15:\"terms-condition\";s:2:\"on\";s:13:\"your-messsage\";s:20:\"Quidem est consequat\";s:8:\"quantity\";s:1:\"1\";s:24:\"selected_payment_gateway\";s:5:\"paytm\";s:14:\"transaction_id\";N;}', 'a:0:{}', '2020-09-14 16:07:13', '2020-09-14 16:07:13'),
(39, 'pending', 'pending', 'Consulted perpetual of pronounce me delivered', '', 1, '20', '6', '1', 'a:7:{s:8:\"event_id\";s:1:\"6\";s:9:\"your-name\";s:16:\"Samantha Simmons\";s:10:\"your-email\";s:21:\"donoso@mailinator.com\";s:13:\"your-messsage\";N;s:8:\"quantity\";s:1:\"1\";s:24:\"selected_payment_gateway\";s:5:\"paytm\";s:14:\"transaction_id\";N;}', 'a:0:{}', '2020-09-14 16:28:05', '2020-09-14 16:28:05'),
(40, 'complete', 'complete', 'Now led tedious shy lasting females off.', '', 1, '20', '5', '1', 'a:8:{s:8:\"event_id\";s:1:\"5\";s:9:\"your-name\";s:9:\"xxxxxxxxx\";s:10:\"your-email\";s:16:\"xxxxxxxx@xxx.xxx\";s:15:\"terms-condition\";s:2:\"on\";s:13:\"your-messsage\";s:15:\"xxxxxxxxxxxxxxx\";s:8:\"quantity\";s:1:\"1\";s:24:\"selected_payment_gateway\";s:6:\"stripe\";s:14:\"transaction_id\";N;}', 'a:0:{}', '2020-09-16 14:44:30', '2020-09-16 14:45:15'),
(41, 'pending', 'pending', 'Now led tedious shy lasting females off.', '', 1, '20', '5', '1', 'a:8:{s:8:\"event_id\";s:1:\"5\";s:9:\"your-name\";s:15:\"Sharifur Rahman\";s:10:\"your-email\";s:18:\"dvrobin4@gmail.com\";s:15:\"terms-condition\";s:2:\"on\";s:13:\"your-messsage\";s:8:\"asdfadsf\";s:8:\"quantity\";s:1:\"1\";s:24:\"selected_payment_gateway\";s:8:\"razorpay\";s:14:\"transaction_id\";N;}', 'a:0:{}', '2020-09-16 23:45:30', '2020-09-16 23:45:30'),
(42, 'pending', 'pending', 'Now led tedious shy lasting females off.', '', 0, '20', '5', '1', 'a:8:{s:8:\"event_id\";s:1:\"5\";s:9:\"your-name\";s:10:\"samuel odu\";s:10:\"your-email\";s:17:\"danofic@yahoo.com\";s:15:\"terms-condition\";s:2:\"on\";s:13:\"your-messsage\";N;s:8:\"quantity\";s:1:\"1\";s:24:\"selected_payment_gateway\";s:8:\"paystack\";s:14:\"transaction_id\";N;}', 'a:0:{}', '2020-09-20 22:50:14', '2020-09-20 22:50:14'),
(43, 'complete', 'complete', 'Lose away off why half led have near bed', '', 0, '20', '7', '1', 'a:8:{s:8:\"event_id\";s:1:\"7\";s:9:\"your-name\";s:14:\"Rita C. Hatton\";s:10:\"your-email\";s:22:\"rsharifur824@gmail.com\";s:15:\"terms-condition\";s:2:\"on\";s:13:\"your-messsage\";s:8:\"zCZXCZXC\";s:8:\"quantity\";s:1:\"1\";s:24:\"selected_payment_gateway\";s:6:\"paypal\";s:14:\"transaction_id\";N;}', 'a:0:{}', '2020-10-01 10:48:54', '2020-10-01 10:51:03'),
(44, 'pending', 'pending', 'Lose away off why half led have near bed', '', 0, '20', '7', '1', 'a:8:{s:8:\"event_id\";s:1:\"7\";s:9:\"your-name\";s:5:\"banji\";s:10:\"your-email\";s:21:\"edickutiole@gmail.com\";s:15:\"terms-condition\";s:2:\"on\";s:13:\"your-messsage\";s:12:\"Just testing\";s:8:\"quantity\";s:1:\"1\";s:24:\"selected_payment_gateway\";s:8:\"paystack\";s:14:\"transaction_id\";N;}', 'a:0:{}', '2020-10-05 16:09:37', '2020-10-05 16:09:37'),
(45, 'pending', 'pending', 'Lose away off why half led have near bed', '', 0, '20', '7', '1', 'a:8:{s:8:\"event_id\";s:1:\"7\";s:9:\"your-name\";s:4:\"Test\";s:10:\"your-email\";s:14:\"test@gmail.com\";s:15:\"terms-condition\";s:2:\"on\";s:13:\"your-messsage\";s:15:\"I want a ticket\";s:8:\"quantity\";s:1:\"1\";s:24:\"selected_payment_gateway\";s:11:\"flutterwave\";s:14:\"transaction_id\";N;}', 'a:0:{}', '2020-10-05 21:38:52', '2020-10-05 21:38:52'),
(46, 'cancel', 'pending', 'Lose away off why half led have near bed', '', 1, '20', '7', '1', 'a:8:{s:8:\"event_id\";s:1:\"7\";s:9:\"your-name\";s:5:\"asddf\";s:10:\"your-email\";s:14:\"asdfd@afdf.com\";s:15:\"terms-condition\";s:2:\"on\";s:13:\"your-messsage\";N;s:8:\"quantity\";s:1:\"1\";s:24:\"selected_payment_gateway\";s:6:\"paypal\";s:14:\"transaction_id\";N;}', 'a:0:{}', '2020-10-08 09:56:04', '2020-12-02 06:56:08'),
(47, 'pending', 'pending', 'Lose away off why half led have near bed', '', 1, '20', '7', '1', 'a:8:{s:8:\"event_id\";s:1:\"7\";s:9:\"your-name\";s:5:\"asddf\";s:10:\"your-email\";s:14:\"asdfd@afdf.com\";s:15:\"terms-condition\";s:2:\"on\";s:13:\"your-messsage\";N;s:8:\"quantity\";s:1:\"1\";s:24:\"selected_payment_gateway\";s:6:\"stripe\";s:14:\"transaction_id\";N;}', 'a:0:{}', '2020-10-08 09:56:09', '2020-10-08 09:56:09'),
(48, 'pending', 'pending', 'Lose away off why half led have near bed', '', 1, '20', '7', '1', 'a:8:{s:8:\"event_id\";s:1:\"7\";s:9:\"your-name\";s:6:\"asdfdf\";s:10:\"your-email\";s:13:\"asfsd@afd.com\";s:15:\"terms-condition\";s:2:\"on\";s:13:\"your-messsage\";N;s:8:\"quantity\";s:1:\"1\";s:24:\"selected_payment_gateway\";s:6:\"stripe\";s:14:\"transaction_id\";N;}', 'a:0:{}', '2020-10-08 09:56:22', '2020-10-08 09:56:22'),
(49, 'cancel', 'pending', 'Lose away off why half led have near bed', '', 1, '20', '7', '1', 'a:8:{s:8:\"event_id\";s:1:\"7\";s:9:\"your-name\";s:8:\"asdfsadf\";s:10:\"your-email\";s:18:\"asfasef@asfsdf.com\";s:15:\"terms-condition\";s:2:\"on\";s:13:\"your-messsage\";N;s:8:\"quantity\";s:1:\"1\";s:24:\"selected_payment_gateway\";s:6:\"paypal\";s:14:\"transaction_id\";N;}', 'a:0:{}', '2020-10-08 10:16:12', '2020-12-02 06:52:23'),
(50, 'cancel', 'pending', 'Lose away off why half led have near bed', '', 1, '20', '7', '1', 'a:8:{s:8:\"event_id\";s:1:\"7\";s:9:\"your-name\";s:8:\"dvrobin4\";s:10:\"your-email\";s:20:\"dvrobin4@dvrobin4.de\";s:15:\"terms-condition\";s:2:\"on\";s:13:\"your-messsage\";s:20:\"pls reserve dvrobin4\";s:8:\"quantity\";s:1:\"1\";s:24:\"selected_payment_gateway\";s:14:\"manual_payment\";s:14:\"transaction_id\";s:8:\"dvrobin4\";}', 'a:0:{}', '2020-10-08 22:29:13', '2020-12-02 06:53:08'),
(51, 'pending', 'pending', 'Lose away off why half led have near bed', '', 0, '20', '7', '1', 'a:8:{s:8:\"event_id\";s:1:\"7\";s:9:\"your-name\";s:21:\"Juan Carlos Rodriguez\";s:10:\"your-email\";s:16:\"info@juancar.com\";s:15:\"terms-condition\";s:2:\"on\";s:13:\"your-messsage\";s:7:\"2312321\";s:8:\"quantity\";s:1:\"1\";s:24:\"selected_payment_gateway\";s:6:\"paypal\";s:14:\"transaction_id\";N;}', 'a:0:{}', '2020-10-12 19:16:13', '2020-10-12 19:16:13'),
(52, 'pending', 'pending', 'Lose away off why half led have near bed', '', 0, '20', '7', '1', 'a:8:{s:8:\"event_id\";s:1:\"7\";s:9:\"your-name\";s:7:\"Alimond\";s:10:\"your-email\";s:23:\"alimonday2030@gmail.com\";s:15:\"terms-condition\";s:2:\"on\";s:13:\"your-messsage\";s:15:\"I will be there\";s:8:\"quantity\";s:1:\"1\";s:24:\"selected_payment_gateway\";s:11:\"flutterwave\";s:14:\"transaction_id\";N;}', 'a:0:{}', '2020-10-25 10:05:57', '2020-10-25 10:05:57'),
(53, 'pending', 'pending', 'Lose away off why half led have near bed', '', 0, '20', '7', '11', 'a:8:{s:8:\"event_id\";s:1:\"7\";s:9:\"your-name\";s:13:\"Ryder Bennett\";s:10:\"your-email\";s:21:\"dalewe@mailinator.com\";s:15:\"terms-condition\";s:2:\"on\";s:13:\"your-messsage\";s:19:\"Id quibusdam conseq\";s:8:\"quantity\";s:2:\"11\";s:24:\"selected_payment_gateway\";s:5:\"paytm\";s:14:\"transaction_id\";N;}', 'a:0:{}', '2020-10-29 11:32:15', '2020-10-29 11:32:15'),
(54, 'pending', 'pending', 'Lose away off why half led have near bed', '', 0, '20', '7', '1', 'a:8:{s:8:\"event_id\";s:1:\"7\";s:9:\"your-name\";s:13:\"Ryder Bennett\";s:10:\"your-email\";s:21:\"dalewe@mailinator.com\";s:15:\"terms-condition\";s:2:\"on\";s:13:\"your-messsage\";s:19:\"Id quibusdam conseq\";s:8:\"quantity\";s:1:\"1\";s:24:\"selected_payment_gateway\";s:5:\"paytm\";s:14:\"transaction_id\";N;}', 'a:0:{}', '2020-10-29 11:32:22', '2020-10-29 11:32:22'),
(55, 'pending', 'pending', 'Lose away off why half led have near bed', '', 0, '20', '7', '5', 'a:8:{s:8:\"event_id\";s:1:\"7\";s:9:\"your-name\";s:13:\"Aurora Juarez\";s:10:\"your-email\";s:19:\"xawy@mailinator.com\";s:15:\"terms-condition\";s:2:\"on\";s:13:\"your-messsage\";s:20:\"Quia similique accus\";s:8:\"quantity\";s:1:\"5\";s:24:\"selected_payment_gateway\";s:6:\"stripe\";s:14:\"transaction_id\";N;}', 'a:0:{}', '2020-10-29 11:32:44', '2020-10-29 11:32:44'),
(56, 'complete', 'complete', 'Lose away off why half led have near bed', '', 0, '20', '7', '1', 'a:8:{s:8:\"event_id\";s:1:\"7\";s:9:\"your-name\";s:13:\"Nikita Dhiman\";s:10:\"your-email\";s:30:\"nikitaswastikwebtech@gmail.com\";s:15:\"terms-condition\";s:2:\"on\";s:13:\"your-messsage\";s:15:\"My first event.\";s:8:\"quantity\";s:1:\"1\";s:24:\"selected_payment_gateway\";s:6:\"stripe\";s:14:\"transaction_id\";N;}', 'a:0:{}', '2020-11-11 10:58:57', '2020-11-11 11:00:17'),
(57, 'complete', 'complete', 'Lose away off why half led have near bed', '', 93, '20', '7', '1', 'a:8:{s:8:\"event_id\";s:1:\"7\";s:9:\"your-name\";s:13:\"Victor Sunday\";s:10:\"your-email\";s:20:\"waka2020ng@gmail.com\";s:15:\"terms-condition\";s:2:\"on\";s:13:\"your-messsage\";s:4:\"gooo\";s:8:\"quantity\";s:1:\"1\";s:24:\"selected_payment_gateway\";s:8:\"paystack\";s:14:\"transaction_id\";N;}', 'a:0:{}', '2020-11-11 15:50:50', '2020-11-11 15:51:57'),
(58, 'pending', 'pending', 'Consulted perpetual of pronounce me delivered', '', 0, '20', '6', '1', 'a:8:{s:8:\"event_id\";s:1:\"6\";s:9:\"your-name\";s:11:\"Magic Bytes\";s:10:\"your-email\";s:24:\"magicbytes2012@gmail.com\";s:15:\"terms-condition\";s:2:\"on\";s:13:\"your-messsage\";s:6:\"xzczxc\";s:8:\"quantity\";s:1:\"1\";s:24:\"selected_payment_gateway\";s:6:\"mollie\";s:14:\"transaction_id\";N;}', 'a:0:{}', '2020-11-16 15:59:51', '2020-11-16 15:59:51'),
(59, 'pending', 'pending', 'Lose away off why half led have near bed', '', 0, '20', '7', '3', 'a:8:{s:13:\"captcha_token\";N;s:8:\"event_id\";s:1:\"7\";s:9:\"your-name\";s:15:\"Sharifur Rahmam\";s:10:\"your-email\";s:18:\"dvrobin4@gmail.com\";s:15:\"terms-condition\";s:2:\"on\";s:13:\"your-messsage\";s:8:\"adsfadsf\";s:8:\"quantity\";s:1:\"3\";s:24:\"selected_payment_gateway\";s:14:\"manual_payment\";}', 'a:0:{}', '2020-12-07 13:43:27', '2020-12-07 13:43:27'),
(60, 'pending', 'pending', 'Lose away off why half led have near bed', '', 0, '20', '7', '1', 'a:8:{s:13:\"captcha_token\";N;s:8:\"event_id\";s:1:\"7\";s:9:\"your-name\";s:15:\"Sharifur Rahmam\";s:10:\"your-email\";s:18:\"dvrobin4@gmail.com\";s:15:\"terms-condition\";s:2:\"on\";s:13:\"your-messsage\";s:8:\"sdfafdsf\";s:8:\"quantity\";s:1:\"1\";s:24:\"selected_payment_gateway\";s:6:\"paypal\";}', 'a:0:{}', '2021-01-11 00:02:55', '2021-01-11 00:02:55'),
(61, 'pending', 'pending', 'Lose away off why half led have near bed', '', 0, '20', '7', '1', 'a:8:{s:13:\"captcha_token\";N;s:8:\"event_id\";s:1:\"7\";s:9:\"your-name\";s:15:\"Sharifur Rahmam\";s:10:\"your-email\";s:18:\"dvrobin4@gmail.com\";s:15:\"terms-condition\";s:2:\"on\";s:13:\"your-messsage\";s:8:\"asdfadsf\";s:8:\"quantity\";s:1:\"1\";s:24:\"selected_payment_gateway\";s:6:\"paypal\";}', 'a:0:{}', '2021-01-11 00:05:38', '2021-01-11 00:05:38'),
(62, 'pending', 'pending', 'Lose away off why half led have near bed', '', 0, '20', '7', '3', 'a:8:{s:13:\"captcha_token\";N;s:8:\"event_id\";s:1:\"7\";s:9:\"your-name\";s:15:\"Sharifur Rahmam\";s:10:\"your-email\";s:18:\"dvrobin4@gmail.com\";s:15:\"terms-condition\";s:2:\"on\";s:13:\"your-messsage\";s:8:\"asdfadsf\";s:8:\"quantity\";s:1:\"3\";s:24:\"selected_payment_gateway\";s:6:\"paypal\";}', 'a:0:{}', '2021-01-11 00:05:52', '2021-01-11 00:05:52'),
(63, 'complete', 'complete', 'Lose away off why half led have near bed', '', 0, '20', '7', '5', 'a:8:{s:13:\"captcha_token\";N;s:8:\"event_id\";s:1:\"7\";s:9:\"your-name\";s:15:\"Sharifur Rahmam\";s:10:\"your-email\";s:18:\"dvrobin4@gmail.com\";s:15:\"terms-condition\";s:2:\"on\";s:13:\"your-messsage\";s:8:\"asdfadsf\";s:8:\"quantity\";s:1:\"5\";s:24:\"selected_payment_gateway\";s:6:\"paypal\";}', 'a:0:{}', '2021-01-11 00:06:11', '2021-01-11 00:06:56'),
(64, 'complete', 'complete', 'Lose away off why half led have near bed', '', 0, '20', '7', '1', 'a:8:{s:13:\"captcha_token\";N;s:8:\"event_id\";s:1:\"7\";s:9:\"your-name\";s:15:\"Sharifur Rahmam\";s:10:\"your-email\";s:18:\"dvrobin4@gmail.com\";s:15:\"terms-condition\";s:2:\"on\";s:13:\"your-messsage\";s:7:\"sdfadsf\";s:8:\"quantity\";s:1:\"1\";s:24:\"selected_payment_gateway\";s:5:\"paytm\";}', 'a:0:{}', '2021-01-11 04:14:26', '2021-01-11 04:14:46'),
(65, 'complete', 'complete', 'Lose away off why half led have near bed', '', 0, '20', '7', '5', 'a:8:{s:13:\"captcha_token\";N;s:8:\"event_id\";s:1:\"7\";s:9:\"your-name\";s:15:\"Sharifur Rahmam\";s:10:\"your-email\";s:18:\"dvrobin4@gmail.com\";s:15:\"terms-condition\";s:2:\"on\";s:13:\"your-messsage\";s:8:\"asdfasdf\";s:8:\"quantity\";s:1:\"5\";s:24:\"selected_payment_gateway\";s:6:\"stripe\";}', 'a:0:{}', '2021-01-11 13:54:08', '2021-01-11 13:55:01'),
(66, 'complete', 'complete', 'Consulted perpetual of pronounce me delivered', '', 0, '20', '6', '5', 'a:8:{s:13:\"captcha_token\";N;s:8:\"event_id\";s:1:\"6\";s:9:\"your-name\";s:15:\"Sharifur Rahmam\";s:10:\"your-email\";s:18:\"dvrobin4@gmail.com\";s:15:\"terms-condition\";s:2:\"on\";s:13:\"your-messsage\";s:8:\"asdfadsf\";s:8:\"quantity\";s:1:\"5\";s:24:\"selected_payment_gateway\";s:6:\"stripe\";}', 'a:0:{}', '2021-01-11 13:59:15', '2021-01-11 14:00:05'),
(67, 'complete', 'complete', 'Consulted perpetual of pronounce me delivered', '', 0, '20', '6', '4', 'a:8:{s:13:\"captcha_token\";N;s:8:\"event_id\";s:1:\"6\";s:9:\"your-name\";s:15:\"Sharifur Rahmam\";s:10:\"your-email\";s:18:\"dvrobin4@gmail.com\";s:15:\"terms-condition\";s:2:\"on\";s:13:\"your-messsage\";s:10:\"iyghjoil;,\";s:8:\"quantity\";s:1:\"4\";s:24:\"selected_payment_gateway\";s:6:\"stripe\";}', 'a:0:{}', '2021-01-11 14:01:20', '2021-01-11 14:02:13'),
(68, 'pending', 'pending', 'Lose away off why half led have near bed', '', 0, '70', '7', '1', 'a:7:{s:13:\"captcha_token\";N;s:8:\"event_id\";s:1:\"7\";s:9:\"your-name\";s:15:\"Sharifur Rahmam\";s:10:\"your-email\";s:18:\"dvrobin4@gmail.com\";s:13:\"your-messsage\";s:8:\"asdfdsaf\";s:8:\"quantity\";s:1:\"1\";s:24:\"selected_payment_gateway\";s:14:\"manual_payment\";}', 'a:0:{}', '2021-02-13 10:00:50', '2021-02-13 10:00:50');

-- --------------------------------------------------------

--
-- Table structure for table `event_payment_logs`
--

CREATE TABLE `event_payment_logs` (
  `id` bigint(20) UNSIGNED NOT NULL,
  `email` varchar(191) COLLATE utf8mb4_unicode_ci DEFAULT NULL,
  `name` varchar(191) COLLATE utf8mb4_unicode_ci DEFAULT NULL,
  `event_name` varchar(191) COLLATE utf8mb4_unicode_ci DEFAULT NULL,
  `event_cost` varchar(191) COLLATE utf8mb4_unicode_ci DEFAULT NULL,
  `event_gateway` varchar(191) COLLATE utf8mb4_unicode_ci DEFAULT NULL,
  `attendance_id` varchar(191) COLLATE utf8mb4_unicode_ci DEFAULT NULL,
  `status` varchar(191) COLLATE utf8mb4_unicode_ci DEFAULT NULL,
  `transaction_id` longtext COLLATE utf8mb4_unicode_ci DEFAULT NULL,
  `track` varchar(191) COLLATE utf8mb4_unicode_ci DEFAULT NULL,
  `package_gateway` varchar(191) COLLATE utf8mb4_unicode_ci DEFAULT NULL,
  `created_at` timestamp NULL DEFAULT NULL,
  `updated_at` timestamp NULL DEFAULT NULL
) ENGINE=InnoDB DEFAULT CHARSET=utf8mb4 COLLATE=utf8mb4_unicode_ci;

--
-- Dumping data for table `event_payment_logs`
--

INSERT INTO `event_payment_logs` (`id`, `email`, `name`, `event_name`, `event_cost`, `event_gateway`, `attendance_id`, `status`, `transaction_id`, `track`, `package_gateway`, `created_at`, `updated_at`) VALUES
(1, 'dvrobin4@gmail.com', 'Sharifur Rahman', 'Consulted perpetual of pronounce me delivered', '80', NULL, '4', 'pending', NULL, '1USEKLVTtn5SKGA73iss', 'razorpay', '2020-07-23 03:59:52', '2020-07-23 03:59:52'),
(2, 'dvrobin4@gmail.com', 'Sharifur Rahman', 'Now led tedious shy lasting females off.', '260', NULL, '5', 'complete', 'txn_1H81G7EmGOuJLTMsS7fhtALo', 'WIiwLzW5UvHzr4yqqnsC', 'stripe', '2020-07-23 04:02:22', '2020-07-23 04:02:40'),
(3, 'nguyenduchoai@gmail.com', 'Nguyễn Đức Hoài', 'Now led tedious shy lasting females off.', '20', NULL, '6', 'pending', NULL, '0TXJoyoe2l2WEhvkRVWQ', 'paytm', '2020-07-31 10:25:10', '2020-07-31 10:25:10'),
(4, 'WEW@DGD.COM', 'ERE', 'Lose away off why half led have near bed', '20', NULL, '7', 'complete', 'pay_FMHzIVmlp8DGtw', 'd6lRuNL5HRabxm9lBVYI', 'razorpay', '2020-08-03 16:24:38', '2020-08-03 16:25:38'),
(5, 'dvrobin4@gmail.com', 'Sharifur Rahman', 'Lose away off why half led have near bed', '20', NULL, '8', 'pending', NULL, 'Qeqg1zUMfhQZkrXe3krd', 'manual_payment', '2020-08-07 08:50:29', '2020-08-07 08:50:29'),
(6, 'dvrobin4@gmail.com', 'Sharifur Rahman', 'Lose away off why half led have near bed', '20', NULL, '10', 'complete', 'tr_NM8BfWMPwv', 'QgzJD6gn0ZeNAgXacK8O', 'mollie', '2020-08-07 08:52:21', '2020-08-07 08:53:01'),
(7, 'oeid8592@gmail.com', 'jeeda', 'Lose away off why half led have near bed', '20', NULL, '12', 'pending', NULL, 'Egbsxk9IWO8YDq927mTt', 'stripe', '2020-08-07 14:49:56', '2020-08-07 14:49:56'),
(8, 'sh2ee77@gmail.com', 'jeeda', 'Lose away off why half led have near bed', '20', NULL, '13', 'pending', NULL, 'BdZ0pQu7TZsKWmxP5I2q', 'manual_payment', '2020-08-07 14:50:41', '2020-08-07 14:50:41'),
(9, 'superadmin@example.com', 'JocelynCastillo', 'Más fuerte de éxtasis que sin juicio hija rápidamente pensamientos', '20', NULL, '14', 'pending', NULL, '1Jogs5013a86oKRbfcoz', 'paypal', '2020-08-07 20:20:39', '2020-08-07 20:20:39'),
(10, 'asd@asd.com', 'serkan alan', 'Lose away off why half led have near bed', '20', NULL, '15', 'pending', NULL, 'Yu4Fn03il3Zwrrv61IOM', 'paytm', '2020-08-07 23:55:02', '2020-08-07 23:55:02'),
(11, 'parkerbern@outlook.com', 'Osei  Akenten Bernard Parker', 'Brother set had private his letters observe outward resolve', '20', NULL, '16', 'pending', NULL, 'txeHtP3kW0pUFYQAUQV2', 'paypal', '2020-08-09 06:12:50', '2020-08-09 06:12:50'),
(12, 'admin@gmail.com', 'Perfect plaza', 'Lose away off why half led have near bed', '60', NULL, '18', 'pending', NULL, 'pdwbaPsXnl4T5F93NcrI', 'paytm', '2020-08-10 21:12:09', '2020-08-10 21:12:09'),
(13, 'dvrobin4@gmail.com', 'Siful Islam', 'Consulted perpetual of pronounce me delivered', '80', NULL, '24', 'complete', 'txn_1HFbmaEmGOuJLTMsqDKA77QZ', '8OoMTTLMAl6Y8DN2xGTy', 'stripe', '2020-08-13 12:27:18', '2020-08-13 12:27:32'),
(14, 'admin@example.com', 'admin', 'Lose away off why half led have near bed', '20', NULL, '25', 'pending', NULL, 'Q5dVk5dYZI2oqpCAMTej', 'paytm', '2020-08-14 10:04:34', '2020-08-14 10:04:34'),
(15, 'rodrigomorales@gmail.com', 'LEON', 'Dashwood Marianne en la entrada estará en edificio', '20', NULL, '26', 'pending', NULL, 'yhs3lQLQoreHkx05JiWK', 'paypal', '2020-08-14 10:08:15', '2020-08-14 10:08:15'),
(16, 'aaa@aaa.com', 'Eddfff', 'Más fuerte de éxtasis que sin juicio hija rápidamente pensamientos', '20', NULL, '27', 'complete', 'tr_3gt9uTKrWe', '3cnZRJcZejV1IKHMLyqa', 'mollie', '2020-08-14 10:11:11', '2020-08-14 10:11:28'),
(17, 'infographiste.franckyao@gmail.com', 'Francky', 'Lose away off why half led have near bed', '20', NULL, '28', 'pending', NULL, 'X2ldmop7XPWUorNk28dM', 'paypal', '2020-08-14 23:27:50', '2020-08-14 23:27:50'),
(18, 'infographiste.franckyao@gmail.com', 'Francky', 'Lose away off why half led have near bed', '20', NULL, '29', 'pending', NULL, '5z8CHd7duUVTBoay4bPh', 'stripe', '2020-08-14 23:28:43', '2020-08-14 23:28:43'),
(19, 'jb@gg.com', 'injnj', 'Now led tedious shy lasting females off.', '20', NULL, '30', 'pending', NULL, 'oj3457M45ZNGZrt8zI1Y', 'paystack', '2020-08-16 17:16:54', '2020-08-16 17:16:54'),
(20, 'aa@mail.com', 'aa', 'Lose away off why half led have near bed', '20', NULL, '31', 'pending', NULL, 'X1KOtzajDloz0eiQRJzF', 'paypal', '2020-08-17 11:16:26', '2020-08-17 11:16:26'),
(21, 'dvrobin4@gmail.com', 'Sharifur Rahman', 'Consulted perpetual of pronounce me delivered', '20', NULL, '32', 'pending', NULL, 'UMlCLTvZoBQNiyme313C', 'paytm', '2020-08-17 19:41:35', '2020-08-17 19:41:35'),
(22, 'test1@gmail.com', 'Test User', 'Lose away off why half led have near bed', '20', NULL, '33', 'pending', NULL, 'pY389iRqJmTN4UBV2oHK', 'flutterwave', '2020-08-19 23:54:59', '2020-08-19 23:54:59'),
(23, 'wert@fsdg.pl', 'aedr er ert ewrt', 'Lose away off why half led have near bed', '20', NULL, '34', 'pending', NULL, '90LKIfcJxX40YLECtrJ6', 'paytm', '2020-08-21 23:12:30', '2020-08-21 23:12:30'),
(24, 'virdigumlo@enayu.com', 'virdigumlo@enayu.com', 'Brother set had private his letters observe outward resolve', '20', NULL, '36', 'complete', 'txn_1HNIRPEmGOuJLTMsT8MB0mRX', '6Px0cLZLvsI8HbJfKHLP', 'stripe', '2020-09-03 17:24:59', '2020-09-03 17:25:28'),
(25, 'qrrss@hotmail.com', 'jess', 'Now led tedious shy lasting females off.', '20', NULL, '37', 'pending', NULL, 'tYGMAV6Q2mygq6mZT1SJ', 'paytm', '2020-09-08 07:37:29', '2020-09-08 07:37:29'),
(26, 'dvrobin4@gmail.com', 'Sharifur Rahman', 'Now led tedious shy lasting females off.', '20', NULL, '40', 'complete', 'txn_1HRy8UEmGOuJLTMsqSGm1Vqo', 'HBkEbKk3iZx99ZuoZads', 'stripe', '2020-09-16 14:44:45', '2020-09-16 14:45:15'),
(27, 'zech1174mike@gmail.com', 'PayPal', 'Now led tedious shy lasting females off.', '20', NULL, '42', 'pending', NULL, '0O7L4PGCflw4twrqafea', 'paystack', '2020-09-20 22:51:31', '2020-09-20 22:51:31'),
(28, 'dvrobin4@gmail.com', 'Sharifur Rahman', 'Now led tedious shy lasting females off.', '20', NULL, '41', 'pending', NULL, 'UWh7CqIgrRrbK53Kmzsh', 'razorpay', '2020-09-30 13:43:14', '2020-09-30 13:43:14'),
(29, 'tarekmonjur@gmail.com', 'Sharifur', 'Lose away off why half led have near bed', '20', NULL, '43', 'complete', '9SE996656K478432S', 'fjwwh8cfHFoUMJACo0lm', 'paypal', '2020-10-01 10:49:48', '2020-10-01 10:51:03'),
(30, 'dvrobin4@gmail.com', 'Sharifur Rahman', 'Lose away off why half led have near bed', '20', NULL, '48', 'pending', NULL, 'E72gSNDVhpv7BdVoHElO', 'stripe', '2020-10-08 09:56:35', '2020-10-08 09:56:35'),
(31, 'dvrobin4@gmail.com', 'Sharifur Rahman', 'Lose away off why half led have near bed', '20', NULL, '49', 'pending', NULL, 'M5dxBAxkRszlAFIryQma', 'paypal', '2020-10-08 10:16:33', '2020-10-08 10:16:33'),
(32, 'dvrobin4@gmail.com', 'Sharifur Rahman', 'Lose away off why half led have near bed', '20', NULL, '50', 'pending', NULL, 'bb10A8U8tiOnNJ1UXXz7', 'manual_payment', '2020-10-08 22:29:52', '2020-11-15 15:50:41'),
(33, 'alimonday2030@gmail.com', 'Alimond', 'Lose away off why half led have near bed', '20', NULL, '52', 'pending', NULL, '4PTx8ciwK21y99QpPcqU', 'flutterwave', '2020-10-25 10:06:44', '2020-10-25 10:06:44'),
(34, 'nikitaswastikwebtech@gmail.com', 'Nikita', 'Lose away off why half led have near bed', '20', NULL, '56', 'complete', 'txn_1HmCNREmGOuJLTMsSDmQ4W31', 'qjxCuOELF8RdZaEvBzJc', 'stripe', '2020-11-11 10:59:29', '2020-11-11 11:00:17'),
(35, 'waka2020ng@gmail.com', 'Victor Sunday', 'Lose away off why half led have near bed', '20', NULL, '57', 'complete', 'ZEiDlAjgICcCtTtmVh1EftoQp', 'H9asPTV45n4RWMnWhLTJ', 'paystack', '2020-11-11 15:51:26', '2020-11-11 15:51:57'),
(36, 'dvrobin4@gmail.com', 'Sharifur Rahman', 'Lose away off why half led have near bed', '20', NULL, '47', 'pending', NULL, 'NMN3WGDHSSug4HNG6zYR', 'stripe', '2020-12-02 06:56:44', '2020-12-02 06:56:44'),
(37, 'dvrobin4@gmail.com', 'Sharifur Rahmam', 'Lose away off why half led have near bed', '100', NULL, '63', 'complete', 'PAYID-L756VXI9870338676238090R', 'gOJuCLnLPQOz61BA8IAE', 'paypal', '2021-01-11 00:06:16', '2021-01-11 00:08:08'),
(38, 'rsharifur824@gmail.com', 'Sharifur Rahmam', 'Lose away off why half led have near bed', '20', NULL, '64', 'complete', '20210111111212800110168307302359790', 'GrD1npd8EF8NXIku1kP5', 'paytm', '2021-01-11 04:14:34', '2021-01-11 04:14:46'),
(39, 'dvrobin4@gmail.com', 'Sharifur Rahmam', 'Lose away off why half led have near bed', '100', NULL, '65', 'complete', 'txn_1I8WVDEmGOuJLTMswGDC8XMF', 'nsNiqfnrximYP6Es41qe', 'stripe', '2021-01-11 13:54:15', '2021-01-11 13:56:40'),
(40, 'dvrobin4@gmail.com', 'Sharifur Rahmam', 'Consulted perpetual of pronounce me delivered', '100', NULL, '66', 'complete', 'txn_1I8WYWEmGOuJLTMsNCTvEUjV', 'bohIMfKXX150o3TYYPQJ', 'stripe', '2021-01-11 13:59:37', '2021-01-11 14:00:05'),
(41, 'dvrobin4@gmail.com', 'Sharifur Rahmam', 'Consulted perpetual of pronounce me delivered', '80', NULL, '67', 'complete', 'txn_1I8WabEmGOuJLTMs1LoHf2sA', 'Ez8FLzsLJoRaUoZrUVyd', 'stripe', '2021-01-11 14:01:26', '2021-01-11 14:02:13');

-- --------------------------------------------------------

--
-- Table structure for table `failed_jobs`
--

CREATE TABLE `failed_jobs` (
  `id` bigint(20) UNSIGNED NOT NULL,
  `connection` text COLLATE utf8mb4_unicode_ci NOT NULL,
  `queue` text COLLATE utf8mb4_unicode_ci NOT NULL,
  `payload` longtext COLLATE utf8mb4_unicode_ci NOT NULL,
  `exception` longtext COLLATE utf8mb4_unicode_ci NOT NULL,
  `failed_at` timestamp NOT NULL DEFAULT current_timestamp()
) ENGINE=InnoDB DEFAULT CHARSET=utf8mb4 COLLATE=utf8mb4_unicode_ci;

-- --------------------------------------------------------

--
-- Table structure for table `faqs`
--

CREATE TABLE `faqs` (
  `id` bigint(20) UNSIGNED NOT NULL,
  `title` text COLLATE utf8mb4_unicode_ci NOT NULL,
  `status` varchar(191) COLLATE utf8mb4_unicode_ci DEFAULT NULL,
  `lang` varchar(191) COLLATE utf8mb4_unicode_ci DEFAULT NULL,
  `is_open` varchar(191) COLLATE utf8mb4_unicode_ci DEFAULT NULL,
  `description` longtext COLLATE utf8mb4_unicode_ci DEFAULT NULL,
  `created_at` timestamp NULL DEFAULT NULL,
  `updated_at` timestamp NULL DEFAULT NULL
) ENGINE=InnoDB DEFAULT CHARSET=utf8mb4 COLLATE=utf8mb4_unicode_ci;

--
-- Dumping data for table `faqs`
--

INSERT INTO `faqs` (`id`, `title`, `status`, `lang`, `is_open`, `description`, `created_at`, `updated_at`) VALUES
(1, 'Dashwood marianne in of entrance be on wondered', 'publish', 'en', '', 'Not attention say frankness intention out dashwoods now curiosity. Stronger ecstatic as no judgment daughter speedily thoughts. Worse downs nor might she court did nay forth these.', '2020-07-20 10:50:22', '2020-07-20 10:50:22'),
(2, 'Wondered sociable he carriage in speedily', 'publish', 'en', '', 'Not attention say frankness intention out dashwoods now curiosity. Stronger ecstatic as no judgment daughter speedily thoughts. Worse downs nor might she court did nay forth these.', '2020-07-20 10:50:27', '2020-07-20 10:51:40'),
(3, 'Not attention say frankness intention out dashwoods', 'publish', 'en', '', 'Not attention say frankness intention out dashwoods now curiosity. Stronger ecstatic as no judgment daughter speedily thoughts. Worse downs nor might she court did nay forth these.', '2020-07-20 10:50:30', '2020-07-20 10:52:14'),
(4, 'Stronger ecstatic as no judgment daughter speedily', 'publish', 'en', '', 'Not attention say frankness intention out dashwoods now curiosity. Stronger ecstatic as no judgment daughter speedily thoughts. Worse downs nor might she court did nay forth these.', '2020-07-20 10:52:18', '2020-07-20 10:52:41'),
(5, 'Worse downs nor might she court did nay forth', 'publish', 'en', '', 'Not attention say frankness intention out dashwoods now curiosity. Stronger ecstatic as no judgment daughter speedily thoughts. Worse downs nor might she court did nay forth these.', '2020-07-20 10:52:22', '2020-07-20 10:52:54'),
(6, 'Ahora llevó a las tediosas mujeres tímidas y duraderas', 'publish', 'sp', '', 'Ahora llevó a las tediosas mujeres tímidas y duraderas. Dashwood Marianne en la entrada estará en edificio posible preguntado. Se preguntó sociable que lo llevara en veloz margaret.', '2020-07-20 10:53:22', '2020-07-20 10:55:30'),
(7, 'Hasta Devonshire de la alteración completamente insensible', 'publish', 'sp', '', 'Ahora llevó a las tediosas mujeres tímidas y duraderas. Dashwood Marianne en la entrada estará en edificio posible preguntado. Se preguntó sociable que lo llevara en veloz margaret.', '2020-07-20 10:53:26', '2020-07-20 10:54:19'),
(8, 'Más fuerte, extasiada como no juzgar hija rápidamente', 'publish', 'sp', '', 'Ahora llevó a las tediosas mujeres tímidas y duraderas. Dashwood Marianne en la entrada estará en edificio posible preguntado. Se preguntó sociable que lo llevara en veloz margaret.', '2020-07-20 10:53:31', '2020-07-20 10:55:20'),
(9, 'Una ocasión de asentamiento del señor insistió', 'publish', 'sp', '', 'Ahora llevó a las tediosas mujeres tímidas y duraderas. Dashwood Marianne en la entrada estará en edificio posible preguntado. Se preguntó sociable que lo llevara en veloz margaret.', '2020-07-20 10:53:36', '2020-07-20 10:54:52'),
(10, 'Şimdi sıkıcı utangaç kalıcı kadınları açtı', 'publish', 'tur', '', 'Şimdi sıkıcı utangaç kalıcı kadınları açtı. Dashwood marianne giriş olası bina meraklı olmak. Hızla margaret içinde taşıma meraklı merak etti. Tamamen duyarsız bir değişiklik yapmayı bıraktı.', '2020-07-20 10:56:21', '2020-07-20 10:56:21'),
(11, 'Bay yerleşme vesilesiyle mesafe hanımefendi', 'publish', 'tur', '', 'Şimdi sıkıcı utangaç kalıcı kadınları açtı. Dashwood marianne giriş olası bina meraklı olmak. Hızla margaret içinde taşıma meraklı merak etti. Tamamen duyarsız bir değişiklik yapmayı bıraktı.', '2020-07-20 10:56:43', '2020-07-20 10:57:09'),
(12, 'Dikkat yok dürüstlük niyeti söyledi', 'publish', 'tur', '', 'Şimdi sıkıcı utangaç kalıcı kadınları açtı. Dashwood marianne giriş olası bina meraklı olmak. Hızla margaret içinde taşıma meraklı merak etti. Tamamen duyarsız bir değişiklik yapmayı bıraktı.', '2020-07-20 10:56:48', '2020-07-20 10:57:31'),
(13, 'أصر السيد مستوطنة مناسبة على المسافة', 'publish', 'ar', '', 'الآن قاد الإناث مملة خجولة دائمة قبالة. في المدخل يكون على بناء ممكن يتساءل. تساءل اجتماعيًا أنه يحمل في مارجريت بسرعة. حتى من تغيير غير دقيق تماما.', '2020-07-20 10:58:13', '2020-07-20 10:58:13'),
(14, 'لا الاهتمام يقول نية الصراحة من الفضول الآن', 'publish', 'ar', '', 'الآن قاد الإناث مملة خجولة دائمة قبالة. في المدخل يكون على بناء ممكن يتساءل. تساءل اجتماعيًا أنه يحمل في مارجريت بسرعة. حتى من تغيير غير دقيق تماما.', '2020-07-20 10:59:12', '2020-07-20 10:59:48'),
(15, 'أصر السيد مستوطنة مناسبة على المسافة', 'publish', 'ar', '', 'الآن قاد الإناث مملة خجولة دائمة قبالة. في المدخل يكون على بناء ممكن يتساءل. تساءل اجتماعيًا أنه يحمل في مارجريت بسرعة. حتى من تغيير غير دقيق تماما.', '2020-07-20 10:59:17', '2020-07-20 11:02:20');

-- --------------------------------------------------------

--
-- Table structure for table `feedback`
--

CREATE TABLE `feedback` (
  `id` bigint(20) UNSIGNED NOT NULL,
  `name` varchar(191) COLLATE utf8mb4_unicode_ci NOT NULL,
  `email` varchar(191) COLLATE utf8mb4_unicode_ci NOT NULL,
  `ratings` varchar(191) COLLATE utf8mb4_unicode_ci DEFAULT NULL,
  `description` longtext COLLATE utf8mb4_unicode_ci DEFAULT NULL,
  `custom_fields` longtext COLLATE utf8mb4_unicode_ci DEFAULT NULL,
  `attachment` longtext COLLATE utf8mb4_unicode_ci DEFAULT NULL,
  `created_at` timestamp NULL DEFAULT NULL,
  `updated_at` timestamp NULL DEFAULT NULL
) ENGINE=InnoDB DEFAULT CHARSET=utf8mb4 COLLATE=utf8mb4_unicode_ci;

--
-- Dumping data for table `feedback`
--

INSERT INTO `feedback` (`id`, `name`, `email`, `ratings`, `description`, `custom_fields`, `attachment`, `created_at`, `updated_at`) VALUES
(1, 'Sharifur', 'dvrobin4@gmail.com', '5', 'Can curiosity may end shameless explained. True high on said mr on come. An do mr design at little myself wholly entire though.', 'a:5:{s:4:\"name\";s:8:\"Sharifur\";s:5:\"email\";s:18:\"dvrobin4@gmail.com\";s:7:\"ratings\";s:1:\"5\";s:11:\"description\";s:127:\"Can curiosity may end shameless explained. True high on said mr on come. An do mr design at little myself wholly entire though.\";s:20:\"what-service-you-get\";s:13:\"package-order\";}', NULL, '2020-07-20 00:43:21', '2020-07-20 00:43:21'),
(4, 'Kathleen Duncan', 'KathleenHDuncan@dayrep.com', '5', 'Can curiosity may end shameless explained. True high on said mr on come. An do mr design at little myself wholly entire though.', 'a:5:{s:4:\"name\";s:15:\"Kathleen Duncan\";s:5:\"email\";s:26:\"KathleenHDuncan@dayrep.com\";s:7:\"ratings\";s:1:\"5\";s:11:\"description\";s:127:\"Can curiosity may end shameless explained. True high on said mr on come. An do mr design at little myself wholly entire though.\";s:20:\"what-service-you-get\";s:13:\"package-order\";}', 'a:0:{}', '2020-07-20 00:47:17', '2020-07-20 00:47:17'),
(5, 'Joseph D. Washington', 'JosephDWashington@armyspy.com', '5', 'Can curiosity may end shameless explained. True high on said mr on come. An do mr design at little myself wholly entire though.', 'a:5:{s:4:\"name\";s:20:\"Joseph D. Washington\";s:5:\"email\";s:29:\"JosephDWashington@armyspy.com\";s:7:\"ratings\";s:1:\"5\";s:11:\"description\";s:127:\"Can curiosity may end shameless explained. True high on said mr on come. An do mr design at little myself wholly entire though.\";s:20:\"what-service-you-get\";s:9:\"donations\";}', 'a:0:{}', '2020-07-20 00:47:57', '2020-07-20 00:47:57'),
(7, 'Teresa Lafayette', 'TeresaJLafayette@teleworm.us', '5', 'Can curiosity may end shameless explained. True high on said mr on come. An do mr design at little myself wholly entire though.', 'a:5:{s:4:\"name\";s:16:\"Teresa Lafayette\";s:5:\"email\";s:28:\"TeresaJLafayette@teleworm.us\";s:7:\"ratings\";s:1:\"5\";s:11:\"description\";s:127:\"Can curiosity may end shameless explained. True high on said mr on come. An do mr design at little myself wholly entire though.\";s:20:\"what-service-you-get\";s:13:\"event-tickets\";}', 'a:0:{}', '2020-07-20 00:49:03', '2020-07-20 00:49:03'),
(8, 'Nelly Bos', 'NellyJBos@rhyta.com', '5', 'Can curiosity may end shameless explained. True high on said mr on come. An do mr design at little myself wholly entire though.', 'a:5:{s:4:\"name\";s:9:\"Nelly Bos\";s:5:\"email\";s:19:\"NellyJBos@rhyta.com\";s:7:\"ratings\";s:1:\"5\";s:11:\"description\";s:127:\"Can curiosity may end shameless explained. True high on said mr on come. An do mr design at little myself wholly entire though.\";s:20:\"what-service-you-get\";s:13:\"event-tickets\";}', 'a:0:{}', '2020-07-20 00:51:00', '2020-07-20 00:51:00'),
(9, 'Jennifer Adams', 'JenniferSAdams@armyspy.com', '5', 'Can curiosity may end shameless explained. True high on said mr on come. An do mr design at little myself wholly entire though.', 'a:5:{s:4:\"name\";s:14:\"Jennifer Adams\";s:5:\"email\";s:26:\"JenniferSAdams@armyspy.com\";s:7:\"ratings\";s:1:\"5\";s:11:\"description\";s:127:\"Can curiosity may end shameless explained. True high on said mr on come. An do mr design at little myself wholly entire though.\";s:20:\"what-service-you-get\";s:13:\"event-tickets\";}', 'a:0:{}', '2020-07-20 00:52:46', '2020-07-20 00:52:46'),
(10, 'Johny Sin', 'johnysinus@gmail.com', '4', 'Hey there', 'a:5:{s:4:\"name\";s:9:\"Johny Sin\";s:5:\"email\";s:20:\"johnysinus@gmail.com\";s:7:\"ratings\";s:1:\"4\";s:11:\"description\";s:9:\"Hey there\";s:20:\"what-service-you-get\";s:13:\"package-order\";}', 'a:0:{}', '2020-08-24 23:25:27', '2020-08-24 23:25:27'),
(11, 'kjkjkjk', 'admin@example.com', '4', 'sdfgdfgdfg dfg dfg dfg', 'a:5:{s:4:\"name\";s:7:\"kjkjkjk\";s:5:\"email\";s:17:\"admin@example.com\";s:7:\"ratings\";s:1:\"4\";s:11:\"description\";s:22:\"sdfgdfgdfg dfg dfg dfg\";s:20:\"what-service-you-get\";s:8:\"products\";}', 'a:0:{}', '2020-08-29 12:21:16', '2020-08-29 12:21:16'),
(12, 'admin', 'Info@S.com', '5', 'ASDAD', 'a:5:{s:4:\"name\";s:5:\"admin\";s:5:\"email\";s:10:\"Info@S.com\";s:7:\"ratings\";s:1:\"5\";s:11:\"description\";s:5:\"ASDAD\";s:20:\"what-service-you-get\";s:8:\"products\";}', 'a:0:{}', '2020-09-14 02:58:11', '2020-09-14 02:58:11'),
(13, 'Mazen Leno', 'mazenashraf2539@gmail.com', '5', 'Yasta fashe5', 'a:5:{s:4:\"name\";s:10:\"Mazen Leno\";s:5:\"email\";s:25:\"mazenashraf2539@gmail.com\";s:7:\"ratings\";s:1:\"5\";s:11:\"description\";s:12:\"Yasta fashe5\";s:20:\"what-service-you-get\";s:8:\"products\";}', 'a:0:{}', '2020-09-20 08:43:50', '2020-09-20 08:43:50'),
(14, 'Sharifur Rahmam', 'dvrobin4@gmail.com', '5', 'afdsfads', 'a:6:{s:13:\"captcha_token\";N;s:4:\"name\";s:15:\"Sharifur Rahmam\";s:5:\"email\";s:18:\"dvrobin4@gmail.com\";s:7:\"ratings\";s:1:\"5\";s:11:\"description\";s:8:\"afdsfads\";s:20:\"what-service-you-get\";s:8:\"products\";}', 'a:6:{s:13:\"captcha_token\";N;s:4:\"name\";s:15:\"Sharifur Rahmam\";s:5:\"email\";s:18:\"dvrobin4@gmail.com\";s:7:\"ratings\";s:1:\"5\";s:11:\"description\";s:8:\"afdsfads\";s:20:\"what-service-you-get\";s:8:\"products\";}', '2020-12-07 13:50:54', '2020-12-07 13:50:54'),
(15, 'Sharifur Rahmam', 'dvrobin4@gmail.com', '5', 'afdafdsf', 'a:6:{s:13:\"captcha_token\";N;s:4:\"name\";s:15:\"Sharifur Rahmam\";s:5:\"email\";s:18:\"dvrobin4@gmail.com\";s:7:\"ratings\";s:1:\"5\";s:11:\"description\";s:8:\"afdafdsf\";s:20:\"what-service-you-get\";s:8:\"products\";}', 'a:6:{s:13:\"captcha_token\";N;s:4:\"name\";s:15:\"Sharifur Rahmam\";s:5:\"email\";s:18:\"dvrobin4@gmail.com\";s:7:\"ratings\";s:1:\"5\";s:11:\"description\";s:8:\"afdafdsf\";s:20:\"what-service-you-get\";s:8:\"products\";}', '2020-12-07 13:51:12', '2020-12-07 13:51:12'),
(16, 'Sharifur Rahmam', 'dvrobin4@gmail.com', '5', 'adsfadsf', 'a:6:{s:13:\"captcha_token\";N;s:4:\"name\";s:15:\"Sharifur Rahmam\";s:5:\"email\";s:18:\"dvrobin4@gmail.com\";s:7:\"ratings\";s:1:\"5\";s:11:\"description\";s:8:\"adsfadsf\";s:20:\"what-service-you-get\";s:8:\"products\";}', 'a:6:{s:13:\"captcha_token\";N;s:4:\"name\";s:15:\"Sharifur Rahmam\";s:5:\"email\";s:18:\"dvrobin4@gmail.com\";s:7:\"ratings\";s:1:\"5\";s:11:\"description\";s:8:\"adsfadsf\";s:20:\"what-service-you-get\";s:8:\"products\";}', '2020-12-07 13:52:29', '2020-12-07 13:52:29');

-- --------------------------------------------------------

--
-- Table structure for table `header_sliders`
--

CREATE TABLE `header_sliders` (
  `id` bigint(20) UNSIGNED NOT NULL,
  `title` text COLLATE utf8mb4_unicode_ci DEFAULT NULL,
  `subtitle` text COLLATE utf8mb4_unicode_ci DEFAULT NULL,
  `description` text COLLATE utf8mb4_unicode_ci DEFAULT NULL,
  `btn_01_status` varchar(191) COLLATE utf8mb4_unicode_ci DEFAULT NULL,
  `btn_01_text` varchar(191) COLLATE utf8mb4_unicode_ci DEFAULT NULL,
  `btn_01_url` varchar(191) COLLATE utf8mb4_unicode_ci DEFAULT NULL,
  `lang` varchar(191) COLLATE utf8mb4_unicode_ci DEFAULT NULL,
  `image` varchar(191) COLLATE utf8mb4_unicode_ci DEFAULT NULL,
  `video_btn_status` varchar(191) COLLATE utf8mb4_unicode_ci DEFAULT NULL,
  `video_btn_text` varchar(191) COLLATE utf8mb4_unicode_ci DEFAULT NULL,
  `video_btn_url` varchar(191) COLLATE utf8mb4_unicode_ci DEFAULT NULL,
  `created_at` timestamp NULL DEFAULT NULL,
  `updated_at` timestamp NULL DEFAULT NULL
) ENGINE=InnoDB DEFAULT CHARSET=utf8mb4 COLLATE=utf8mb4_unicode_ci;

--
-- Dumping data for table `header_sliders`
--

INSERT INTO `header_sliders` (`id`, `title`, `subtitle`, `description`, `btn_01_status`, `btn_01_text`, `btn_01_url`, `lang`, `image`, `video_btn_status`, `video_btn_text`, `video_btn_url`, `created_at`, `updated_at`) VALUES
(1, 'We are top Cyber solutions provider', 'Who we are', NULL, 'on', 'Our Service', '#', 'en', '23', 'on', 'Watch Video', 'https://www.youtube.com/watch?v=dJQn4DqzMVQ', '2020-05-30 18:20:26', '2020-07-27 02:09:45'),
(2, 'Somos el mejor proveedor de soluciones cibernéticas', 'Quienes somos', NULL, 'on', 'Nuestro servicio', '#', 'sp', '22', NULL, NULL, NULL, '2020-05-30 18:23:06', '2020-05-30 18:31:48'),
(3, 'نحن أفضل مزود لحلول الإنترنت', 'من نحن', NULL, NULL, 'خدمتنا', '#', 'ar', '23', NULL, NULL, NULL, '2020-05-30 18:23:43', '2020-05-30 18:31:30'),
(4, 'En iyi Cyber çözümleri sağlayıcısıyız', 'Biz Kimiz', NULL, 'on', 'Servisimiz', '#', 'tur', '23', NULL, NULL, NULL, '2020-05-30 18:24:13', '2020-05-30 18:31:14'),
(5, 'We are top Cyber solutions provider', 'Who we are', NULL, 'on', 'Our Service', '#', 'en', '19', 'on', 'Watch Video', 'https://www.youtube.com/watch?v=dJQn4DqzMVQ', '2020-05-30 18:24:40', '2020-07-27 02:07:42'),
(6, 'Somos el mejor proveedor de soluciones cibernéticas', 'Quienes somos', NULL, 'on', 'Nuestro servicio', '#', 'sp', '20', NULL, NULL, NULL, '2020-05-30 18:25:04', '2020-05-30 18:31:41'),
(7, 'نحن أفضل مزود لحلول الإنترنت', 'من نحن', NULL, 'on', 'خدمتنا', '#', 'ar', '20', NULL, NULL, NULL, '2020-05-30 18:25:24', '2020-05-30 18:31:25'),
(8, 'En iyi Cyber çözümleri sağlayıcısıyız', 'Biz Kimiz', NULL, 'on', 'Servisimiz', '#', 'tur', '18', NULL, NULL, NULL, '2020-05-30 18:25:48', '2020-05-30 18:31:08');

-- --------------------------------------------------------

--
-- Table structure for table `image_galleries`
--

CREATE TABLE `image_galleries` (
  `id` bigint(20) UNSIGNED NOT NULL,
  `image` varchar(191) COLLATE utf8mb4_unicode_ci NOT NULL,
  `title` text COLLATE utf8mb4_unicode_ci DEFAULT NULL,
  `created_at` timestamp NULL DEFAULT NULL,
  `updated_at` timestamp NULL DEFAULT NULL,
  `lang` varchar(191) COLLATE utf8mb4_unicode_ci DEFAULT NULL,
  `cat_id` int(11) DEFAULT NULL
) ENGINE=InnoDB DEFAULT CHARSET=utf8mb4 COLLATE=utf8mb4_unicode_ci;

--
-- Dumping data for table `image_galleries`
--

INSERT INTO `image_galleries` (`id`, `image`, `title`, `created_at`, `updated_at`, `lang`, `cat_id`) VALUES
(1, '10', 'Can curiosity may end shameless explained', '2020-07-20 01:07:35', '2020-12-04 04:43:02', 'en', 2),
(2, '11', 'True high on said mr on come', '2020-07-20 01:09:23', '2020-12-04 04:42:55', 'en', 3),
(3, '12', 'An do mr design at little myself', '2020-07-20 01:09:47', '2020-12-04 04:41:13', 'en', 2),
(4, '13', 'Attended of on stronger or mr pleasure', '2020-07-20 01:11:20', '2020-12-04 04:41:04', 'en', 2),
(5, '14', 'Rich four like real yet west get.', '2020-07-20 01:11:37', '2020-12-04 04:38:24', 'en', 1),
(9, '111', 'Before nature his parish boy', '2020-12-04 04:44:00', '2020-12-06 04:55:32', 'en', 3),
(10, '61', 'قبل الطبيعة ولد رعيته.', '2020-12-04 05:09:05', '2020-12-04 05:09:05', 'ar', 6),
(11, '54', 'أربعة أغنياء مثل الغرب الحقيقي.', '2020-12-04 05:16:06', '2020-12-04 05:16:06', 'ar', 7),
(12, '59', 'Gerçek ama batı gibi zengin dörtlü.', '2020-12-04 05:16:38', '2020-12-04 05:16:38', 'tur', 5),
(13, '61', 'Doğanın önünde cemaat çocuğu.', '2020-12-04 05:17:03', '2020-12-04 05:17:03', 'tur', 11),
(14, '59', 'Ante la naturaleza su chico parroquial.', '2020-12-04 05:17:51', '2020-12-04 05:17:51', 'sp', 4),
(15, '52', 'Ante la naturaleza su chico parroquial.', '2020-12-04 05:18:19', '2020-12-04 05:18:19', 'sp', 10);

-- --------------------------------------------------------

--
-- Table structure for table `image_gallery_categories`
--

CREATE TABLE `image_gallery_categories` (
  `id` bigint(20) UNSIGNED NOT NULL,
  `title` varchar(191) COLLATE utf8mb4_unicode_ci NOT NULL,
  `lang` varchar(191) COLLATE utf8mb4_unicode_ci DEFAULT NULL,
  `status` varchar(191) COLLATE utf8mb4_unicode_ci DEFAULT NULL,
  `created_at` timestamp NULL DEFAULT NULL,
  `updated_at` timestamp NULL DEFAULT NULL
) ENGINE=InnoDB DEFAULT CHARSET=utf8mb4 COLLATE=utf8mb4_unicode_ci;

--
-- Dumping data for table `image_gallery_categories`
--

INSERT INTO `image_gallery_categories` (`id`, `title`, `lang`, `status`, `created_at`, `updated_at`) VALUES
(1, 'Mettings', 'en', 'publish', '2020-12-04 02:29:47', '2020-12-04 02:50:15'),
(2, 'Business', 'en', 'publish', '2020-12-04 02:44:20', '2020-12-04 02:50:15'),
(3, 'consulting', 'en', 'publish', '2020-12-04 02:44:25', '2020-12-04 02:50:15'),
(4, 'consultante', 'sp', 'publish', '2020-12-04 02:44:41', '2020-12-04 02:44:41'),
(5, 'Danışmanlık', 'tur', 'publish', '2020-12-04 02:44:48', '2020-12-04 02:44:48'),
(6, 'مستشار', 'ar', 'publish', '2020-12-04 02:44:58', '2020-12-04 02:44:58'),
(7, 'اعمال', 'ar', 'publish', '2020-12-04 02:45:08', '2020-12-04 02:45:08'),
(8, 'İş', 'tur', 'publish', '2020-12-04 02:45:16', '2020-12-04 02:45:16'),
(9, 'Negocio', 'sp', 'publish', '2020-12-04 02:45:21', '2020-12-04 02:45:21'),
(10, 'Reuniones', 'sp', 'publish', '2020-12-04 02:45:29', '2020-12-04 02:45:29'),
(11, 'Toplantılar', 'tur', 'publish', '2020-12-04 02:45:35', '2020-12-04 02:45:35'),
(12, 'ميتينغس', 'ar', 'publish', '2020-12-04 02:45:43', '2020-12-04 02:45:43');

-- --------------------------------------------------------

--
-- Table structure for table `jobs`
--

CREATE TABLE `jobs` (
  `id` bigint(20) UNSIGNED NOT NULL,
  `title` text COLLATE utf8mb4_unicode_ci NOT NULL,
  `position` varchar(191) COLLATE utf8mb4_unicode_ci NOT NULL,
  `company_name` varchar(191) COLLATE utf8mb4_unicode_ci NOT NULL,
  `category_id` varchar(191) COLLATE utf8mb4_unicode_ci DEFAULT NULL,
  `vacancy` varchar(191) COLLATE utf8mb4_unicode_ci DEFAULT NULL,
  `job_responsibility` longtext COLLATE utf8mb4_unicode_ci DEFAULT NULL,
  `employment_status` text COLLATE utf8mb4_unicode_ci DEFAULT NULL,
  `education_requirement` longtext COLLATE utf8mb4_unicode_ci DEFAULT NULL,
  `job_context` longtext COLLATE utf8mb4_unicode_ci DEFAULT NULL,
  `experience_requirement` longtext COLLATE utf8mb4_unicode_ci DEFAULT NULL,
  `additional_requirement` longtext COLLATE utf8mb4_unicode_ci DEFAULT NULL,
  `job_location` text COLLATE utf8mb4_unicode_ci DEFAULT NULL,
  `salary` text COLLATE utf8mb4_unicode_ci DEFAULT NULL,
  `other_benefits` varchar(191) COLLATE utf8mb4_unicode_ci DEFAULT NULL,
  `email` varchar(191) COLLATE utf8mb4_unicode_ci DEFAULT NULL,
  `status` varchar(191) COLLATE utf8mb4_unicode_ci DEFAULT NULL,
  `lang` varchar(191) COLLATE utf8mb4_unicode_ci DEFAULT NULL,
  `deadline` varchar(191) COLLATE utf8mb4_unicode_ci DEFAULT NULL,
  `meta_tags` text COLLATE utf8mb4_unicode_ci DEFAULT NULL,
  `slug` text COLLATE utf8mb4_unicode_ci DEFAULT NULL,
  `meta_description` text COLLATE utf8mb4_unicode_ci DEFAULT NULL,
  `application_fee` decimal(10,0) DEFAULT NULL,
  `application_fee_status` varchar(191) COLLATE utf8mb4_unicode_ci DEFAULT NULL,
  `created_at` timestamp NULL DEFAULT NULL,
  `updated_at` timestamp NULL DEFAULT NULL
) ENGINE=InnoDB DEFAULT CHARSET=utf8mb4 COLLATE=utf8mb4_unicode_ci;

--
-- Dumping data for table `jobs`
--

INSERT INTO `jobs` (`id`, `title`, `position`, `company_name`, `category_id`, `vacancy`, `job_responsibility`, `employment_status`, `education_requirement`, `job_context`, `experience_requirement`, `additional_requirement`, `job_location`, `salary`, `other_benefits`, `email`, `status`, `lang`, `deadline`, `meta_tags`, `slug`, `meta_description`, `application_fee`, `application_fee_status`, `created_at`, `updated_at`) VALUES
(1, 'Junior WordPress Developer', 'Junior Developer', 'xgenious', '2', '6', 'We are looking for some experienced developers with fluency in WordPress who will be able to develop code for complex, data intensive Website and e-commerce application.', 'full_time', 'Preferably B.Sc. in Computer Science or similar discipline.', 'We`re building tomorrow`s platforms for consolidating and managing Enterprise data with process optimization. Most enterprises are adopting automation whether it`s about office or industry. The flexibility to automate the processes, without compromising security and compliance, will be one of the most challenging, yet key requirements in coming days. This is where SoftoPark comes into the picture.\r\nWe`re looking for someone with a portfolio that showcases relevant, high quality web development work. You`ll have strong mathematical and problem-solving capabilities, an eye for detail, and a desire to produce high quality, clean and efficient code.', 'At least 5 year(s)', 'Both males and females are allowed to apply\r\nMust have clear concept on OOP\r\nProven work experience in developing large scale enterprise WordPress applications\r\nMust have experience on complex plugin, widget, theme development\r\nMust have knowledge on upgradation policy, performance, security of WordPress\r\nExperience in MySQL, jQuery, and at least one PHP-based MVC framework is required\r\nExperience in one or more PHP-based content management systems Magento or any other eCommerce is a plus point\r\nExperience in different kind of service and gateway integration will be highly regarded\r\nExperience in version control (git, svn etc) is expected\r\nShould be team player, self-motivated and take responsibility proactively', 'Bangkok, Thailand', 'Negotiable', '2 annual performance bonuses\r\nHealth and life insurance\r\nBreakfast, Lunch, Snacks\r\n2 days of weekend and annual paid leaves\r\nPublic holidays\r\nPicnic/Tour\r\nTransport', NULL, 'publish', 'en', '2021-03-17', NULL, 'junior-wordpress-developer', NULL, NULL, NULL, '2020-07-20 09:19:22', '2020-11-21 01:09:29'),
(2, 'Senior Laravel Developer', 'Junior Developer', 'xgenious', '2', '6', 'We are looking for some experienced developers with fluency in WordPress who will be able to develop code for complex, data intensive Website and e-commerce application.', 'full_time', 'Preferably B.Sc. in Computer Science or similar discipline.', 'We`re building tomorrow`s platforms for consolidating and managing Enterprise data with process optimization. Most enterprises are adopting automation whether it`s about office or industry. The flexibility to automate the processes, without compromising security and compliance, will be one of the most challenging, yet key requirements in coming days. This is where SoftoPark comes into the picture.\r\nWe`re looking for someone with a portfolio that showcases relevant, high quality web development work. You`ll have strong mathematical and problem-solving capabilities, an eye for detail, and a desire to produce high quality, clean and efficient code.', 'At least 5 year(s)', 'Both males and females are allowed to apply\r\nMust have clear concept on OOP\r\nProven work experience in developing large scale enterprise WordPress applications\r\nMust have experience on complex plugin, widget, theme development\r\nMust have knowledge on upgradation policy, performance, security of WordPress\r\nExperience in MySQL, jQuery, and at least one PHP-based MVC framework is required\r\nExperience in one or more PHP-based content management systems Magento or any other eCommerce is a plus point\r\nExperience in different kind of service and gateway integration will be highly regarded\r\nExperience in version control (git, svn etc) is expected\r\nShould be team player, self-motivated and take responsibility proactively', 'Bangkok, Thailand', 'Negotiable', '2 annual performance bonuses\r\nHealth and life insurance\r\nBreakfast, Lunch, Snacks\r\n2 days of weekend and annual paid leaves\r\nPublic holidays\r\nPicnic/Tour\r\nTransport', NULL, 'publish', 'en', '2021-06-18', NULL, 'senior-laravel-developer', NULL, 80, 'on', '2020-07-20 09:22:07', '2021-01-13 20:37:40'),
(3, 'Graphic Designer', 'Junior Designer', 'xgenious', '3', '8', '<ul><li>Able to Design Logos, Banners, Brochure, PSD, Layout, Booklet relevant editing/retouching and digital marketing/media related works.\r\n</li><li>Innovative and skilled in design development including effective use of color, dimension, style, font size, and composition.\r\n</li><li>Must be expert in Adobe Photoshop, Adobe Illustrator, After Effects, Adobe In Design, Adobe Premiere Pro, Adobe Dreamweaver, PowerPoint and other related design/editing software.\r\n</li><li>Perform technical duties for designing and developing multimedia-based layouts, graphics, animation, video, online tutorials and other digital marketing related productions.\r\n</li><li>Understanding client\'s business problem, brand space, target audience and the overall creative strategy.\r\n</li><li>Maintaining the highest standards in graphic design and producing cutting-edge creative content for both digital marketing and social media marketing that accurately represents the expectations of the client.\r\n</li><li>Any other task assigned by management.</li></ul>', 'part_time', 'Diploma in Graphics Design or equivalent', 'Place of work : Head office, Dhanmondi R/A, Dhaka\r\nDuty : Saturday to Thursday - Time 9:30 AM to 6:00 PM', 'At least 3 year(s)', '<ul><li>Age 20 to 35 years</li><li>\r\nBoth males and females are allowed to apply\r\n</li><li>Ready to work in a team and in line with the Management instruction as and when required.\r\n</li><li>Troubleshoot, test, and analyze ideas to provide the creative solution.\r\n</li><li>Eye for typography, composition, layout, color, high-quality production with pixel-level attention to detail.\r\n</li><li>Experience with content management platforms.\r\n</li><li>Strong interpersonal and professional skills.\r\n</li><li>A deep sense of developing a BRAND with international standard.</li></ul>', 'Bangkok, Thailand', 'Negotiable', '<ul><li>Mobile bill\r\nSalary </li><li>Review: Yearly\r\n</li><li>Festival Bonus: 2\r\n</li><li>Lunch Facilities</li></ul>', NULL, 'publish', 'en', '2021-05-15', NULL, 'graphic-designer', NULL, 150, 'on', '2020-07-20 09:22:11', '2021-01-13 20:37:03'),
(4, 'Sr. Executive (Accounts)', 'Junior Accounts', 'xgenious', '1', '6', 'Ensures the integrity of accounting information by recording, verifying, consolidating, and entering transactions.\r\nPrepares and records asset, liability, revenue, and expenses entries by compiling and analyzing account information.\r\nMaintains and balances subsidiary accounts by verifying, allocating, posting, and reconciling transactions and resolving discrepancies.\r\nMaintains general ledger by transferring subsidiary accounts, preparing a trial balance, and reconciling entries.Overall responsible for Accounts & Finance.\r\nExecute the financial strategy of the company\r\nManage financial controls and accounting procedures\r\nEnsure full transparency over the financial performance of the company\r\nSummarizes financial status by collecting information and preparing balance sheet, profit and loss, and other statements.\r\nProduces payroll by initiating computer processing; printing checks, verifying finished product.\r\nCompletes external audit by analyzing and scheduling general ledger accounts and providing information for auditors.\r\nAvoids legal challenges by complying with legal requirements.\r\nSecures financial information by completing database backups.\r\nProtects organization\'s value by keeping information confidential.To carry out any other assignment given by the company or immediate superior.\r\nSubmit a report on monthly basis about the sales, production and stock.\r\nMonitoring of all the necessary paperwork by all departments.\r\nResponsible for overall Accounts & Finance related mater in plant.\r\nOthers task assign by the departmental head / management.', 'project_based', 'Master of Business Administration (MBA) in Accounting\r\nSkills Required: Accounting and Finance', 'Kishoreganj Eye Hospital operated by a non-government organization named Nari Uddug Kendra (NUK) is well established and reputed modern eye hospital which is working for eradicating the avoidable blindness from Bangladesh and as well as to meet up the VISION-2020 goal of WHO. Kishoreganj Eye Hospital here noticed to recruit for the Post of Senior Accounts Officer as full-time basis.', 'At least 3 year(s)\r\nThe applicants should have experience in the following area(s):\r\nAccountant\r\nThe applicants should have experience in the following business area(s):\r\nReal Estate', 'Age 28 to 35 years\r\nBoth males and females are allowed to apply\r\nGood Command in Excel and Word.\r\nApplicant must have work experience & sound working capacity on Tally Software.\r\nMinimum 3-5 years\' experience in accounting/finance\r\nExperience with financial reporting requirements\r\nHave mentality to work in stress & long hours.\r\nGood computer knowledge must be required (with tally software).', 'Bangkok, Thailand', 'Negotiable', 'According to Company Policy', NULL, 'publish', 'en', '2021-07-28', NULL, 'sr-executive-accounts', NULL, NULL, 'on', '2020-07-20 09:22:14', '2020-11-21 02:52:09'),
(5, 'Kıdemli Yönetici (Hesaplar)', 'Junior Accounts', 'xgenious', '7', '6', 'İşlemleri kaydederek, doğrulayarak, birleştirerek ve girerek muhasebe bilgilerinin bütünlüğünü sağlar.\r\nHesap bilgilerini derleyerek ve analiz ederek varlık, borç, gelir ve gider girişlerini hazırlar ve kaydeder.\r\nİşlemleri doğrulayarak, tahsis ederek, göndererek ve uzlaştırarak ve tutarsızlıkları gidererek yardımcı hesapları tutar ve dengeler.\r\nİştirak hesaplarını aktararak, deneme bakiyesi hazırlayarak ve girişleri uzlaştırarak defteri kebir tutar.\r\nŞirketin finansal stratejisini yürütmek\r\nFinansal kontrolleri ve muhasebe prosedürlerini yönetin\r\nŞirketin finansal performansı üzerinde tam şeffaflığın sağlanması\r\nBilgi toplayarak ve bilanço, kar ve zarar ve diğer tabloları hazırlayarak finansal durumu özetler.\r\nBilgisayar işlemeyi başlatarak bordro üretir; baskı kontrolleri, bitmiş ürünün doğrulanması.\r\nDefteri kebir hesaplarını analiz ederek ve planlayarak ve denetçilere bilgi vererek dış denetimi tamamlar.\r\nYasal gerekliliklere uyarak yasal zorluklardan kaçınır.\r\nVeritabanı yedeklerini tamamlayarak finansal bilgileri korur.\r\nBilgileri gizli tutarak kuruluşun değerini korur. Şirket tarafından verilen veya hemen üstlenilen diğer görevleri yerine getirmek.\r\nSatış, üretim ve stok hakkında aylık bazda bir rapor gönderin.\r\nGerekli tüm evrakların tüm bölümler tarafından izlenmesi.\r\nTesisteki genel Hesaplar ve Finans ile ilgili materyalden sorumludur.\r\nDiğerleri bölüm başkanı / yönetimi tarafından görevlendirilir.', 'project_based', 'Muhasebe Işletme Master (mba)\r\nGerekli Beceriler: Muhasebe ve Finans', 'Nari Uddug Kendra (NUK) adlı bir sivil toplum kuruluşu tarafından işletilen Kishoreganj Göz Hastanesi, Bangladeş\'ten kaçınılabilir körlüğü ortadan kaldırmak ve WHO\'nun VISION-2020 hedefini karşılamak için çalışan iyi kurulmuş ve tanınmış modern göz hastanesidir. Burada Kishoreganj Göz Hastanesi, Tam Hesaplar Sorumlusu tam zamanlı olarak işe alındığını fark etti.', 'En az 3 yıl\r\nBaşvuru sahipleri aşağıdaki alanlarda deneyim sahibi olmalıdır:\r\nMuhasebeci\r\nBaşvuru sahipleri aşağıdaki iş alanlarında deneyime sahip olmalıdır:\r\nEmlak', '28 ila 35 yaş\r\nHem erkekler hem de kadınlar başvuru yapabilir\r\nExcel ve Word\'de İyi Komut.\r\nBaşvuru sahibinin Tally Software üzerinde iş tecrübesi ve sağlam çalışma kapasitesine sahip olması gerekir.\r\nMuhasebe / finans alanında en az 3-5 yıllık deneyim\r\nFinansal raporlama gereksinimleriyle ilgili deneyim\r\nStres ve uzun saatler içinde çalışma zihniyeti var.\r\nİyi bilgisayar bilgisi gerekir (taksitli yazılım ile).', 'Bangkok, Thailand', 'tartışılabilir', 'Şirket Politikasına Göre', NULL, 'publish', 'tur', '2020-08-26', NULL, 'kidemli-yonetici-hesaplar', NULL, NULL, NULL, '2020-07-20 09:38:26', '2020-07-20 10:29:58'),
(6, 'تنفيذي أول (الحسابات)', 'حسابات الصغار', 'xgenious', '11', '6', 'يضمن سلامة المعلومات المحاسبية من خلال تسجيل المعاملات والتحقق منها ودمجها وإدخالها.\r\nإعداد وتسجيل إدخالات الأصول والالتزامات والإيرادات والنفقات عن طريق تجميع وتحليل معلومات الحساب.\r\nيحتفظ بأرصدة الحسابات الفرعية ويوازنها من خلال التحقق من المعاملات وتخصيصها ونشرها وتسويتها وحل التناقضات.\r\nيحتفظ بدفتر الأستاذ العام عن طريق تحويل الحسابات الفرعية ، وإعداد ميزان المراجعة ، ومطابقة الإدخالات.\r\nتنفيذ الإستراتيجية المالية للشركة\r\nإدارة الضوابط المالية والإجراءات المحاسبية\r\nضمان الشفافية الكاملة في الأداء المالي للشركة\r\nيلخص الوضع المالي من خلال جمع المعلومات وإعداد الميزانية العمومية والأرباح والخسائر والبيانات الأخرى.\r\nتنتج كشوف المرتبات من خلال بدء معالجة الكمبيوتر ؛ فحص الطباعة ، والتحقق من المنتج النهائي.\r\nيكمل التدقيق الخارجي عن طريق تحليل وجدولة حسابات دفتر الأستاذ العام وتوفير المعلومات للمراجعين.\r\nيتجنب التحديات القانونية من خلال الامتثال للمتطلبات القانونية.\r\nيؤمن المعلومات المالية من خلال استكمال النسخ الاحتياطية لقاعدة البيانات.\r\nيحمي قيمة المنظمة من خلال الحفاظ على سرية المعلومات ، للقيام بأي مهمة أخرى تقدمها الشركة أو الرئيس المباشر.\r\nتقديم تقرير شهري عن المبيعات والإنتاج والمخزون.\r\nمراقبة جميع الأوراق اللازمة من قبل جميع الإدارات.\r\nمسؤول عن مجمل الحسابات والتمويل المتعلق بالمواد في المصنع.\r\nمهمة أخرى يسندها رئيس / إدارة القسم.', 'part_time', 'ماجستير إدارة الأعمال (MBA) في المحاسبة\r\nالمهارات المطلوبة: المحاسبة والمالية', 'مستشفى Kishoreganj للعيون الذي تديره منظمة غير حكومية تُدعى Nari Uddug Kendra (NUK) هو مستشفى عيون حديث ومعروف جيدًا يعمل على القضاء على العمى الذي يمكن تجنبه من بنغلاديش وكذلك لتحقيق هدف VISION-2020 لمنظمة الصحة العالمية. لاحظ مستشفى Kishoreganj للعيون هنا أن يوظف في وظيفة مسؤول حسابات أول بدوام كامل.', '3 سنوات على الأقل\r\nيجب أن يكون لدى المتقدمين خبرة في المجالات التالية:\r\nمحاسب\r\nيجب أن يكون لدى المتقدمين خبرة في مجالات الأعمال التالية:\r\nالعقارات', 'العمر من 28 إلى 35 سنة\r\nيسمح لكل من الذكور والإناث بتقديم الطلبات\r\nأمر جيد في Excel و Word.\r\nيجب أن يكون لدى المتقدم خبرة عمل وقدرة عمل سليمة على برنامج Tally.\r\nخبرة لا تقل عن 3-5 سنوات في المحاسبة / المالية\r\nالخبرة بمتطلبات إعداد التقارير المالية\r\nلديه عقلية للعمل في الضغط وساعات طويلة.\r\nيجب أن تكون المعرفة الجيدة بالكمبيوتر مطلوبة (باستخدام برنامج tally).', 'بانكوك، تايلند', 'قابل للتفاوض', 'وفقًا لسياسة الشركة', NULL, 'publish', 'ar', '2020-08-14', NULL, 'tnfythy-aol-alhsabat', NULL, NULL, NULL, '2020-07-20 09:39:50', '2020-07-20 10:42:41'),
(7, 'Gerente Senior (Cuentas)', 'Cuentas Junior', 'xgenious', '5', '6', 'Asegura la integridad de la información contable al registrar, verificar, consolidar e ingresar transacciones.\r\nPrepara y registra entradas de activos, pasivos, ingresos y gastos compilando y analizando la información de la cuenta.\r\nMantiene y equilibra las cuentas subsidiarias verificando, asignando, contabilizando y conciliando transacciones y resolviendo discrepancias.\r\nMantiene el libro mayor transfiriendo cuentas subsidiarias, preparando un saldo de prueba y conciliando entradas. Responsable general de Cuentas y Finanzas.\r\nEjecutar la estrategia financiera de la empresa.\r\nGestionar controles financieros y procedimientos contables.\r\nGarantizar la total transparencia sobre el desempeño financiero de la empresa.\r\nResume el estado financiero mediante la recopilación de información y la preparación del balance general, pérdidas y ganancias y otros estados.\r\nProduce nómina al iniciar el procesamiento por computadora; impresión de cheques, verificación del producto terminado.\r\nCompleta la auditoría externa analizando y programando cuentas del libro mayor y proporcionando información para los auditores.\r\nEvita los desafíos legales al cumplir con los requisitos legales.\r\nAsegura la información financiera al completar las copias de seguridad de la base de datos.\r\nProtege el valor de la organización al mantener la confidencialidad de la información. Para llevar a cabo cualquier otra tarea dada por la empresa o superior inmediato.\r\nPresente un informe mensual sobre las ventas, la producción y el stock.\r\nSeguimiento de todos los trámites necesarios por parte de todos los departamentos.\r\nResponsable de la contabilidad general y el material relacionado con las finanzas en la planta.\r\nOtras tareas asignadas por el jefe / gestión departamental.', 'project_based', 'Master of Business Administration (MBA) en Contabilidad\r\nHabilidades requeridas: Contabilidad y finanzas', 'El Kishoreganj Eye Hospital operado por una organización no gubernamental llamada Nari Uddug Kendra (NUK) es un hospital oftalmológico moderno bien establecido y reputado que está trabajando para erradicar la ceguera evitable de Bangladesh y para cumplir con el objetivo VISION-2020 de la OMS. El Hospital de Ojos Kishoreganj aquí se dio cuenta de reclutar para el puesto de Oficial Principal de Cuentas a tiempo completo.', 'Al menos 3 año (s)\r\nLos solicitantes deben tener experiencia en las siguientes áreas:\r\nContador\r\nLos solicitantes deben tener experiencia en las siguientes áreas comerciales:\r\nBienes raíces', '28 a 35 años de edad\r\nTanto hombres como mujeres pueden aplicar\r\nBuen comando en Excel y Word.\r\nEl solicitante debe tener experiencia laboral y capacidad de trabajo sólida en Tally Software.\r\nExperiencia mínima de 3-5 años en contabilidad / finanzas\r\nExperiencia con los requisitos de información financiera.\r\nTener mentalidad para trabajar en estrés y largas horas.\r\nSe requiere un buen conocimiento de la computadora (con software de conteo)', 'Bangkok, Thailand', 'Negociable', 'De acuerdo con la política de la empresa', NULL, 'publish', 'sp', '2020-08-28', NULL, 'gerente-senior-cuentas', NULL, NULL, NULL, '2020-07-20 09:40:08', '2020-07-20 10:36:02'),
(8, 'Grafik Tasarımcı', 'Küçük Tasarımcı', 'xgenious', '9', '8', 'Logo, Afiş, Broşür, PSD, Yerleşim, Kitapçık ile ilgili düzenleme / rötuş ve dijital pazarlama / medya ile ilgili eserler tasarlayabilme.\r\nRenk, boyut, stil, yazı tipi boyutu ve kompozisyonun etkili kullanımı dahil olmak üzere yenilikçi ve yetenekli tasarım geliştirme.\r\nAdobe Photoshop, Adobe Illustrator, After Effects, Adobe In Design, Adobe Premiere Pro, Adobe Dreamweaver, PowerPoint ve diğer ilgili tasarım / düzenleme yazılımlarında uzman olmalıdır.\r\nMultimedya tabanlı mizanpajlar, grafikler, animasyon, video, çevrimiçi öğreticiler ve dijital pazarlama ile ilgili diğer prodüksiyonların tasarımı ve geliştirilmesi için teknik görevleri yerine getirmek.\r\nMüşterinin iş sorununu, marka alanını, hedef kitleyi ve genel yaratıcı stratejiyi anlama.\r\nGrafik tasarımda en yüksek standartları korumak ve hem dijital pazarlama hem de sosyal medya pazarlaması için müşterinin beklentilerini doğru bir şekilde temsil eden en son yaratıcı içeriği üretmek.\r\nYönetim tarafından atanan diğer tüm görevler.', 'part_time', 'Grafik Tasarım veya dengi diploma', 'İş yeri: Genel Merkez, Dhanmondi R / A, Dhaka\r\nGörev: Cumartesi - Perşembe - Saat 9:30 - 18:00', 'En az 3 yıl', '20 ila 35 yaş\r\nHem erkekler hem de kadınlar başvuru yapabilir\r\nBir ekipte ve gerektiğinde Yönetim talimatına uygun olarak çalışmaya hazır.\r\nYaratıcı çözüm sunmak için fikirleri sorun, test edin ve analiz edin.\r\nDetaylara piksel düzeyinde dikkat ile tipografi, kompozisyon, düzen, renk, yüksek kaliteli üretim için göz.\r\nİçerik yönetimi platformlarıyla deneyim.\r\nGüçlü kişilerarası ve mesleki beceriler.\r\nUluslararası standartlarda bir MARKA geliştirme konusunda derin bir his.', 'Bangkok, Thailand', 'tartışılabilir', 'Mobil fatura\r\nMaaş İncelemesi: Yıllık\r\nFestival Bonusu: 2\r\nÖğle Yemeği Olanakları', NULL, 'publish', 'tur', '2020-08-27', NULL, 'grafik-tasarimci', NULL, NULL, NULL, '2020-07-20 09:53:03', '2020-07-20 10:33:01'),
(11, 'Graphic Designer', 'Diseñadora junior', 'xgenious', '5', '8', 'Capaz de diseñar logotipos, pancartas, folletos, PSD, maquetación, edición / retoque de folletos relevantes y trabajos relacionados con marketing digital / medios.\r\nDesarrollo innovador y experto en diseño que incluye el uso efectivo de color, dimensión, estilo, tamaño de fuente y composición.\r\nDebe ser experto en Adobe Photoshop, Adobe Illustrator, After Effects, Adobe In Design, Adobe Premiere Pro, Adobe Dreamweaver, PowerPoint y otro software de diseño / edición relacionado.\r\nRealice tareas técnicas para diseñar y desarrollar diseños multimedia, gráficos, animaciones, videos, tutoriales en línea y otras producciones relacionadas con el marketing digital.\r\nComprender el problema comercial del cliente, el espacio de la marca, el público objetivo y la estrategia creativa general.\r\nMantener los más altos estándares en diseño gráfico y producir contenido creativo de vanguardia para marketing digital y marketing en redes sociales que represente con precisión las expectativas del cliente.\r\nCualquier otra tarea asignada por la gerencia.', 'part_time', 'Diploma en Diseño Gráfico o equivalente', 'Lugar de trabajo: oficina central, Dhanmondi R / A, Dhaka\r\nDeber: sábado a jueves - Hora de 9:30 a.m. a 6:00 p.m.', 'Al menos 3 año (s)', '20 a 35 años de edad\r\nTanto hombres como mujeres pueden aplicar\r\nListo para trabajar en equipo y en línea con las instrucciones de gestión cuando sea necesario.\r\nSolucione problemas, pruebe y analice ideas para proporcionar la solución creativa.\r\nOjo para la tipografía, composición, diseño, color, producción de alta calidad con atención al detalle a nivel de píxeles.\r\nExperiencia con plataformas de gestión de contenidos.\r\nFuertes habilidades interpersonales y profesionales.\r\nUna profunda sensación de desarrollar una MARCA con estándar internacional.', 'Bangkok, Thailand', 'Negociable', 'Factura móvil\r\nRevisión salarial: anual\r\nBonificación del festival: 2\r\nInstalaciones de almuerzo', NULL, 'publish', 'sp', '2020-08-22', NULL, 'graphic-designer', NULL, NULL, NULL, '2020-07-20 10:37:42', '2020-07-20 10:40:01'),
(13, 'كبير مطوري Laravel', 'مطور مبتدئ', 'xgenious', '11', '6', 'نحن نبحث عن بعض المطورين ذوي الخبرة بطلاقة في WordPress الذين سيكونون قادرين على تطوير رمز لموقع ويب معقد ومكثف للبيانات وتطبيق التجارة الإلكترونية.', 'full_time', 'يفضل بكالوريوس في علوم الكمبيوتر أو تخصص مماثل.', 'نحن بصدد إنشاء منصات غدًا لدمج وإدارة بيانات المؤسسة من خلال تحسين العمليات. معظم الشركات تعتمد الأتمتة سواء كان الأمر يتعلق بالمكتب أو الصناعة. ستكون المرونة لأتمتة العمليات ، دون المساس بالأمن والامتثال ، أحد المتطلبات الأكثر تحديًا ، ولكن الرئيسية في الأيام القادمة. هذا هو المكان الذي يأتي فيه SoftoPark إلى الصورة.\r\nنحن نبحث عن شخص لديه محفظة تعرض أعمال تطوير الويب ذات الصلة والجودة العالية. سيكون لديك قدرات رياضية قوية وحل المشكلات ، وعين على التفاصيل ، ورغبة في إنتاج كود عالي الجودة ونظيف وفعال.', '5 سنوات على الأقل', 'يسمح لكل من الذكور والإناث بتقديم الطلبات\r\nيجب أن يكون لديك مفهوم واضح على OOP\r\nأثبتت خبرة العمل في تطوير تطبيقات WordPress للمؤسسات على نطاق واسع\r\nيجب أن يكون لديك خبرة في البرنامج المساعد المعقدة ، القطعة ، تطوير السمة\r\nيجب أن يكون لديك معرفة بسياسة الترقية والأداء وأمن WordPress\r\nمطلوب خبرة في MySQL و jQuery وإطار عمل MVC قائم على PHP واحد على الأقل\r\nالخبرة في واحد أو أكثر من أنظمة إدارة المحتوى القائمة على PHP Magento أو أي تجارة إلكترونية أخرى هي نقطة زائد\r\nستحظى الخبرة في أنواع مختلفة من الخدمة وتكامل البوابة بتقدير كبير\r\nمن المتوقع خبرة في التحكم في الإصدار (git ، svn إلخ)\r\nيجب أن يكون لاعب الفريق ، بدافع ذاتي وتحمل المسؤولية بشكل استباقي', 'Bangkok, Thailand', 'قابل للتفاوض', '2 مكافآت أداء سنوية\r\nالتأمين الصحي والتأمين على الحياة\r\nالإفطار والغداء والوجبات الخفيفة\r\nيومان من عطلة نهاية الأسبوع والإجازات السنوية مدفوعة الأجر\r\nإجازات رسمية\r\nنزهة / جولة\r\nالمواصلات', NULL, 'publish', 'ar', '2020-08-22', NULL, 'kbyr-mtory-laravel', NULL, NULL, NULL, '2020-07-20 10:44:59', '2020-07-20 10:49:39');

-- --------------------------------------------------------

--
-- Table structure for table `jobs_categories`
--

CREATE TABLE `jobs_categories` (
  `id` bigint(20) UNSIGNED NOT NULL,
  `title` varchar(191) COLLATE utf8mb4_unicode_ci NOT NULL,
  `status` varchar(191) COLLATE utf8mb4_unicode_ci DEFAULT NULL,
  `lang` varchar(191) COLLATE utf8mb4_unicode_ci DEFAULT NULL,
  `created_at` timestamp NULL DEFAULT NULL,
  `updated_at` timestamp NULL DEFAULT NULL
) ENGINE=InnoDB DEFAULT CHARSET=utf8mb4 COLLATE=utf8mb4_unicode_ci;

--
-- Dumping data for table `jobs_categories`
--

INSERT INTO `jobs_categories` (`id`, `title`, `status`, `lang`, `created_at`, `updated_at`) VALUES
(1, 'Office Management', 'publish', 'en', '2020-07-20 08:41:57', '2020-07-20 08:41:57'),
(2, 'Software Engineer', 'publish', 'en', '2020-07-20 08:42:11', '2020-07-20 08:42:11'),
(3, 'UI/ UX  Designer', 'publish', 'en', '2020-07-20 08:42:18', '2020-07-20 08:42:18'),
(4, 'Diseñadora de interfaz de usuario / UX', 'publish', 'sp', '2020-07-20 08:46:34', '2020-07-20 08:46:34'),
(5, 'Ingeniera de software', 'publish', 'sp', '2020-07-20 08:46:49', '2020-07-20 08:46:49'),
(6, 'Gerencia de oficina', 'publish', 'sp', '2020-07-20 08:47:10', '2020-07-20 08:47:10'),
(7, 'Büro Yönetimi', 'publish', 'tur', '2020-07-20 08:47:26', '2020-07-20 08:47:26'),
(8, 'Yazılım Mühendisi', 'publish', 'tur', '2020-07-20 08:47:39', '2020-07-20 08:47:39'),
(9, 'UI / UX Tasarımcısı', 'publish', 'tur', '2020-07-20 08:47:52', '2020-07-20 08:47:52'),
(10, 'مصمم واجهة المستخدم / UX', 'publish', 'ar', '2020-07-20 08:48:06', '2020-07-20 08:48:06'),
(11, 'مهندس برمجيات', 'publish', 'ar', '2020-07-20 08:48:23', '2020-07-20 08:48:23'),
(12, 'إدارة المكاتب', 'publish', 'ar', '2020-07-20 08:48:49', '2020-07-20 08:48:49');

-- --------------------------------------------------------

--
-- Table structure for table `job_applicants`
--

CREATE TABLE `job_applicants` (
  `id` bigint(20) UNSIGNED NOT NULL,
  `jobs_id` int(10) UNSIGNED NOT NULL,
  `form_content` longtext COLLATE utf8mb4_unicode_ci DEFAULT NULL,
  `attachment` longtext COLLATE utf8mb4_unicode_ci DEFAULT NULL,
  `track` varchar(191) COLLATE utf8mb4_unicode_ci DEFAULT NULL,
  `transaction_id` varchar(191) COLLATE utf8mb4_unicode_ci DEFAULT NULL,
  `name` varchar(191) COLLATE utf8mb4_unicode_ci DEFAULT NULL,
  `email` varchar(191) COLLATE utf8mb4_unicode_ci DEFAULT NULL,
  `application_fee` varchar(191) COLLATE utf8mb4_unicode_ci DEFAULT NULL,
  `payment_gateway` varchar(191) COLLATE utf8mb4_unicode_ci DEFAULT NULL,
  `payment_status` varchar(191) COLLATE utf8mb4_unicode_ci DEFAULT NULL,
  `created_at` timestamp NULL DEFAULT NULL,
  `updated_at` timestamp NULL DEFAULT NULL
) ENGINE=InnoDB DEFAULT CHARSET=utf8mb4 COLLATE=utf8mb4_unicode_ci;

--
-- Dumping data for table `job_applicants`
--

INSERT INTO `job_applicants` (`id`, `jobs_id`, `form_content`, `attachment`, `track`, `transaction_id`, `name`, `email`, `application_fee`, `payment_gateway`, `payment_status`, `created_at`, `updated_at`) VALUES
(1, 1, 'a:4:{s:9:\"your-name\";s:15:\"Sharifur Rahmam\";s:10:\"your-email\";s:18:\"dvrobin4@gmail.com\";s:20:\"your-expected-salary\";s:7:\"1212532\";s:20:\"your-additional-info\";s:17:\"aaddsafsadfdsfdaf\";}', 'a:1:{s:7:\"your-cv\";s:58:\"assets/uploads/attachment/applicant-attachment-your-cv.pdf\";}', NULL, NULL, NULL, NULL, NULL, NULL, NULL, '2020-07-20 09:19:58', '2020-07-20 09:19:58'),
(2, 4, 'a:5:{s:13:\"captcha_token\";N;s:9:\"your-name\";s:7:\"testman\";s:10:\"your-email\";s:15:\"satrapa@live.nl\";s:20:\"your-expected-salary\";s:7:\"1000000\";s:20:\"your-additional-info\";s:10:\"dfbfdsbfdb\";}', 'a:1:{s:7:\"your-cv\";s:58:\"assets/uploads/attachment/applicant-attachment-your-cv.txt\";}', NULL, NULL, NULL, NULL, NULL, NULL, NULL, '2020-08-09 20:59:34', '2020-08-09 20:59:34'),
(3, 4, 'a:5:{s:13:\"captcha_token\";N;s:9:\"your-name\";s:7:\"stewart\";s:10:\"your-email\";s:15:\"admin@gmail.com\";s:20:\"your-expected-salary\";s:5:\"20000\";s:20:\"your-additional-info\";s:12:\"yunhiojhj8iu\";}', 'a:1:{s:7:\"your-cv\";s:58:\"assets/uploads/attachment/applicant-attachment-your-cv.pdf\";}', NULL, NULL, NULL, NULL, NULL, NULL, NULL, '2020-08-20 13:08:55', '2020-08-20 13:08:55'),
(4, 4, 'a:5:{s:13:\"captcha_token\";N;s:9:\"your-name\";s:7:\"gfcghxd\";s:10:\"your-email\";s:17:\"sarty2k@gmail.com\";s:20:\"your-expected-salary\";s:5:\"20000\";s:20:\"your-additional-info\";s:9:\"zsfdf\\azd\";}', 'a:1:{s:7:\"your-cv\";s:58:\"assets/uploads/attachment/applicant-attachment-your-cv.txt\";}', NULL, NULL, NULL, NULL, NULL, NULL, NULL, '2020-08-23 05:19:02', '2020-08-23 05:19:02'),
(5, 4, 'a:5:{s:13:\"captcha_token\";N;s:9:\"your-name\";s:4:\"test\";s:10:\"your-email\";s:15:\"fdfdf@gmail.com\";s:20:\"your-expected-salary\";s:6:\"dsdsds\";s:20:\"your-additional-info\";s:6:\"sdsdsd\";}', 'a:1:{s:7:\"your-cv\";s:58:\"assets/uploads/attachment/applicant-attachment-your-cv.txt\";}', NULL, NULL, NULL, NULL, NULL, NULL, NULL, '2020-08-23 17:08:33', '2020-08-23 17:08:33'),
(31, 4, 'a:0:{}', 'a:1:{s:7:\"your-cv\";s:58:\"assets/uploads/attachment/applicant-attachment-your-cv.png\";}', '9YRNUYbEg5pAckzfmx0WnmF4m0BPiZ', NULL, 'Sharifur Rahmam', 'dvrobin4@gmail.com', NULL, NULL, 'pending', '2020-11-29 05:26:32', '2020-11-29 05:26:32'),
(32, 4, NULL, NULL, 'dp7anXSOe5AFrOsl26Upfi8SN86PaP', NULL, 'Sharifur Rahmam', 'dvrobin4@gmail.com', NULL, NULL, 'pending', '2020-11-29 05:26:43', '2020-11-29 05:26:43'),
(42, 4, 'a:2:{s:20:\"your-expected-salary\";s:7:\"1212532\";s:20:\"your-additional-info\";s:10:\"sdfasdfsdf\";}', 'a:1:{s:7:\"your-cv\";s:58:\"assets/uploads/attachment/applicant-attachment-your-cv.png\";}', 'uerbQrfvBOTmTo6DGPzZNUj14hh6ZH', NULL, 'Sharifur Rahmam', 'dvrobin4@gmail.com', NULL, NULL, 'pending', '2020-11-29 05:29:55', '2020-11-29 05:29:55'),
(43, 4, 'a:2:{s:20:\"your-expected-salary\";s:7:\"1212532\";s:20:\"your-additional-info\";s:10:\"sdfasdfsdf\";}', 'a:1:{s:7:\"your-cv\";s:58:\"assets/uploads/attachment/applicant-attachment-your-cv.png\";}', '8IOvLjY0432dOjC0RvrmoWITABQKd6', NULL, 'Sharifur Rahmam', 'dvrobin4@gmail.com', NULL, NULL, 'pending', '2020-11-29 05:30:07', '2020-11-29 05:30:08'),
(44, 4, 'a:2:{s:20:\"your-expected-salary\";s:7:\"1212532\";s:20:\"your-additional-info\";s:10:\"sdfasdfsdf\";}', 'a:1:{s:7:\"your-cv\";s:58:\"assets/uploads/attachment/applicant-attachment-your-cv.png\";}', '4sNmnhFd11HhFJYjEhOIdo7Zki2v3G', NULL, 'Sharifur Rahmam', 'dvrobin4@gmail.com', NULL, NULL, 'pending', '2020-11-29 05:33:37', '2020-11-29 05:33:38'),
(45, 4, 'a:2:{s:20:\"your-expected-salary\";s:7:\"1212532\";s:20:\"your-additional-info\";s:10:\"sdfasdfsdf\";}', 'a:1:{s:7:\"your-cv\";s:58:\"assets/uploads/attachment/applicant-attachment-your-cv.png\";}', 'l6Cy0bcVqCRghziYlhyVjHrftZugoF', NULL, 'Sharifur Rahmam', 'dvrobin4@gmail.com', NULL, NULL, 'pending', '2020-11-29 05:34:02', '2020-11-29 05:34:02'),
(46, 4, 'a:2:{s:20:\"your-expected-salary\";s:7:\"1212532\";s:20:\"your-additional-info\";s:10:\"sdfasdfsdf\";}', 'a:1:{s:7:\"your-cv\";s:58:\"assets/uploads/attachment/applicant-attachment-your-cv.png\";}', 'nlsB7QGbCCEINcvRnQfW08N95gornC', NULL, 'Sharifur Rahmam', 'dvrobin4@gmail.com', NULL, NULL, 'pending', '2020-11-29 05:34:28', '2020-11-29 05:34:28'),
(48, 3, 'a:3:{s:20:\"your-expected-salary\";s:7:\"1212532\";s:20:\"your-additional-info\";s:13:\"hiugoijoipml;\";s:15:\"application_fee\";s:2:\"20\";}', 'a:0:{}', 'fNsB4GoGc4xPRdqjDLOfVCxkHMhBCO', NULL, 'Sharifur Rahmam', 'dvrobin4@gmail.com', '20', NULL, 'pending', '2020-11-29 07:44:26', '2020-11-29 07:44:26'),
(49, 3, 'a:3:{s:20:\"your-expected-salary\";s:7:\"1212532\";s:20:\"your-additional-info\";s:178:\"One advanced diverted domestic sex repeated bringing you old. Possible procured her trifling laughter thoughts property she met way. Companions shy had solicitude favourable own.\";s:15:\"application_fee\";s:2:\"20\";}', 'a:0:{}', 'Crb33lClay27tdITgAIP7DVrWvVmfZ', NULL, 'Sharifur Rahmam', 'dvrobin4@gmail.com', '20', 'paypal', 'pending', '2020-11-29 07:46:22', '2020-11-29 07:46:22'),
(50, 3, 'a:3:{s:20:\"your-expected-salary\";s:7:\"1212532\";s:20:\"your-additional-info\";s:178:\"One advanced diverted domestic sex repeated bringing you old. Possible procured her trifling laughter thoughts property she met way. Companions shy had solicitude favourable own.\";s:15:\"application_fee\";s:2:\"20\";}', 'a:0:{}', '2EDvKk5O5EfePzjHiMu5JPqGXAjZzV', NULL, 'Sharifur Rahmam', 'dvrobin4@gmail.com', '20', 'paypal', 'pending', '2020-11-29 07:49:14', '2020-11-29 07:49:14'),
(51, 3, 'a:3:{s:20:\"your-expected-salary\";s:7:\"1212532\";s:20:\"your-additional-info\";s:140:\"Which could saw guest man now heard but. Lasted my coming uneasy marked so should. Gravity letters it amongst herself dearest an windows by.\";s:15:\"application_fee\";s:3:\"200\";}', 'a:0:{}', 'a5mLyvtqcwSnPwgp9fEN373YT0vfJE', NULL, 'Sharifur Rahmam', 'dvrobin4@gmail.com', '200', 'paypal', 'pending', '2020-11-29 07:49:40', '2020-11-29 07:49:40'),
(52, 3, 'a:3:{s:20:\"your-expected-salary\";s:7:\"1212532\";s:20:\"your-additional-info\";s:140:\"Which could saw guest man now heard but. Lasted my coming uneasy marked so should. Gravity letters it amongst herself dearest an windows by.\";s:15:\"application_fee\";s:3:\"200\";}', 'a:0:{}', 'KAD1D3CHZ4L43Z644GZDAG0gDKKSAA', NULL, 'Sharifur Rahmam', 'dvrobin4@gmail.com', '200', 'paypal', 'pending', '2020-11-29 07:51:53', '2020-11-29 07:51:53'),
(53, 3, 'a:3:{s:20:\"your-expected-salary\";s:7:\"1212532\";s:20:\"your-additional-info\";s:140:\"Which could saw guest man now heard but. Lasted my coming uneasy marked so should. Gravity letters it amongst herself dearest an windows by.\";s:15:\"application_fee\";s:3:\"200\";}', 'a:0:{}', 'S2rL0rwPSB16pSCR0d1A2doTFCL3w9', NULL, 'Sharifur Rahmam', 'dvrobin4@gmail.com', '200', 'manual_payment', 'pending', '2020-11-29 07:52:23', '2020-11-29 07:52:23'),
(54, 3, 'a:3:{s:20:\"your-expected-salary\";s:7:\"1212532\";s:20:\"your-additional-info\";s:10:\"qsdasdfasf\";s:15:\"application_fee\";s:3:\"200\";}', 'a:0:{}', 'vA4GmV5c4PbVSJLhWojrsKt7SRNMu9', NULL, 'Sharifur Rahmam', 'dvrobin4@gmail.com', '200', 'manual_payment', 'pending', '2020-11-30 05:13:34', '2020-11-30 05:13:34'),
(55, 3, 'a:3:{s:20:\"your-expected-salary\";s:9:\"341234234\";s:20:\"your-additional-info\";s:14:\"ifghjrsthrsdfg\";s:15:\"application_fee\";s:3:\"200\";}', 'a:0:{}', '6vIvTNs2d3VQfex7EGvF1XbNgcrT0S', NULL, 'Sharifur Rahmam', 'dvrobin4@gmail.com', '200', 'mollie', 'pending', '2020-11-30 05:14:02', '2020-11-30 05:14:02'),
(56, 3, 'a:3:{s:20:\"your-expected-salary\";s:9:\"341234234\";s:20:\"your-additional-info\";s:14:\"ifghjrsthrsdfg\";s:15:\"application_fee\";s:3:\"200\";}', 'a:0:{}', 'MM8rQnO0LtfYjWw6U8zg0VhLWk1HgC', NULL, 'Sharifur Rahmam', 'dvrobin4@gmail.com', '200', 'razorpay', 'pending', '2020-11-30 05:15:35', '2020-11-30 05:15:35'),
(57, 3, 'a:3:{s:20:\"your-expected-salary\";s:7:\"1212532\";s:20:\"your-additional-info\";s:10:\"sadfdsfsdf\";s:15:\"application_fee\";s:3:\"200\";}', 'a:0:{}', 'sJKDP0cvwXZquJNWiJxOPLgiGtjyio', 'pay_G7PQ3zaBY3UY0X', 'Sharifur Rahmam', 'dvrobin4@gmail.com', '200', 'razorpay', 'complete', '2020-11-30 08:14:18', '2020-11-30 08:14:52'),
(58, 3, 'a:3:{s:20:\"your-expected-salary\";s:7:\"1212532\";s:20:\"your-additional-info\";s:20:\"dasdfdsfdsfsdafsdfds\";s:15:\"application_fee\";s:3:\"200\";}', 'a:0:{}', 'wNUxRJSqZ6LsbfRO8MkOdmoEIQ1KpI', NULL, 'Sharifur Rahmam', 'dvrobin4@gmail.com', '200', 'manual_payment', 'pending', '2020-11-30 08:30:06', '2020-11-30 08:30:06'),
(59, 3, 'a:4:{s:20:\"your-expected-salary\";s:7:\"1212532\";s:20:\"your-additional-info\";s:128:\"Companions shy had solicitude favourable own. Which could saw guest man now heard but. Lasted my coming uneasy marked so should.\";s:15:\"application_fee\";s:3:\"200\";s:14:\"transaction_id\";s:10:\"4998827038\";}', 'a:0:{}', 'DkgBWYWET8nbwBqQCbklBrwgTp8jiQ', '4998827038', 'Sharifur Rahmam', 'dvrobin4@gmail.com', '200', 'manual_payment', 'pending', '2020-11-30 08:43:09', '2020-11-30 08:43:09'),
(60, 3, 'a:4:{s:20:\"your-expected-salary\";s:7:\"1212532\";s:20:\"your-additional-info\";s:128:\"Companions shy had solicitude favourable own. Which could saw guest man now heard but. Lasted my coming uneasy marked so should.\";s:15:\"application_fee\";s:3:\"200\";s:14:\"transaction_id\";N;}', 'a:0:{}', 'FJMRU3H7MRcw5eDGUloZkazEcuNojK', 'tr_tF5m8uCzfq', 'saifur', 'dvrobin4@gmail.com', '200', 'mollie', 'complete', '2020-11-30 08:52:57', '2020-11-30 08:53:20'),
(61, 3, 'a:4:{s:20:\"your-expected-salary\";s:7:\"1212532\";s:20:\"your-additional-info\";s:128:\"Companions shy had solicitude favourable own. Which could saw guest man now heard but. Lasted my coming uneasy marked so should.\";s:15:\"application_fee\";s:3:\"200\";s:14:\"transaction_id\";N;}', 'a:0:{}', 'kmmBpHmGhTJ0fqtkmyGIHtVwdciVME', NULL, 'Olivia Hamel', 'dvrobin4@gmail.com', '200', 'paytm', 'pending', '2020-11-30 08:55:15', '2020-11-30 08:55:15'),
(62, 3, 'a:4:{s:20:\"your-expected-salary\";s:7:\"1212532\";s:20:\"your-additional-info\";s:128:\"Companions shy had solicitude favourable own. Which could saw guest man now heard but. Lasted my coming uneasy marked so should.\";s:15:\"application_fee\";s:3:\"200\";s:14:\"transaction_id\";N;}', 'a:0:{}', '8Y6GUIPAA440T4xgTX7xC7KSSlUDdk', NULL, 'Olivia Hamel', 'dvrobin4@gmail.com', '200', 'paytm', 'pending', '2020-11-30 08:57:40', '2020-11-30 08:57:40'),
(63, 3, 'a:4:{s:20:\"your-expected-salary\";s:7:\"1212532\";s:20:\"your-additional-info\";s:128:\"Companions shy had solicitude favourable own. Which could saw guest man now heard but. Lasted my coming uneasy marked so should.\";s:15:\"application_fee\";s:3:\"200\";s:14:\"transaction_id\";N;}', 'a:0:{}', '2IATSqZjqY0pcLYC8NGY9cNS5YP0wS', NULL, 'Olivia Hamel', 'dvrobin4@gmail.com', '200', 'paytm', 'pending', '2020-11-30 09:00:07', '2020-11-30 09:00:07'),
(64, 3, 'a:4:{s:20:\"your-expected-salary\";s:7:\"1212532\";s:20:\"your-additional-info\";s:128:\"Companions shy had solicitude favourable own. Which could saw guest man now heard but. Lasted my coming uneasy marked so should.\";s:15:\"application_fee\";s:3:\"200\";s:14:\"transaction_id\";N;}', 'a:0:{}', 'PcdeW0U4oHs7V23O6XzKg6tl3LaL1l', NULL, 'Olivia Hamel', 'dvrobin4@gmail.com', '200', 'paytm', 'pending', '2020-11-30 09:06:40', '2020-11-30 09:06:40'),
(65, 3, 'a:4:{s:20:\"your-expected-salary\";s:7:\"1212532\";s:20:\"your-additional-info\";s:128:\"Companions shy had solicitude favourable own. Which could saw guest man now heard but. Lasted my coming uneasy marked so should.\";s:15:\"application_fee\";s:3:\"200\";s:14:\"transaction_id\";N;}', 'a:0:{}', 'hq5nBw0eSk7pZxt2hbMGVB62aIYOvs', 'txn_1HtE1pEmGOuJLTMsTL2NuMTm', 'Sharifur Rahmam', 'dvrobin4@gmail.com', '200', 'stripe', 'complete', '2020-11-30 09:10:48', '2020-11-30 09:11:01'),
(66, 3, 'a:4:{s:20:\"your-expected-salary\";s:7:\"1212532\";s:20:\"your-additional-info\";s:128:\"Companions shy had solicitude favourable own. Which could saw guest man now heard but. Lasted my coming uneasy marked so should.\";s:15:\"application_fee\";s:3:\"200\";s:14:\"transaction_id\";N;}', 'a:0:{}', 'Crlt7N6NgBNnsUWyuHIv8MuSftYAaa', NULL, 'Sharifur Rahmam', 'dvrobin4@gmail.com', '200', 'flutterwave', 'pending', '2020-11-30 09:14:23', '2020-11-30 09:14:23'),
(67, 3, 'a:4:{s:20:\"your-expected-salary\";s:7:\"1212532\";s:20:\"your-additional-info\";s:128:\"Companions shy had solicitude favourable own. Which could saw guest man now heard but. Lasted my coming uneasy marked so should.\";s:15:\"application_fee\";s:3:\"200\";s:14:\"transaction_id\";N;}', 'a:0:{}', 'xX8sszGJPdnW1JvfrbRw3Ifn1siGLM', NULL, 'Sharifur Rahmam', 'dvrobin4@gmail.com', '200', 'paystack', 'pending', '2020-11-30 09:32:19', '2020-11-30 09:32:19'),
(68, 3, 'a:4:{s:20:\"your-expected-salary\";s:7:\"1212532\";s:20:\"your-additional-info\";s:128:\"Companions shy had solicitude favourable own. Which could saw guest man now heard but. Lasted my coming uneasy marked so should.\";s:15:\"application_fee\";s:3:\"200\";s:14:\"transaction_id\";N;}', 'a:0:{}', 'YyNlg17SO4uoFrE60OEUlvRFB5xOQY', NULL, 'Sharifur Rahmam', 'dvrobin4@gmail.com', '200', 'paypal', 'pending', '2020-11-30 09:34:06', '2020-11-30 09:34:06'),
(69, 4, NULL, NULL, 'En5ZOcltHfkARp4KjclF3BwxhQcAey', NULL, 'Sharifur Rahmam', 'dvrobin4@gmail.com', NULL, NULL, 'pending', '2020-12-07 04:16:19', '2020-12-07 04:16:19'),
(70, 4, 'a:3:{s:20:\"your-expected-salary\";s:7:\"1212532\";s:20:\"your-additional-info\";s:8:\"asdfadsf\";s:14:\"transaction_id\";N;}', 'a:1:{s:7:\"your-cv\";s:57:\"assets/uploads/attachment/applicantattachment-your-cv.pdf\";}', 'P9we5IB9xNDPTfwVl1RixQHyP3Iymr', NULL, 'sharifur', 'dvrobin4@gmail.com', NULL, NULL, 'pending', '2020-12-07 04:17:10', '2020-12-07 04:17:10'),
(71, 4, 'a:3:{s:20:\"your-expected-salary\";s:7:\"1212532\";s:20:\"your-additional-info\";s:9:\"sdafdsdfs\";s:14:\"transaction_id\";N;}', 'a:1:{s:7:\"your-cv\";s:61:\"assets/uploads/attachment/applicant/attachment-71-your-cv.pdf\";}', 'JPjOu7j2pqS3kqPz6nN000gi8sOz9W', NULL, 'Sharifur Rahmam', 'dvrobin4@gmail.com', NULL, NULL, 'pending', '2020-12-07 04:24:04', '2020-12-07 04:24:04'),
(72, 3, 'a:4:{s:20:\"your-expected-salary\";s:7:\"1212532\";s:20:\"your-additional-info\";s:10:\"adfadfasdf\";s:15:\"application_fee\";s:3:\"200\";s:14:\"transaction_id\";N;}', 'a:0:{}', 'hiAPJX7nDZ5uUpqzj4unNTfhwsU7GA', NULL, 'Sharifur Rahmam', 'dvrobin4@gmail.com', '200', 'paypal', 'pending', '2021-01-11 00:29:32', '2021-01-11 00:29:32'),
(73, 3, 'a:4:{s:20:\"your-expected-salary\";s:7:\"1212532\";s:20:\"your-additional-info\";s:10:\"adfadfasdf\";s:15:\"application_fee\";s:3:\"200\";s:14:\"transaction_id\";N;}', 'a:0:{}', '8c0PNjhN5J7awltSUIDwD1YQA7jtq9', 'PAYID-L757EQY7RS443183R4862548', 'Sharifur Rahmam', 'dvrobin4@gmail.com', '200', 'paypal', 'complete', '2021-01-11 00:37:50', '2021-01-11 00:38:33'),
(74, 3, 'a:4:{s:20:\"your-expected-salary\";s:7:\"1212532\";s:20:\"your-additional-info\";s:9:\"afdsfadsf\";s:15:\"application_fee\";s:3:\"200\";s:14:\"transaction_id\";N;}', 'a:0:{}', 'qxnQXGjgSa5P0twMaTYJ3qNafDHxbY', '20210111111212800110168998202253845', 'Sharifur Rahmam', 'dvrobin4@gmail.com', '200', 'paytm', 'complete', '2021-01-11 08:15:22', '2021-01-11 08:15:32'),
(75, 3, 'a:4:{s:20:\"your-expected-salary\";s:7:\"1212532\";s:20:\"your-additional-info\";s:8:\"asdfadsf\";s:15:\"application_fee\";s:3:\"200\";s:14:\"transaction_id\";N;}', 'a:0:{}', 'DOz3Y7gba9LXODufhWHdXALna7Bhss', 'txn_1I8WqFEmGOuJLTMsQA0iahjC', 'Sharifur Rahmam', 'dvrobin4@gmail.com', '200', 'stripe', 'complete', '2021-01-11 14:17:51', '2021-01-11 14:18:23');

-- --------------------------------------------------------

--
-- Table structure for table `key_features`
--

CREATE TABLE `key_features` (
  `id` bigint(20) UNSIGNED NOT NULL,
  `title` varchar(191) COLLATE utf8mb4_unicode_ci NOT NULL,
  `icon` varchar(191) COLLATE utf8mb4_unicode_ci NOT NULL,
  `lang` varchar(191) COLLATE utf8mb4_unicode_ci DEFAULT NULL,
  `created_at` timestamp NULL DEFAULT NULL,
  `updated_at` timestamp NULL DEFAULT NULL
) ENGINE=InnoDB DEFAULT CHARSET=utf8mb4 COLLATE=utf8mb4_unicode_ci;

--
-- Dumping data for table `key_features`
--

INSERT INTO `key_features` (`id`, `title`, `icon`, `lang`, `created_at`, `updated_at`) VALUES
(1, 'Provide all kind of it service', 'flaticon-network', 'en', '2020-05-31 08:20:07', '2020-05-31 08:20:07'),
(2, 'Solutions for all security', 'flaticon-safe', 'en', '2020-05-31 10:02:07', '2020-05-31 10:02:07'),
(3, 'Most expert peoples', 'flaticon-group', 'en', '2020-05-31 10:02:35', '2020-05-31 10:02:35'),
(4, 'Global support for all', 'flaticon-translate', 'en', '2020-05-31 10:12:16', '2020-05-31 10:12:16'),
(5, 'Apoyo global para todos', 'flaticon-translate', 'sp', '2020-05-31 10:13:20', '2020-05-31 10:13:20'),
(6, 'الدعم العالمي للجميع', 'flaticon-translate', 'ar', '2020-05-31 10:14:00', '2020-05-31 10:14:00'),
(7, 'Herkes için küresel destek', 'flaticon-translate', 'tur', '2020-05-31 10:14:18', '2020-05-31 10:14:18'),
(8, 'En uzman insanlar', 'flaticon-group', 'tur', '2020-05-31 10:19:02', '2020-05-31 10:19:02'),
(9, 'معظم الشعوب الخبيرة', 'flaticon-group', 'ar', '2020-05-31 10:19:32', '2020-05-31 10:19:32'),
(10, 'Pueblos más expertos', 'flaticon-group', 'sp', '2020-05-31 10:20:03', '2020-05-31 10:20:03'),
(11, 'Soluciones para toda seguridad', 'flaticon-safe', 'sp', '2020-05-31 10:23:29', '2020-05-31 10:23:29'),
(12, 'حلول لجميع الأمن', 'flaticon-safe', 'ar', '2020-05-31 10:23:45', '2020-05-31 10:23:45'),
(13, 'Tüm güvenlik için çözümler', 'flaticon-safe', 'tur', '2020-05-31 10:24:00', '2020-05-31 10:24:00'),
(14, 'Her türlü hizmeti sunun', 'flaticon-network', 'tur', '2020-05-31 10:24:28', '2020-05-31 10:24:28'),
(15, 'تقديم جميع أنواع الخدمات', 'flaticon-network', 'ar', '2020-05-31 10:24:41', '2020-05-31 10:24:41'),
(16, 'Proporcionar todo tipo de servicio', 'flaticon-network', 'sp', '2020-05-31 10:24:54', '2020-05-31 10:24:54');

-- --------------------------------------------------------

--
-- Table structure for table `knowledgebases`
--

CREATE TABLE `knowledgebases` (
  `id` bigint(20) UNSIGNED NOT NULL,
  `title` text COLLATE utf8mb4_unicode_ci NOT NULL,
  `content` longtext COLLATE utf8mb4_unicode_ci DEFAULT NULL,
  `topic_id` varchar(191) COLLATE utf8mb4_unicode_ci DEFAULT NULL,
  `status` varchar(191) COLLATE utf8mb4_unicode_ci DEFAULT NULL,
  `slug` varchar(191) COLLATE utf8mb4_unicode_ci DEFAULT NULL,
  `views` varchar(191) COLLATE utf8mb4_unicode_ci DEFAULT NULL,
  `lang` varchar(191) COLLATE utf8mb4_unicode_ci DEFAULT NULL,
  `meta_description` text COLLATE utf8mb4_unicode_ci DEFAULT NULL,
  `meta_tags` text COLLATE utf8mb4_unicode_ci DEFAULT NULL,
  `created_at` timestamp NULL DEFAULT NULL,
  `updated_at` timestamp NULL DEFAULT NULL
) ENGINE=InnoDB DEFAULT CHARSET=utf8mb4 COLLATE=utf8mb4_unicode_ci;

--
-- Dumping data for table `knowledgebases`
--

INSERT INTO `knowledgebases` (`id`, `title`, `content`, `topic_id`, `status`, `slug`, `views`, `lang`, `meta_description`, `meta_tags`, `created_at`, `updated_at`) VALUES
(1, 'For him precaution any advantages dissimilar comparison', '<p>Paid was hill sir high. For him precaution any advantages dissimilar comparison few terminated projecting. Prevailed discovery immediate objection of ye at. Repair summer one winter living feebly pretty his. In so sense am known these since. Shortly respect ask cousins brought add tedious nay. Expect relied do we genius is. On as around spirit of hearts genius. Is raptures daughter branched laughter peculiar in settling.&nbsp;</p><p><br></p><p>By so delight of showing neither believe he present. Deal sigh up in shew away when. Pursuit express no or prepare replied. Wholly formed old latter future but way she. Day her likewise smallest expenses judgment building man carriage gay. Considered introduced themselves mr to discretion at. Means among saw hopes for. Death mirth in oh learn he equal on.&nbsp;</p><p><br></p><p>Windows talking painted pasture yet its express parties use. Sure last upon he same as knew next. Of believed or diverted no rejoiced. End friendship sufficient assistance can prosperous met. As game he show it park do. Was has unknown few certain ten promise. No finished my an likewise cheerful packages we. For assurance concluded son something depending discourse see led collected. Packages oh no denoting my advanced humoured. Pressed be so thought natural.&nbsp;</p><p><br></p><p>Possession her thoroughly remarkably terminated man continuing. Removed greater to do ability. You shy shall while but wrote marry. Call why sake has sing pure. Gay six set polite nature worthy. So matter be me we wisdom should basket moment merely. Me burst ample wrong which would mr he could. Visit arise my point timed drawn no. Can friendly laughter goodness man him appetite carriage. Any widen see gay forth alone fruit bed.&nbsp;</p><p><br></p><p>Certain but she but shyness why cottage. Gay the put instrument sir entreaties affronting. Pretended exquisite see cordially the you. Weeks quiet do vexed or whose. Motionless if no to affronting imprudence no precaution. My indulged as disposal strongly attended. Parlors men express had private village man. Discovery moonlight recommend all one not. Indulged to answered prospect it bachelor is he bringing shutters. Pronounce forfeited mr direction oh he dashwoods ye unwilling.&nbsp;</p><p><br></p><p>Spot of come to ever hand as lady meet on. Delicate contempt received two yet advanced. Gentleman as belonging he commanded believing dejection in by. On no am winding chicken so behaved. Its preserved sex enjoyment new way behaviour. Him yet devonshire celebrated especially. Unfeeling one provision are smallness resembled repulsive.&nbsp;</p><div><br></div>', '1', 'publish', 'for-him-precaution-any-advantages-dissimilar-comparison', '127', 'en', NULL, NULL, '2020-07-20 03:42:32', '2020-11-16 16:08:03'),
(2, 'Onun için herhangi bir avantaj benzer karşılaştırma önlemi', '<p>Ücretli tepe yüksek oldu. Onun için herhangi bir avantaj benzer olmayan karşılaştırma birkaç projelendirme sonlandırıldı. Hakim keşif anında itiraz. Tamir yaz bir kış yaşayan feebly güzel onun. Bu anlamda o zamandan beri bunlar biliniyor. Kısaca saygı sormak kuzenler sıkıcı getirmek getirdi nay. Biz dahi güvenilen bekliyoruz. Kalplerin dehası ruhu gibi. Tecavüz kızı yerleşmeye özgü dallı kahkaha var.</p><p><br></p><p>Göstermekten büyük mutluluk duyduğuna göre ikisinin de ona inanmayın. Anlaşma ne zaman uzağa çekilir. Takip ekspres hayır veya cevap hazırlayın. Tamamen eski ikinci gelecek kurdu ama o şekilde. Aynı şekilde onun en küçük masraflar karar adam arabası eşcinsel bina. Sayılır kendilerini takdir takdir. İçin testere umutları anlamına gelir. Ölüm neşesi, ah eşit olduğunu öğren.</p><p><br></p><p>Windows konuşurken boyalı mera henüz ekspres partiler kullanır. Tabii sonrakini bildiği gibi devam etti. İnanılan veya yönlendirilen hiçbir sevinç yok. Sonunda dostluk yeterli yardım müreffeh olabilir. Oyun olarak park yaptığını gösteriyor. Oldu az belli on vaat. Hayır bitmiş benim aynı şekilde neşeli paketleri biz. Güvence için oğlu söylemine bağlı bir şey sonuçlanan led topladı. Paketler oh hayır benim gelişmiş mizah ifade. Preslenmiş doğal düşünülüyor.</p><p><br></p><p>Onun tamamen dikkatle feshedilen adam devam ediyor. Yetenek yapmak için daha büyük kaldırıldı. Utangaç olurken evlenir yazdın. Neden uğrunun saf şarkı söylediğini söyle. Eşcinsel altı kibar doğa layık ayarlayın. Öyleyse ben ol, bilgelik sadece sepet anı yapmalıyız. Beni çok yanlış bir şekilde patlattı. Ziyaret ortaya nokta benim zamanlanmış çizilmiş no. Dost kahkaha iyilik adam onu ​​iştah arabası olabilir. Herhangi bir genişleme sadece eşcinsel ileri meyve yatağı görmek.</p><p><br></p><p>Kesinlikle ama o ama utangaç neden yazlık. Eşcinsel the put instrument sir entreaties affronting. Zarif gibi davrandı sizi yürekten. Sessiz haftalar sinirlenmiş ya da kimin. Harekete geçmezse, sahtekârlığa karşı önlem alınmaz. Bertaraf olarak şımarttım şiddetle katıldı. Sağımhanelerdeki erkeklerin özel köy adamı vardı. Keşif ay ışığı herkese tavsiye etmiyor. Bekar cevap beklediğine göre, kepenk getiriyor. Telaffuz unfeited mr direction oh he dashwoods ye unwilling.</p><p><br></p><p>Bayan buluşurken hiç gelmeyen nokta. Hassas saygısızlık henüz iki ileri düzey aldı. Beyefendi ait olduğu gibi, tarafından atılmaya inanmayı emretti. Hayır tavuk öylesine davrandım sarma. Korunmuş seks keyfi yeni yol davranışı. Yine de devonshire özellikle kutladı. Bir hükmün hissedilmemesi küçüklüğe iticidir.</p>', '5', 'publish', 'onun-icin-herhangi-bir-avantaj-benzer-karsilastirma-onlemi', '5', 'tur', NULL, NULL, '2020-07-20 03:44:02', '2020-10-07 14:54:52'),
(3, 'بالنسبة له الاحتياطات أي مزايا مقارنة مماثلة', '<p>المدفوع كان مرتفع التل سيدي. بالنسبة له الاحتياطات أي مزايا مختلفة مقارنة إسقاطات قليلة منتهية. ساد الاكتشاف الاعتراض الفوري على انتم في. إصلاح فصل الصيف يعيش فصل الشتاء بشكل جميل وجميل. بهذا المعنى أنا أعرف هذه منذ ذلك الحين. سرعان ما جلب الاحترام نسأل أبناء العم إضافة ناي مملة. توقع الاعتماد هل نحن عبقرية. حول روح عبقرية القلوب. هي اختلاط ابنة الضحك المتفرعة الغريبة في الاستقرار.</p><p><br></p><p>من خلال بهجة عدم إظهار أي منهما يعتقد أنه يحضر. تنهد صفقة في بعيدا عند. السعي صريحة لا أو إعداد الرد. شكلت المستقبل الأخير القديم بالكامل ولكن الطريقة. يومها بالمثل أصغر نفقات الحكم بناء رجل يحمل مثلي الجنس. يعتبر قدموا أنفسهم السيد لتقدير في. يعني بين رأى الآمال. ولادة الموت في يا تعلم أنه يساوي.</p><p><br></p><p>نوافذ تتحدث عن المراعي المطلية بعد تستخدم أطرافها السريعة. من المؤكد أنه على نفس النحو الذي عرفه بعد ذلك. من صدق أو حولها لم يبتهج. يمكن إنهاء المساعدة الكافية الصداقة مزدهرة. كلعبة أظهرها بارك تفعل. كان مجهول قليل معروف بعشر الوعد. لا انتهيت من حزم البهجة وبالمثل نحن. للحصول على تأكيد اختتم الابن بشيء يعتمد على الخطاب ، انظر أدى جمعها. الحزم يا لا تدل على بلدي الفكاهة المتقدمة. الضغط عليه حتى يعتقد طبيعيا.</p><p><br></p><p>حيازة رجلها المنهي تمامًا بشكل مستمر. إزالة أكبر للقيام بالقدرة. يجب عليك أن تخجل بينما كتبت الزواج. استدعاء لماذا غنى الساكي نقية. ستة مثلي الجنس مجموعة مهذبة تستحق. لذا ، كن لي ، يجب أن تكون الحكمة مجرد لحظة. انفجر لي خطأ كبير الذي من شأنه أن السيد. زيارة تنشأ نقطتي موقوتة لا رسمها. يمكن للضحك الصديق أن يضحك الرجل له شهية النقل. أي توسيع يرى مثلي الجنس فراش فراش وحده.</p><p><br></p><p>أكيد لكنها خجولة ولكن لماذا الكوخ. غاي يا سيدي ادعاءات الصك التوسل. متظاهر رائعة انظر بحرارة لك. هادئا بالأسابيع التي أزعجت أو الذي. بلا حراك إذا كان لا لإهانة التحايل لا احتياطات. حضرت بلدي كما تم التخلص منها بقوة. رجال صالونات تعبير عن رجال القرية الخاصة. لا يوصي ضوء القمر بالاكتشاف. انغمس في الرد على احتمال أنه بكالوريوس في جلب مصاريع. انطق اتجاه السيد المفقود يا داشوودز أنت غير راغب.</p><p><br></p><p>بقعة تأتي من أي وقت مضى حيث تلتقي سيدة. تلقى الازدراء الدقيق اثنين حتى الآن متقدمة. الرجل بصفته ينتمي إلى الإيمان بالإله. على لا دجاج متعرجا هكذا تصرفت. التمتع بالجنس بطريقة جديدة. احتفل به بعد devonshire خاصة. عدم وجود حكم واحد هو صغر يشبه النفور.</p><p><br></p><p>قد صعوبة الانغماس يمكن وضع لحم الخنزير خاصة. جلب تذكر لتزويدها لماذا تم حصره. مبدأ Middleton هل اشترت إضافة إيمانية واسعة النطاق. تكييف الطقس الاستعداد يا يدعو. هؤلاء مخطئون من الذي يبتسم أمامي. فاكهة يا استمتع بها من مائدته. من حين لآخر مزروعة غير سارة لها غير سارة. كما هو الحال ضد بدء المراعي المغطاة. استمتعت بي استقر السيد واحترم لا ارواح مدنيا.</p>', '10', 'publish', 'بالنسب- ل- الاحتياطات-أي مزاي- مقارن- مماثلة', '5', 'ar', NULL, NULL, '2020-07-20 03:45:28', '2020-11-15 04:24:53'),
(4, 'Para él precaución cualquier ventaja comparación diferente', '<p>Pagado era colina señor alto. Para él, la precaución de cualquier ventaja de comparación disímil pocos proyectos terminados. Descubrimiento prevaleciente objeción inmediata de ustedes en. Reparar el verano un invierno viviendo débilmente suya. En ese sentido, los conozco desde entonces. Poco respeto preguntar primos traídos agregar tedioso no. Espero que nos confíe nuestro genio. En cuanto al espíritu de los corazones genio. Es el éxtasis hija ramificada risa peculiar en la solución.</p><p><br></p><p>Por tanto deleite de mostrar ni creer que él presente. Deal suspiro en shew away cuando. Persecución expresa no o preparar respondió. Totalmente formado el último futuro, pero ella también. Día ella también más pequeños gastos juicio construir hombre carro gay. Considerado se presentó a sí mismo a discreción en. Medios entre vio esperanzas para. Muerte alegría en oh aprender él igual en.</p><p><br></p><p>Windows habla de pastos pintados pero sus fiestas expresas lo usan. Seguro que durará lo mismo que sabía a continuación. De creído o desviado no se regocijó. Poner fin a la amistad suficiente asistencia puede prosperar cumplido. Como juego, lo muestra en el parque. Se ha desconocido unos pocos diez prometedores. No terminé mis paquetes también alegres. Para asegurarse de que el hijo concluyó algo que depende del discurso, véase el led recopilado. Paquetes oh no denotando mi estado de ánimo avanzado. Presionado ser tan natural pensado.</p><p><br></p><p>Posesión de su hombre completamente terminado notablemente continua. Eliminado mayor para hacer habilidad. Tímido lo harás mientras escribes casarte. Llama por qué el sake ha cantado puro. Gay seis establece la naturaleza educada digna. Así que, sé yo, la sabiduría debería bastar simplemente en el momento. Me estalló bastante mal, lo que podría hacer el señor. Visita surgen mi punto cronometrado dibujado no. ¿Puede la risa amistosa la bondad del hombre apetito transporte? Cualquier ensanchado ve gay hacia adelante solo cama de frutas.</p><p><br></p><p>Cierto pero ella pero timidez por qué cabaña. Gay el instrumento puesto señor suplica ofendiendo. Fingido exquisito ver cordialmente el tú. Semanas calladas molestas o de quién. Inmóvil si no a la imprudencia ofensiva no hay precaución. Mi consentido como disposición asistió fuertemente. Los salones que expresan los hombres tenían aldeanos privados. Discovery moonlight recomienda todos uno no. Se complació con la perspectiva respondida de que soltero está trayendo persianas. Pronunciar perdido señor dirección oh él se apresura que no está dispuesto.</p><p><br></p><p>Un lugar al que la dama se encuentra. Delicado desprecio recibió dos aún avanzados. Caballero como perteneciente, ordenó creer desánimo en. En no estoy enrollando pollo así se comportó. Su disfrute sexual preservado es una nueva forma de comportamiento. Sin embargo, Devonshire celebró especialmente. Una disposición insensible es la pequeñez parecida repulsiva.</p><p><br></p><p>Puede indulgencia dificultad que el jamón puede poner especialmente. Trayendo recuerdo para suplirle por qué estaba confinada. El principio de Middleton hizo que ella le agregara un gran creyente. El tiempo adaptado se prepara oh está llamando. Estas mal del que sonríe a mi frente. Él fruta oh disfrutar de la mesa de quién. Cultivada de vez en cuando su desagradable desagradable. Al igual que en contra del pasto, comenzó la visualización cubierta. Disfruté de mi asentamiento señor respeto sin espíritus civilmente.</p>', '9', 'publish', 'para-el-precaucion-cualquier-ventaja-comparacion-diferente', '3', 'sp', NULL, NULL, '2020-07-20 03:46:23', '2020-08-12 23:43:27'),
(5, 'Prevailed discovery immediate objection of ye at', '<p>Paid was hill sir high. For him precaution any advantages dissimilar comparison few terminated projecting. Prevailed discovery immediate objection of ye at. Repair summer one winter living feebly pretty his. In so sense am known these since. Shortly respect ask cousins brought add tedious nay. Expect relied do we genius is. On as around spirit of hearts genius. Is raptures daughter branched laughter peculiar in settling.&nbsp;</p><p><br></p><p>By so delight of showing neither believe he present. Deal sigh up in shew away when. Pursuit express no or prepare replied. Wholly formed old latter future but way she. Day her likewise smallest expenses judgment building man carriage gay. Considered introduced themselves mr to discretion at. Means among saw hopes for. Death mirth in oh learn he equal on.&nbsp;</p><p><br></p><p>Windows talking painted pasture yet its express parties use. Sure last upon he same as knew next. Of believed or diverted no rejoiced. End friendship sufficient assistance can prosperous met. As game he show it park do. Was has unknown few certain ten promise. No finished my an likewise cheerful packages we. For assurance concluded son something depending discourse see led collected. Packages oh no denoting my advanced humoured. Pressed be so thought natural.&nbsp;</p><p><br></p><p>Possession her thoroughly remarkably terminated man continuing. Removed greater to do ability. You shy shall while but wrote marry. Call why sake has sing pure. Gay six set polite nature worthy. So matter be me we wisdom should basket moment merely. Me burst ample wrong which would mr he could. Visit arise my point timed drawn no. Can friendly laughter goodness man him appetite carriage. Any widen see gay forth alone fruit bed.&nbsp;</p><p><br></p><p>Certain but she but shyness why cottage. Gay the put instrument sir entreaties affronting. Pretended exquisite see cordially the you. Weeks quiet do vexed or whose. Motionless if no to affronting imprudence no precaution. My indulged as disposal strongly attended. Parlors men express had private village man. Discovery moonlight recommend all one not. Indulged to answered prospect it bachelor is he bringing shutters. Pronounce forfeited mr direction oh he dashwoods ye unwilling.&nbsp;</p><p><br></p><p>Spot of come to ever hand as lady meet on. Delicate contempt received two yet advanced. Gentleman as belonging he commanded believing dejection in by. On no am winding chicken so behaved. Its preserved sex enjoyment new way behaviour. Him yet devonshire celebrated especially. Unfeeling one provision are smallness resembled repulsive.&nbsp;</p><div><br></div>', '1', 'publish', 'prevailed-discovery-immediate-objection-of-ye-at', '64', 'en', NULL, NULL, '2020-07-20 03:47:54', '2020-11-17 02:12:24'),
(6, 'Repair summer one winter living feebly pretty his', '<p>Paid was hill sir high. For him precaution any advantages dissimilar comparison few terminated projecting. Prevailed discovery immediate objection of ye at. Repair summer one winter living feebly pretty his. In so sense am known these since. Shortly respect ask cousins brought add tedious nay. Expect relied do we genius is. On as around spirit of hearts genius. Is raptures daughter branched laughter peculiar in settling.&nbsp;</p><p><br></p><p>By so delight of showing neither believe he present. Deal sigh up in shew away when. Pursuit express no or prepare replied. Wholly formed old latter future but way she. Day her likewise smallest expenses judgment building man carriage gay. Considered introduced themselves mr to discretion at. Means among saw hopes for. Death mirth in oh learn he equal on.&nbsp;</p><p><br></p><p>Windows talking painted pasture yet its express parties use. Sure last upon he same as knew next. Of believed or diverted no rejoiced. End friendship sufficient assistance can prosperous met. As game he show it park do. Was has unknown few certain ten promise. No finished my an likewise cheerful packages we. For assurance concluded son something depending discourse see led collected. Packages oh no denoting my advanced humoured. Pressed be so thought natural.&nbsp;</p><p><br></p><p>Possession her thoroughly remarkably terminated man continuing. Removed greater to do ability. You shy shall while but wrote marry. Call why sake has sing pure. Gay six set polite nature worthy. So matter be me we wisdom should basket moment merely. Me burst ample wrong which would mr he could. Visit arise my point timed drawn no. Can friendly laughter goodness man him appetite carriage. Any widen see gay forth alone fruit bed.&nbsp;</p><p><br></p><p>Certain but she but shyness why cottage. Gay the put instrument sir entreaties affronting. Pretended exquisite see cordially the you. Weeks quiet do vexed or whose. Motionless if no to affronting imprudence no precaution. My indulged as disposal strongly attended. Parlors men express had private village man. Discovery moonlight recommend all one not. Indulged to answered prospect it bachelor is he bringing shutters. Pronounce forfeited mr direction oh he dashwoods ye unwilling.&nbsp;</p><p><br></p><p>Spot of come to ever hand as lady meet on. Delicate contempt received two yet advanced. Gentleman as belonging he commanded believing dejection in by. On no am winding chicken so behaved. Its preserved sex enjoyment new way behaviour. Him yet devonshire celebrated especially. Unfeeling one provision are smallness resembled repulsive.&nbsp;</p><div><br></div>', '2', 'publish', 'repair-summer-one-winter-living-feebly-pretty-his', '125', 'en', NULL, NULL, '2020-07-20 03:52:43', '2020-11-16 15:36:04'),
(7, 'Was has unknown few certain ten promise', '<p>Paid was hill sir high. For him precaution any advantages dissimilar comparison few terminated projecting. Prevailed discovery immediate objection of ye at. Repair summer one winter living feebly pretty his. In so sense am known these since. Shortly respect ask cousins brought add tedious nay. Expect relied do we genius is. On as around spirit of hearts genius. Is raptures daughter branched laughter peculiar in settling.&nbsp;</p><p><br></p><p>By so delight of showing neither believe he present. Deal sigh up in shew away when. Pursuit express no or prepare replied. Wholly formed old latter future but way she. Day her likewise smallest expenses judgment building man carriage gay. Considered introduced themselves mr to discretion at. Means among saw hopes for. Death mirth in oh learn he equal on.&nbsp;</p><p><br></p><p>Windows talking painted pasture yet its express parties use. Sure last upon he same as knew next. Of believed or diverted no rejoiced. End friendship sufficient assistance can prosperous met. As game he show it park do. Was has unknown few certain ten promise. No finished my an likewise cheerful packages we. For assurance concluded son something depending discourse see led collected. Packages oh no denoting my advanced humoured. Pressed be so thought natural.&nbsp;</p><p><br></p><p>Possession her thoroughly remarkably terminated man continuing. Removed greater to do ability. You shy shall while but wrote marry. Call why sake has sing pure. Gay six set polite nature worthy. So matter be me we wisdom should basket moment merely. Me burst ample wrong which would mr he could. Visit arise my point timed drawn no. Can friendly laughter goodness man him appetite carriage. Any widen see gay forth alone fruit bed.&nbsp;</p><p><br></p><p>Certain but she but shyness why cottage. Gay the put instrument sir entreaties affronting. Pretended exquisite see cordially the you. Weeks quiet do vexed or whose. Motionless if no to affronting imprudence no precaution. My indulged as disposal strongly attended. Parlors men express had private village man. Discovery moonlight recommend all one not. Indulged to answered prospect it bachelor is he bringing shutters. Pronounce forfeited mr direction oh he dashwoods ye unwilling.&nbsp;</p><p><br></p><p>Spot of come to ever hand as lady meet on. Delicate contempt received two yet advanced. Gentleman as belonging he commanded believing dejection in by. On no am winding chicken so behaved. Its preserved sex enjoyment new way behaviour. Him yet devonshire celebrated especially. Unfeeling one provision are smallness resembled repulsive.&nbsp;</p><div><br></div>', '3', 'publish', 'was-has-unknown-few-certain-ten-promise', '68', 'en', NULL, NULL, '2020-07-20 03:52:46', '2020-11-17 02:11:53'),
(8, 'Shortly respect ask cousins brought add tedious nay', '<p>Paid was hill sir high. For him precaution any advantages dissimilar comparison few terminated projecting. Prevailed discovery immediate objection of ye at. Repair summer one winter living feebly pretty his. In so sense am known these since. Shortly respect ask cousins brought add tedious nay. Expect relied do we genius is. On as around spirit of hearts genius. Is raptures daughter branched laughter peculiar in settling.&nbsp;</p><p><br></p><p>By so delight of showing neither believe he present. Deal sigh up in shew away when. Pursuit express no or prepare replied. Wholly formed old latter future but way she. Day her likewise smallest expenses judgment building man carriage gay. Considered introduced themselves mr to discretion at. Means among saw hopes for. Death mirth in oh learn he equal on.&nbsp;</p><p><br></p><p>Windows talking painted pasture yet its express parties use. Sure last upon he same as knew next. Of believed or diverted no rejoiced. End friendship sufficient assistance can prosperous met. As game he show it park do. Was has unknown few certain ten promise. No finished my an likewise cheerful packages we. For assurance concluded son something depending discourse see led collected. Packages oh no denoting my advanced humoured. Pressed be so thought natural.&nbsp;</p><p><br></p><p>Possession her thoroughly remarkably terminated man continuing. Removed greater to do ability. You shy shall while but wrote marry. Call why sake has sing pure. Gay six set polite nature worthy. So matter be me we wisdom should basket moment merely. Me burst ample wrong which would mr he could. Visit arise my point timed drawn no. Can friendly laughter goodness man him appetite carriage. Any widen see gay forth alone fruit bed.&nbsp;</p><p><br></p><p>Certain but she but shyness why cottage. Gay the put instrument sir entreaties affronting. Pretended exquisite see cordially the you. Weeks quiet do vexed or whose. Motionless if no to affronting imprudence no precaution. My indulged as disposal strongly attended. Parlors men express had private village man. Discovery moonlight recommend all one not. Indulged to answered prospect it bachelor is he bringing shutters. Pronounce forfeited mr direction oh he dashwoods ye unwilling.&nbsp;</p><p><br></p><p>Spot of come to ever hand as lady meet on. Delicate contempt received two yet advanced. Gentleman as belonging he commanded believing dejection in by. On no am winding chicken so behaved. Its preserved sex enjoyment new way behaviour. Him yet devonshire celebrated especially. Unfeeling one provision are smallness resembled repulsive.&nbsp;</p><div><br></div>', '2', 'publish', 'shortly-respect-ask-cousins-brought-add-tedious-nay', '71', 'en', NULL, NULL, '2020-07-20 03:52:49', '2020-11-17 02:12:01'),
(9, 'On as around spirit of hearts genius', '<p>Paid was hill sir high. For him precaution any advantages dissimilar comparison few terminated projecting. Prevailed discovery immediate objection of ye at. Repair summer one winter living feebly pretty his. In so sense am known these since. Shortly respect ask cousins brought add tedious nay. Expect relied do we genius is. On as around spirit of hearts genius. Is raptures daughter branched laughter peculiar in settling.&nbsp;</p><p><br></p><p>By so delight of showing neither believe he present. Deal sigh up in shew away when. Pursuit express no or prepare replied. Wholly formed old latter future but way she. Day her likewise smallest expenses judgment building man carriage gay. Considered introduced themselves mr to discretion at. Means among saw hopes for. Death mirth in oh learn he equal on.&nbsp;</p><p><br></p><p>Windows talking painted pasture yet its express parties use. Sure last upon he same as knew next. Of believed or diverted no rejoiced. End friendship sufficient assistance can prosperous met. As game he show it park do. Was has unknown few certain ten promise. No finished my an likewise cheerful packages we. For assurance concluded son something depending discourse see led collected. Packages oh no denoting my advanced humoured. Pressed be so thought natural.&nbsp;</p><p><br></p><p>Possession her thoroughly remarkably terminated man continuing. Removed greater to do ability. You shy shall while but wrote marry. Call why sake has sing pure. Gay six set polite nature worthy. So matter be me we wisdom should basket moment merely. Me burst ample wrong which would mr he could. Visit arise my point timed drawn no. Can friendly laughter goodness man him appetite carriage. Any widen see gay forth alone fruit bed.&nbsp;</p><p><br></p><p>Certain but she but shyness why cottage. Gay the put instrument sir entreaties affronting. Pretended exquisite see cordially the you. Weeks quiet do vexed or whose. Motionless if no to affronting imprudence no precaution. My indulged as disposal strongly attended. Parlors men express had private village man. Discovery moonlight recommend all one not. Indulged to answered prospect it bachelor is he bringing shutters. Pronounce forfeited mr direction oh he dashwoods ye unwilling.&nbsp;</p><p><br></p><p>Spot of come to ever hand as lady meet on. Delicate contempt received two yet advanced. Gentleman as belonging he commanded believing dejection in by. On no am winding chicken so behaved. Its preserved sex enjoyment new way behaviour. Him yet devonshire celebrated especially. Unfeeling one provision are smallness resembled repulsive.&nbsp;</p><div><br></div>', '3', 'publish', 'on-as-around-spirit-of-hearts-genius', '43', 'en', NULL, NULL, '2020-07-20 03:52:52', '2020-11-17 02:11:58'),
(10, 'By so delight of showing neither believe he present', '<p><iframe frameborder=\"0\" src=\"//www.youtube.com/embed/k26DOtwPN7s\" width=\"640\" height=\"360\" class=\"note-video-clip\"></iframe></p><p><br></p><p>Paid was hill sir high. For him precaution any advantages dissimilar comparison few terminated projecting. Prevailed discovery immediate objection of ye at. Repair summer one winter living feebly pretty his. In so sense am known these since. Shortly respect ask cousins brought add tedious nay. Expect relied do we genius is. On as around spirit of hearts genius. Is raptures daughter branched laughter peculiar in settling.&nbsp;</p><p><br></p><p>By so delight of showing neither believe he present. Deal sigh up in shew away when. Pursuit express no or prepare replied. Wholly formed old latter future but way she. Day her likewise smallest expenses judgment building man carriage gay. Considered introduced themselves mr to discretion at. Means among saw hopes for. Death mirth in oh learn he equal on.&nbsp;</p><p><br></p><p>Windows talking painted pasture yet its express parties use. Sure last upon he same as knew next. Of believed or diverted no rejoiced. End friendship sufficient assistance can prosperous met. As game he show it park do. Was has unknown few certain ten promise. No finished my an likewise cheerful packages we. For assurance concluded son something depending discourse see led collected. Packages oh no denoting my advanced humoured. Pressed be so thought natural.&nbsp;</p><p><br></p><p>Possession her thoroughly remarkably terminated man continuing. Removed greater to do ability. You shy shall while but wrote marry. Call why sake has sing pure. Gay six set polite nature worthy. So matter be me we wisdom should basket moment merely. Me burst ample wrong which would mr he could. Visit arise my point timed drawn no. Can friendly laughter goodness man him appetite carriage. Any widen see gay forth alone fruit bed.&nbsp;</p><p><br></p><p>Certain but she but shyness why cottage. Gay the put instrument sir entreaties affronting. Pretended exquisite see cordially the you. Weeks quiet do vexed or whose. Motionless if no to affronting imprudence no precaution. My indulged as disposal strongly attended. Parlors men express had private village man. Discovery moonlight recommend all one not. Indulged to answered prospect it bachelor is he bringing shutters. Pronounce forfeited mr direction oh he dashwoods ye unwilling.&nbsp;</p><p><br></p><p>Spot of come to ever hand as lady meet on. Delicate contempt received two yet advanced. Gentleman as belonging he commanded believing dejection in by. On no am winding chicken so behaved. Its preserved sex enjoyment new way behaviour. Him yet devonshire celebrated especially. Unfeeling one provision are smallness resembled repulsive.&nbsp;</p><div><br></div>', '4', 'publish', 'by-so-delight-of-showing-neither-believe-he-present', '69', 'en', NULL, NULL, '2020-07-20 03:52:55', '2020-11-17 02:11:46'),
(11, 'Delicate contempt received two yet advanced', '<p><img src=\"http://localhost:8888/nexelit/assets/uploads/media-uploader/151590862780.jpg\" style=\"width: 1162px;\"></p><p><br></p><p>Paid was hill sir high. For him precaution any advantages dissimilar comparison few terminated projecting. Prevailed discovery immediate objection of ye at. Repair summer one winter living feebly pretty his. In so sense am known these since. Shortly respect ask cousins brought add tedious nay. Expect relied do we genius is. On as around spirit of hearts genius. Is raptures daughter branched laughter peculiar in settling.&nbsp;</p><p><br></p><p>By so delight of showing neither believe he present. Deal sigh up in shew away when. Pursuit express no or prepare replied. Wholly formed old latter future but way she. Day her likewise smallest expenses judgment building man carriage gay. Considered introduced themselves mr to discretion at. Means among saw hopes for. Death mirth in oh learn he equal on.&nbsp;</p><p><br></p><p>Windows talking painted pasture yet its express parties use. Sure last upon he same as knew next. Of believed or diverted no rejoiced. End friendship sufficient assistance can prosperous met. As game he show it park do. Was has unknown few certain ten promise. No finished my an likewise cheerful packages we. For assurance concluded son something depending discourse see led collected. Packages oh no denoting my advanced humoured. Pressed be so thought natural.&nbsp;</p><p><br></p><p>Possession her thoroughly remarkably terminated man continuing. Removed greater to do ability. You shy shall while but wrote marry. Call why sake has sing pure. Gay six set polite nature worthy. So matter be me we wisdom should basket moment merely. Me burst ample wrong which would mr he could. Visit arise my point timed drawn no. Can friendly laughter goodness man him appetite carriage. Any widen see gay forth alone fruit bed.&nbsp;</p><p><br></p><p>Certain but she but shyness why cottage. Gay the put instrument sir entreaties affronting. Pretended exquisite see cordially the you. Weeks quiet do vexed or whose. Motionless if no to affronting imprudence no precaution. My indulged as disposal strongly attended. Parlors men express had private village man. Discovery moonlight recommend all one not. Indulged to answered prospect it bachelor is he bringing shutters. Pronounce forfeited mr direction oh he dashwoods ye unwilling.&nbsp;</p><p><br></p><p>Spot of come to ever hand as lady meet on. Delicate contempt received two yet advanced. Gentleman as belonging he commanded believing dejection in by. On no am winding chicken so behaved. Its preserved sex enjoyment new way behaviour. Him yet devonshire celebrated especially. Unfeeling one provision are smallness resembled repulsive.&nbsp;</p><div><br></div>', '4', 'publish', 'delicate-contempt-received-two-yet-advanced', '96', 'en', NULL, NULL, '2020-07-20 03:53:02', '2020-11-17 02:11:55'),
(12, 'Windows konuşurken boyalı mera henüz', '<p>Ücretli tepe yüksek oldu. Onun için herhangi bir avantaj benzer olmayan karşılaştırma birkaç projelendirme sonlandırıldı. Hakim keşif anında itiraz. Tamir yaz bir kış yaşayan feebly güzel onun. Bu anlamda o zamandan beri bunlar biliniyor. Kısaca saygı sormak kuzenler sıkıcı getirmek getirdi nay. Biz dahi güvenilen bekliyoruz. Kalplerin dehası ruhu gibi. Tecavüz kızı yerleşmeye özgü dallı kahkaha var.</p><p><br></p><p>Göstermekten büyük mutluluk duyduğuna göre ikisinin de ona inanmayın. Anlaşma ne zaman uzağa çekilir. Takip ekspres hayır veya cevap hazırlayın. Tamamen eski ikinci gelecek kurdu ama o şekilde. Aynı şekilde onun en küçük masraflar karar adam arabası eşcinsel bina. Sayılır kendilerini takdir takdir. İçin testere umutları anlamına gelir. Ölüm neşesi, ah eşit olduğunu öğren.</p><p><br></p><p>Windows konuşurken boyalı mera henüz ekspres partiler kullanır. Tabii sonrakini bildiği gibi devam etti. İnanılan veya yönlendirilen hiçbir sevinç yok. Sonunda dostluk yeterli yardım müreffeh olabilir. Oyun olarak park yaptığını gösteriyor. Oldu az belli on vaat. Hayır bitmiş benim aynı şekilde neşeli paketleri biz. Güvence için oğlu söylemine bağlı bir şey sonuçlanan led topladı. Paketler oh hayır benim gelişmiş mizah ifade. Preslenmiş doğal düşünülüyor.</p><p><br></p><p>Onun tamamen dikkatle feshedilen adam devam ediyor. Yetenek yapmak için daha büyük kaldırıldı. Utangaç olurken evlenir yazdın. Neden uğrunun saf şarkı söylediğini söyle. Eşcinsel altı kibar doğa layık ayarlayın. Öyleyse ben ol, bilgelik sadece sepet anı yapmalıyız. Beni çok yanlış bir şekilde patlattı. Ziyaret ortaya nokta benim zamanlanmış çizilmiş no. Dost kahkaha iyilik adam onu ​​iştah arabası olabilir. Herhangi bir genişleme sadece eşcinsel ileri meyve yatağı görmek.</p><p><br></p><p>Kesinlikle ama o ama utangaç neden yazlık. Eşcinsel the put instrument sir entreaties affronting. Zarif gibi davrandı sizi yürekten. Sessiz haftalar sinirlenmiş ya da kimin. Harekete geçmezse, sahtekârlığa karşı önlem alınmaz. Bertaraf olarak şımarttım şiddetle katıldı. Sağımhanelerdeki erkeklerin özel köy adamı vardı. Keşif ay ışığı herkese tavsiye etmiyor. Bekar cevap beklediğine göre, kepenk getiriyor. Telaffuz unfeited mr direction oh he dashwoods ye unwilling.</p><p><br></p><p>Bayan buluşurken hiç gelmeyen nokta. Hassas saygısızlık henüz iki ileri düzey aldı. Beyefendi ait olduğu gibi, tarafından atılmaya inanmayı emretti. Hayır tavuk öylesine davrandım sarma. Korunmuş seks keyfi yeni yol davranışı. Yine de devonshire özellikle kutladı. Bir hükmün hissedilmemesi küçüklüğe iticidir.</p>', '5', 'publish', 'windows-konusurken-boyali-mera-henuz', '3', 'tur', NULL, NULL, '2020-07-20 04:05:53', '2020-09-15 03:46:47'),
(13, 'Tamir yaz bir kış yaşayan feebly güzel onun', '<p>Ücretli tepe yüksek oldu. Onun için herhangi bir avantaj benzer olmayan karşılaştırma birkaç projelendirme sonlandırıldı. Hakim keşif anında itiraz. Tamir yaz bir kış yaşayan feebly güzel onun. Bu anlamda o zamandan beri bunlar biliniyor. Kısaca saygı sormak kuzenler sıkıcı getirmek getirdi nay. Biz dahi güvenilen bekliyoruz. Kalplerin dehası ruhu gibi. Tecavüz kızı yerleşmeye özgü dallı kahkaha var.</p><p><br></p><p>Göstermekten büyük mutluluk duyduğuna göre ikisinin de ona inanmayın. Anlaşma ne zaman uzağa çekilir. Takip ekspres hayır veya cevap hazırlayın. Tamamen eski ikinci gelecek kurdu ama o şekilde. Aynı şekilde onun en küçük masraflar karar adam arabası eşcinsel bina. Sayılır kendilerini takdir takdir. İçin testere umutları anlamına gelir. Ölüm neşesi, ah eşit olduğunu öğren.</p><p><br></p><p>Windows konuşurken boyalı mera henüz ekspres partiler kullanır. Tabii sonrakini bildiği gibi devam etti. İnanılan veya yönlendirilen hiçbir sevinç yok. Sonunda dostluk yeterli yardım müreffeh olabilir. Oyun olarak park yaptığını gösteriyor. Oldu az belli on vaat. Hayır bitmiş benim aynı şekilde neşeli paketleri biz. Güvence için oğlu söylemine bağlı bir şey sonuçlanan led topladı. Paketler oh hayır benim gelişmiş mizah ifade. Preslenmiş doğal düşünülüyor.</p><p><br></p><p>Onun tamamen dikkatle feshedilen adam devam ediyor. Yetenek yapmak için daha büyük kaldırıldı. Utangaç olurken evlenir yazdın. Neden uğrunun saf şarkı söylediğini söyle. Eşcinsel altı kibar doğa layık ayarlayın. Öyleyse ben ol, bilgelik sadece sepet anı yapmalıyız. Beni çok yanlış bir şekilde patlattı. Ziyaret ortaya nokta benim zamanlanmış çizilmiş no. Dost kahkaha iyilik adam onu ​​iştah arabası olabilir. Herhangi bir genişleme sadece eşcinsel ileri meyve yatağı görmek.</p><p><br></p><p>Kesinlikle ama o ama utangaç neden yazlık. Eşcinsel the put instrument sir entreaties affronting. Zarif gibi davrandı sizi yürekten. Sessiz haftalar sinirlenmiş ya da kimin. Harekete geçmezse, sahtekârlığa karşı önlem alınmaz. Bertaraf olarak şımarttım şiddetle katıldı. Sağımhanelerdeki erkeklerin özel köy adamı vardı. Keşif ay ışığı herkese tavsiye etmiyor. Bekar cevap beklediğine göre, kepenk getiriyor. Telaffuz unfeited mr direction oh he dashwoods ye unwilling.</p><p><br></p><p>Bayan buluşurken hiç gelmeyen nokta. Hassas saygısızlık henüz iki ileri düzey aldı. Beyefendi ait olduğu gibi, tarafından atılmaya inanmayı emretti. Hayır tavuk öylesine davrandım sarma. Korunmuş seks keyfi yeni yol davranışı. Yine de devonshire özellikle kutladı. Bir hükmün hissedilmemesi küçüklüğe iticidir.</p>', '7', 'publish', 'tamir-yaz-bir-kis-yasayan-feebly-guzel-onun', '3', 'tur', NULL, NULL, '2020-07-20 04:05:58', '2020-10-03 12:54:30'),
(14, 'Hayır bitmiş benim aynı şekilde neşeli paketleri biz', '<p>Ücretli tepe yüksek oldu. Onun için herhangi bir avantaj benzer olmayan karşılaştırma birkaç projelendirme sonlandırıldı. Hakim keşif anında itiraz. Tamir yaz bir kış yaşayan feebly güzel onun. Bu anlamda o zamandan beri bunlar biliniyor. Kısaca saygı sormak kuzenler sıkıcı getirmek getirdi nay. Biz dahi güvenilen bekliyoruz. Kalplerin dehası ruhu gibi. Tecavüz kızı yerleşmeye özgü dallı kahkaha var.</p><p><br></p><p>Göstermekten büyük mutluluk duyduğuna göre ikisinin de ona inanmayın. Anlaşma ne zaman uzağa çekilir. Takip ekspres hayır veya cevap hazırlayın. Tamamen eski ikinci gelecek kurdu ama o şekilde. Aynı şekilde onun en küçük masraflar karar adam arabası eşcinsel bina. Sayılır kendilerini takdir takdir. İçin testere umutları anlamına gelir. Ölüm neşesi, ah eşit olduğunu öğren.</p><p><br></p><p>Windows konuşurken boyalı mera henüz ekspres partiler kullanır. Tabii sonrakini bildiği gibi devam etti. İnanılan veya yönlendirilen hiçbir sevinç yok. Sonunda dostluk yeterli yardım müreffeh olabilir. Oyun olarak park yaptığını gösteriyor. Oldu az belli on vaat. Hayır bitmiş benim aynı şekilde neşeli paketleri biz. Güvence için oğlu söylemine bağlı bir şey sonuçlanan led topladı. Paketler oh hayır benim gelişmiş mizah ifade. Preslenmiş doğal düşünülüyor.</p><p><br></p><p>Onun tamamen dikkatle feshedilen adam devam ediyor. Yetenek yapmak için daha büyük kaldırıldı. Utangaç olurken evlenir yazdın. Neden uğrunun saf şarkı söylediğini söyle. Eşcinsel altı kibar doğa layık ayarlayın. Öyleyse ben ol, bilgelik sadece sepet anı yapmalıyız. Beni çok yanlış bir şekilde patlattı. Ziyaret ortaya nokta benim zamanlanmış çizilmiş no. Dost kahkaha iyilik adam onu ​​iştah arabası olabilir. Herhangi bir genişleme sadece eşcinsel ileri meyve yatağı görmek.</p><p><br></p><p>Kesinlikle ama o ama utangaç neden yazlık. Eşcinsel the put instrument sir entreaties affronting. Zarif gibi davrandı sizi yürekten. Sessiz haftalar sinirlenmiş ya da kimin. Harekete geçmezse, sahtekârlığa karşı önlem alınmaz. Bertaraf olarak şımarttım şiddetle katıldı. Sağımhanelerdeki erkeklerin özel köy adamı vardı. Keşif ay ışığı herkese tavsiye etmiyor. Bekar cevap beklediğine göre, kepenk getiriyor. Telaffuz unfeited mr direction oh he dashwoods ye unwilling.</p><p><br></p><p>Bayan buluşurken hiç gelmeyen nokta. Hassas saygısızlık henüz iki ileri düzey aldı. Beyefendi ait olduğu gibi, tarafından atılmaya inanmayı emretti. Hayır tavuk öylesine davrandım sarma. Korunmuş seks keyfi yeni yol davranışı. Yine de devonshire özellikle kutladı. Bir hükmün hissedilmemesi küçüklüğe iticidir.</p>', '8', 'publish', 'hayir-bitmis-benim-ayni-sekilde-neseli-paketleri-biz', '4', 'tur', NULL, NULL, '2020-07-20 04:06:03', '2020-10-06 15:28:35'),
(15, 'إصلاح فصل الصيف يعيش فصل الشتاء الجميل له', '<p>المدفوع كان مرتفع التل سيدي. بالنسبة له الاحتياطات أي مزايا مختلفة مقارنة إسقاطات قليلة منتهية. ساد الاكتشاف الاعتراض الفوري على انتم في. إصلاح فصل الصيف يعيش فصل الشتاء بشكل جميل وجميل. بهذا المعنى أنا أعرف هذه منذ ذلك الحين. سرعان ما جلب الاحترام نسأل أبناء العم إضافة ناي مملة. توقع الاعتماد هل نحن عبقرية. حول روح عبقرية القلوب. هي اختلاط ابنة الضحك المتفرعة الغريبة في الاستقرار.</p><p><br></p><p>من خلال بهجة عدم إظهار أي منهما يعتقد أنه يحضر. تنهد صفقة في بعيدا عند. السعي صريحة لا أو إعداد الرد. شكلت المستقبل الأخير القديم بالكامل ولكن الطريقة. يومها بالمثل أصغر نفقات الحكم بناء رجل يحمل مثلي الجنس. يعتبر قدموا أنفسهم السيد لتقدير في. يعني بين رأى الآمال. ولادة الموت في يا تعلم أنه يساوي.</p><p><br></p><p>نوافذ تتحدث عن المراعي المطلية بعد تستخدم أطرافها السريعة. من المؤكد أنه على نفس النحو الذي عرفه بعد ذلك. من صدق أو حولها لم يبتهج. يمكن إنهاء المساعدة الكافية الصداقة مزدهرة. كلعبة أظهرها بارك تفعل. كان مجهول قليل معروف بعشر الوعد. لا انتهيت من حزم البهجة وبالمثل نحن. للحصول على تأكيد اختتم الابن بشيء يعتمد على الخطاب ، انظر أدى جمعها. الحزم يا لا تدل على بلدي الفكاهة المتقدمة. الضغط عليه حتى يعتقد طبيعيا.</p><p><br></p><p>حيازة رجلها المنهي تمامًا بشكل مستمر. إزالة أكبر للقيام بالقدرة. يجب عليك أن تخجل بينما كتبت الزواج. استدعاء لماذا غنى الساكي نقية. ستة مثلي الجنس مجموعة مهذبة تستحق. لذا ، كن لي ، يجب أن تكون الحكمة مجرد لحظة. انفجر لي خطأ كبير الذي من شأنه أن السيد. زيارة تنشأ نقطتي موقوتة لا رسمها. يمكن للضحك الصديق أن يضحك الرجل له شهية النقل. أي توسيع يرى مثلي الجنس فراش فراش وحده.</p><p><br></p><p>أكيد لكنها خجولة ولكن لماذا الكوخ. غاي يا سيدي ادعاءات الصك التوسل. متظاهر رائعة انظر بحرارة لك. هادئا بالأسابيع التي أزعجت أو الذي. بلا حراك إذا كان لا لإهانة التحايل لا احتياطات. حضرت بلدي كما تم التخلص منها بقوة. رجال صالونات تعبير عن رجال القرية الخاصة. لا يوصي ضوء القمر بالاكتشاف. انغمس في الرد على احتمال أنه بكالوريوس في جلب مصاريع. انطق اتجاه السيد المفقود يا داشوودز أنت غير راغب.</p><p><br></p><p>بقعة تأتي من أي وقت مضى حيث تلتقي سيدة. تلقى الازدراء الدقيق اثنين حتى الآن متقدمة. الرجل بصفته ينتمي إلى الإيمان بالإله. على لا دجاج متعرجا هكذا تصرفت. التمتع بالجنس بطريقة جديدة. احتفل به بعد devonshire خاصة. عدم وجود حكم واحد هو صغر يشبه النفور.</p><p><br></p><p>قد صعوبة الانغماس يمكن وضع لحم الخنزير خاصة. جلب تذكر لتزويدها لماذا تم حصره. مبدأ Middleton هل اشترت إضافة إيمانية واسعة النطاق. تكييف الطقس الاستعداد يا يدعو. هؤلاء مخطئون من الذي يبتسم أمامي. فاكهة يا استمتع بها من مائدته. من حين لآخر مزروعة غير سارة لها غير سارة. كما هو الحال ضد بدء المراعي المغطاة. استمتعت بي استقر السيد واحترم لا ارواح مدنيا.</p>', '10', 'publish', 'aslah-fsl-alsyf-yaaysh-fsl-alshtaaa-algmyl-lh', NULL, 'ar', NULL, NULL, '2020-07-20 04:09:43', '2020-07-20 04:44:55'),
(16, 'n بمعنى أنني أعرف هذه منذ ذلك الحين', '<p>المدفوع كان مرتفع التل سيدي. بالنسبة له الاحتياطات أي مزايا مختلفة مقارنة إسقاطات قليلة منتهية. ساد الاكتشاف الاعتراض الفوري على انتم في. إصلاح فصل الصيف يعيش فصل الشتاء بشكل جميل وجميل. بهذا المعنى أنا أعرف هذه منذ ذلك الحين. سرعان ما جلب الاحترام نسأل أبناء العم إضافة ناي مملة. توقع الاعتماد هل نحن عبقرية. حول روح عبقرية القلوب. هي اختلاط ابنة الضحك المتفرعة الغريبة في الاستقرار.</p><p><br></p><p>من خلال بهجة عدم إظهار أي منهما يعتقد أنه يحضر. تنهد صفقة في بعيدا عند. السعي صريحة لا أو إعداد الرد. شكلت المستقبل الأخير القديم بالكامل ولكن الطريقة. يومها بالمثل أصغر نفقات الحكم بناء رجل يحمل مثلي الجنس. يعتبر قدموا أنفسهم السيد لتقدير في. يعني بين رأى الآمال. ولادة الموت في يا تعلم أنه يساوي.</p><p><br></p><p>نوافذ تتحدث عن المراعي المطلية بعد تستخدم أطرافها السريعة. من المؤكد أنه على نفس النحو الذي عرفه بعد ذلك. من صدق أو حولها لم يبتهج. يمكن إنهاء المساعدة الكافية الصداقة مزدهرة. كلعبة أظهرها بارك تفعل. كان مجهول قليل معروف بعشر الوعد. لا انتهيت من حزم البهجة وبالمثل نحن. للحصول على تأكيد اختتم الابن بشيء يعتمد على الخطاب ، انظر أدى جمعها. الحزم يا لا تدل على بلدي الفكاهة المتقدمة. الضغط عليه حتى يعتقد طبيعيا.</p><p><br></p><p>حيازة رجلها المنهي تمامًا بشكل مستمر. إزالة أكبر للقيام بالقدرة. يجب عليك أن تخجل بينما كتبت الزواج. استدعاء لماذا غنى الساكي نقية. ستة مثلي الجنس مجموعة مهذبة تستحق. لذا ، كن لي ، يجب أن تكون الحكمة مجرد لحظة. انفجر لي خطأ كبير الذي من شأنه أن السيد. زيارة تنشأ نقطتي موقوتة لا رسمها. يمكن للضحك الصديق أن يضحك الرجل له شهية النقل. أي توسيع يرى مثلي الجنس فراش فراش وحده.</p><p><br></p><p>أكيد لكنها خجولة ولكن لماذا الكوخ. غاي يا سيدي ادعاءات الصك التوسل. متظاهر رائعة انظر بحرارة لك. هادئا بالأسابيع التي أزعجت أو الذي. بلا حراك إذا كان لا لإهانة التحايل لا احتياطات. حضرت بلدي كما تم التخلص منها بقوة. رجال صالونات تعبير عن رجال القرية الخاصة. لا يوصي ضوء القمر بالاكتشاف. انغمس في الرد على احتمال أنه بكالوريوس في جلب مصاريع. انطق اتجاه السيد المفقود يا داشوودز أنت غير راغب.</p><p><br></p><p>بقعة تأتي من أي وقت مضى حيث تلتقي سيدة. تلقى الازدراء الدقيق اثنين حتى الآن متقدمة. الرجل بصفته ينتمي إلى الإيمان بالإله. على لا دجاج متعرجا هكذا تصرفت. التمتع بالجنس بطريقة جديدة. احتفل به بعد devonshire خاصة. عدم وجود حكم واحد هو صغر يشبه النفور.</p><p><br></p><p>قد صعوبة الانغماس يمكن وضع لحم الخنزير خاصة. جلب تذكر لتزويدها لماذا تم حصره. مبدأ Middleton هل اشترت إضافة إيمانية واسعة النطاق. تكييف الطقس الاستعداد يا يدعو. هؤلاء مخطئون من الذي يبتسم أمامي. فاكهة يا استمتع بها من مائدته. من حين لآخر مزروعة غير سارة لها غير سارة. كما هو الحال ضد بدء المراعي المغطاة. استمتعت بي استقر السيد واحترم لا ارواح مدنيا.</p>', '11', 'publish', 'n-bmaan-anny-aaarf-hthh-mnth-thlk-alhyn', '1', 'ar', NULL, NULL, '2020-07-20 04:11:14', '2020-07-28 02:32:21'),
(17, 'سرعان ما جلب الاحترام نسأل أبناء العم إضافة ناي مملة', '<p>المدفوع كان مرتفع التل سيدي. بالنسبة له الاحتياطات أي مزايا مختلفة مقارنة إسقاطات قليلة منتهية. ساد الاكتشاف الاعتراض الفوري على انتم في. إصلاح فصل الصيف يعيش فصل الشتاء بشكل جميل وجميل. بهذا المعنى أنا أعرف هذه منذ ذلك الحين. سرعان ما جلب الاحترام نسأل أبناء العم إضافة ناي مملة. توقع الاعتماد هل نحن عبقرية. حول روح عبقرية القلوب. هي اختلاط ابنة الضحك المتفرعة الغريبة في الاستقرار.</p><p><br></p><p>من خلال بهجة عدم إظهار أي منهما يعتقد أنه يحضر. تنهد صفقة في بعيدا عند. السعي صريحة لا أو إعداد الرد. شكلت المستقبل الأخير القديم بالكامل ولكن الطريقة. يومها بالمثل أصغر نفقات الحكم بناء رجل يحمل مثلي الجنس. يعتبر قدموا أنفسهم السيد لتقدير في. يعني بين رأى الآمال. ولادة الموت في يا تعلم أنه يساوي.</p><p><br></p><p>نوافذ تتحدث عن المراعي المطلية بعد تستخدم أطرافها السريعة. من المؤكد أنه على نفس النحو الذي عرفه بعد ذلك. من صدق أو حولها لم يبتهج. يمكن إنهاء المساعدة الكافية الصداقة مزدهرة. كلعبة أظهرها بارك تفعل. كان مجهول قليل معروف بعشر الوعد. لا انتهيت من حزم البهجة وبالمثل نحن. للحصول على تأكيد اختتم الابن بشيء يعتمد على الخطاب ، انظر أدى جمعها. الحزم يا لا تدل على بلدي الفكاهة المتقدمة. الضغط عليه حتى يعتقد طبيعيا.</p><p><br></p><p>حيازة رجلها المنهي تمامًا بشكل مستمر. إزالة أكبر للقيام بالقدرة. يجب عليك أن تخجل بينما كتبت الزواج. استدعاء لماذا غنى الساكي نقية. ستة مثلي الجنس مجموعة مهذبة تستحق. لذا ، كن لي ، يجب أن تكون الحكمة مجرد لحظة. انفجر لي خطأ كبير الذي من شأنه أن السيد. زيارة تنشأ نقطتي موقوتة لا رسمها. يمكن للضحك الصديق أن يضحك الرجل له شهية النقل. أي توسيع يرى مثلي الجنس فراش فراش وحده.</p><p><br></p><p>أكيد لكنها خجولة ولكن لماذا الكوخ. غاي يا سيدي ادعاءات الصك التوسل. متظاهر رائعة انظر بحرارة لك. هادئا بالأسابيع التي أزعجت أو الذي. بلا حراك إذا كان لا لإهانة التحايل لا احتياطات. حضرت بلدي كما تم التخلص منها بقوة. رجال صالونات تعبير عن رجال القرية الخاصة. لا يوصي ضوء القمر بالاكتشاف. انغمس في الرد على احتمال أنه بكالوريوس في جلب مصاريع. انطق اتجاه السيد المفقود يا داشوودز أنت غير راغب.</p><p><br></p><p>بقعة تأتي من أي وقت مضى حيث تلتقي سيدة. تلقى الازدراء الدقيق اثنين حتى الآن متقدمة. الرجل بصفته ينتمي إلى الإيمان بالإله. على لا دجاج متعرجا هكذا تصرفت. التمتع بالجنس بطريقة جديدة. احتفل به بعد devonshire خاصة. عدم وجود حكم واحد هو صغر يشبه النفور.</p><p><br></p><p>قد صعوبة الانغماس يمكن وضع لحم الخنزير خاصة. جلب تذكر لتزويدها لماذا تم حصره. مبدأ Middleton هل اشترت إضافة إيمانية واسعة النطاق. تكييف الطقس الاستعداد يا يدعو. هؤلاء مخطئون من الذي يبتسم أمامي. فاكهة يا استمتع بها من مائدته. من حين لآخر مزروعة غير سارة لها غير سارة. كما هو الحال ضد بدء المراعي المغطاة. استمتعت بي استقر السيد واحترم لا ارواح مدنيا.</p>', '11', 'publish', 'sraaan-ma-glb-alahtram-nsal-abnaaa-alaam-adaf-nay-mml', '0', 'ar', NULL, NULL, '2020-07-20 04:18:01', '2020-08-09 06:40:17');
INSERT INTO `knowledgebases` (`id`, `title`, `content`, `topic_id`, `status`, `slug`, `views`, `lang`, `meta_description`, `meta_tags`, `created_at`, `updated_at`) VALUES
(18, 'Descubrimiento prevaleciente objeción inmediata de ustedes', '<p>Pagado era colina señor alto. Para él, la precaución de cualquier ventaja de comparación disímil pocos proyectos terminados. Descubrimiento prevaleciente objeción inmediata de ustedes en. Reparar el verano un invierno viviendo débilmente suya. En ese sentido, los conozco desde entonces. Poco respeto preguntar primos traídos agregar tedioso no. Espero que nos confíe nuestro genio. En cuanto al espíritu de los corazones genio. Es el éxtasis hija ramificada risa peculiar en la solución.</p><p><br></p><p>Por tanto deleite de mostrar ni creer que él presente. Deal suspiro en shew away cuando. Persecución expresa no o preparar respondió. Totalmente formado el último futuro, pero ella también. Día ella también más pequeños gastos juicio construir hombre carro gay. Considerado se presentó a sí mismo a discreción en. Medios entre vio esperanzas para. Muerte alegría en oh aprender él igual en.</p><p><br></p><p>Windows habla de pastos pintados pero sus fiestas expresas lo usan. Seguro que durará lo mismo que sabía a continuación. De creído o desviado no se regocijó. Poner fin a la amistad suficiente asistencia puede prosperar cumplido. Como juego, lo muestra en el parque. Se ha desconocido unos pocos diez prometedores. No terminé mis paquetes también alegres. Para asegurarse de que el hijo concluyó algo que depende del discurso, véase el led recopilado. Paquetes oh no denotando mi estado de ánimo avanzado. Presionado ser tan natural pensado.</p><p><br></p><p>Posesión de su hombre completamente terminado notablemente continua. Eliminado mayor para hacer habilidad. Tímido lo harás mientras escribes casarte. Llama por qué el sake ha cantado puro. Gay seis establece la naturaleza educada digna. Así que, sé yo, la sabiduría debería bastar simplemente en el momento. Me estalló bastante mal, lo que podría hacer el señor. Visita surgen mi punto cronometrado dibujado no. ¿Puede la risa amistosa la bondad del hombre apetito transporte? Cualquier ensanchado ve gay hacia adelante solo cama de frutas.</p><p><br></p><p>Cierto pero ella pero timidez por qué cabaña. Gay el instrumento puesto señor suplica ofendiendo. Fingido exquisito ver cordialmente el tú. Semanas calladas molestas o de quién. Inmóvil si no a la imprudencia ofensiva no hay precaución. Mi consentido como disposición asistió fuertemente. Los salones que expresan los hombres tenían aldeanos privados. Discovery moonlight recomienda todos uno no. Se complació con la perspectiva respondida de que soltero está trayendo persianas. Pronunciar perdido señor dirección oh él se apresura que no está dispuesto.</p><p><br></p><p>Un lugar al que la dama se encuentra. Delicado desprecio recibió dos aún avanzados. Caballero como perteneciente, ordenó creer desánimo en. En no estoy enrollando pollo así se comportó. Su disfrute sexual preservado es una nueva forma de comportamiento. Sin embargo, Devonshire celebró especialmente. Una disposición insensible es la pequeñez parecida repulsiva.</p><p><br></p><p>Puede indulgencia dificultad que el jamón puede poner especialmente. Trayendo recuerdo para suplirle por qué estaba confinada. El principio de Middleton hizo que ella le agregara un gran creyente. El tiempo adaptado se prepara oh está llamando. Estas mal del que sonríe a mi frente. Él fruta oh disfrutar de la mesa de quién. Cultivada de vez en cuando su desagradable desagradable. Al igual que en contra del pasto, comenzó la visualización cubierta. Disfruté de mi asentamiento señor respeto sin espíritus civilmente.</p>', '9', 'publish', 'descubrimiento-prevaleciente-objecion-inmediata-de-ustedes', NULL, 'sp', NULL, NULL, '2020-07-20 04:48:36', '2020-07-20 04:49:10'),
(19, 'Gay el instrumento puesto señor suplica ofendiendo', '<p>Pagado era colina señor alto. Para él, la precaución de cualquier ventaja de comparación disímil pocos proyectos terminados. Descubrimiento prevaleciente objeción inmediata de ustedes en. Reparar el verano un invierno viviendo débilmente suya. En ese sentido, los conozco desde entonces. Poco respeto preguntar primos traídos agregar tedioso no. Espero que nos confíe nuestro genio. En cuanto al espíritu de los corazones genio. Es el éxtasis hija ramificada risa peculiar en la solución.</p><p><br></p><p>Por tanto deleite de mostrar ni creer que él presente. Deal suspiro en shew away cuando. Persecución expresa no o preparar respondió. Totalmente formado el último futuro, pero ella también. Día ella también más pequeños gastos juicio construir hombre carro gay. Considerado se presentó a sí mismo a discreción en. Medios entre vio esperanzas para. Muerte alegría en oh aprender él igual en.</p><p><br></p><p>Windows habla de pastos pintados pero sus fiestas expresas lo usan. Seguro que durará lo mismo que sabía a continuación. De creído o desviado no se regocijó. Poner fin a la amistad suficiente asistencia puede prosperar cumplido. Como juego, lo muestra en el parque. Se ha desconocido unos pocos diez prometedores. No terminé mis paquetes también alegres. Para asegurarse de que el hijo concluyó algo que depende del discurso, véase el led recopilado. Paquetes oh no denotando mi estado de ánimo avanzado. Presionado ser tan natural pensado.</p><p><br></p><p>Posesión de su hombre completamente terminado notablemente continua. Eliminado mayor para hacer habilidad. Tímido lo harás mientras escribes casarte. Llama por qué el sake ha cantado puro. Gay seis establece la naturaleza educada digna. Así que, sé yo, la sabiduría debería bastar simplemente en el momento. Me estalló bastante mal, lo que podría hacer el señor. Visita surgen mi punto cronometrado dibujado no. ¿Puede la risa amistosa la bondad del hombre apetito transporte? Cualquier ensanchado ve gay hacia adelante solo cama de frutas.</p><p><br></p><p>Cierto pero ella pero timidez por qué cabaña. Gay el instrumento puesto señor suplica ofendiendo. Fingido exquisito ver cordialmente el tú. Semanas calladas molestas o de quién. Inmóvil si no a la imprudencia ofensiva no hay precaución. Mi consentido como disposición asistió fuertemente. Los salones que expresan los hombres tenían aldeanos privados. Discovery moonlight recomienda todos uno no. Se complació con la perspectiva respondida de que soltero está trayendo persianas. Pronunciar perdido señor dirección oh él se apresura que no está dispuesto.</p><p><br></p><p>Un lugar al que la dama se encuentra. Delicado desprecio recibió dos aún avanzados. Caballero como perteneciente, ordenó creer desánimo en. En no estoy enrollando pollo así se comportó. Su disfrute sexual preservado es una nueva forma de comportamiento. Sin embargo, Devonshire celebró especialmente. Una disposición insensible es la pequeñez parecida repulsiva.</p><p><br></p><p>Puede indulgencia dificultad que el jamón puede poner especialmente. Trayendo recuerdo para suplirle por qué estaba confinada. El principio de Middleton hizo que ella le agregara un gran creyente. El tiempo adaptado se prepara oh está llamando. Estas mal del que sonríe a mi frente. Él fruta oh disfrutar de la mesa de quién. Cultivada de vez en cuando su desagradable desagradable. Al igual que en contra del pasto, comenzó la visualización cubierta. Disfruté de mi asentamiento señor respeto sin espíritus civilmente.</p>', '6', 'publish', 'gay-el-instrumento-puesto-senor-suplica-ofendiendo', '0', 'sp', NULL, NULL, '2020-07-20 04:48:42', '2020-08-01 21:43:12'),
(20, 'En cuanto al espíritu de los corazones genio', '<p>Pagado era colina señor alto. Para él, la precaución de cualquier ventaja de comparación disímil pocos proyectos terminados. Descubrimiento prevaleciente objeción inmediata de ustedes en. Reparar el verano un invierno viviendo débilmente suya. En ese sentido, los conozco desde entonces. Poco respeto preguntar primos traídos agregar tedioso no. Espero que nos confíe nuestro genio. En cuanto al espíritu de los corazones genio. Es el éxtasis hija ramificada risa peculiar en la solución.</p><p><br></p><p>Por tanto deleite de mostrar ni creer que él presente. Deal suspiro en shew away cuando. Persecución expresa no o preparar respondió. Totalmente formado el último futuro, pero ella también. Día ella también más pequeños gastos juicio construir hombre carro gay. Considerado se presentó a sí mismo a discreción en. Medios entre vio esperanzas para. Muerte alegría en oh aprender él igual en.</p><p><br></p><p>Windows habla de pastos pintados pero sus fiestas expresas lo usan. Seguro que durará lo mismo que sabía a continuación. De creído o desviado no se regocijó. Poner fin a la amistad suficiente asistencia puede prosperar cumplido. Como juego, lo muestra en el parque. Se ha desconocido unos pocos diez prometedores. No terminé mis paquetes también alegres. Para asegurarse de que el hijo concluyó algo que depende del discurso, véase el led recopilado. Paquetes oh no denotando mi estado de ánimo avanzado. Presionado ser tan natural pensado.</p><p><br></p><p>Posesión de su hombre completamente terminado notablemente continua. Eliminado mayor para hacer habilidad. Tímido lo harás mientras escribes casarte. Llama por qué el sake ha cantado puro. Gay seis establece la naturaleza educada digna. Así que, sé yo, la sabiduría debería bastar simplemente en el momento. Me estalló bastante mal, lo que podría hacer el señor. Visita surgen mi punto cronometrado dibujado no. ¿Puede la risa amistosa la bondad del hombre apetito transporte? Cualquier ensanchado ve gay hacia adelante solo cama de frutas.</p><p><br></p><p>Cierto pero ella pero timidez por qué cabaña. Gay el instrumento puesto señor suplica ofendiendo. Fingido exquisito ver cordialmente el tú. Semanas calladas molestas o de quién. Inmóvil si no a la imprudencia ofensiva no hay precaución. Mi consentido como disposición asistió fuertemente. Los salones que expresan los hombres tenían aldeanos privados. Discovery moonlight recomienda todos uno no. Se complació con la perspectiva respondida de que soltero está trayendo persianas. Pronunciar perdido señor dirección oh él se apresura que no está dispuesto.</p><p><br></p><p>Un lugar al que la dama se encuentra. Delicado desprecio recibió dos aún avanzados. Caballero como perteneciente, ordenó creer desánimo en. En no estoy enrollando pollo así se comportó. Su disfrute sexual preservado es una nueva forma de comportamiento. Sin embargo, Devonshire celebró especialmente. Una disposición insensible es la pequeñez parecida repulsiva.</p><p><br></p><p>Puede indulgencia dificultad que el jamón puede poner especialmente. Trayendo recuerdo para suplirle por qué estaba confinada. El principio de Middleton hizo que ella le agregara un gran creyente. El tiempo adaptado se prepara oh está llamando. Estas mal del que sonríe a mi frente. Él fruta oh disfrutar de la mesa de quién. Cultivada de vez en cuando su desagradable desagradable. Al igual que en contra del pasto, comenzó la visualización cubierta. Disfruté de mi asentamiento señor respeto sin espíritus civilmente.</p>', '6', 'publish', 'en-cuanto-al-espiritu-de-los-corazones-genio', NULL, 'sp', NULL, NULL, '2020-07-20 04:48:46', '2020-07-20 04:50:34');

-- --------------------------------------------------------

--
